{"id":1254,"date":"2024-01-24T20:47:21","date_gmt":"2024-01-24T20:47:21","guid":{"rendered":"https:\/\/ttemsa.com\/industria\/index.php\/rodillos-de-transferencia-de-temperatura-webexp-copy\/"},"modified":"2024-09-05T23:08:24","modified_gmt":"2024-09-05T23:08:24","slug":"rodillos-de-vacio","status":"publish","type":"page","link":"https:\/\/ttemsa.com\/industria\/index.php\/webex\/rodillos-de-vacio\/","title":{"rendered":"Rodillos de Vac\u00edo WEBEX"},"content":{"rendered":"<div class=\"wp-block-image\">\n<figure class=\"aligncenter size-full\"><img loading=\"lazy\" decoding=\"async\" width=\"272\" height=\"60\" src=\"https:\/\/ttemsa.com\/industria\/wp-content\/uploads\/2023\/12\/header_logo.png\" alt=\"\" class=\"wp-image-391\"\/><\/figure>\n<\/div>\n\n<div class=\"wp-block-image\">\n<figure class=\"aligncenter size-full is-resized\"><img loading=\"lazy\" decoding=\"async\" width=\"1094\" height=\"514\" src=\"https:\/\/ttemsa.com\/industria\/wp-content\/uploads\/2023\/12\/rodillos-de-vacio-1.jpg\" alt=\"\" class=\"wp-image-410\" style=\"width:958px;height:auto\" srcset=\"https:\/\/ttemsa.com\/industria\/wp-content\/uploads\/2023\/12\/rodillos-de-vacio-1.jpg 1094w, https:\/\/ttemsa.com\/industria\/wp-content\/uploads\/2023\/12\/rodillos-de-vacio-1-300x141.jpg 300w, https:\/\/ttemsa.com\/industria\/wp-content\/uploads\/2023\/12\/rodillos-de-vacio-1-1024x481.jpg 1024w, https:\/\/ttemsa.com\/industria\/wp-content\/uploads\/2023\/12\/rodillos-de-vacio-1-768x361.jpg 768w\" sizes=\"auto, (max-width: 1094px) 100vw, 1094px\" \/><figcaption class=\"wp-element-caption\"><strong><strong><em>Rodillo Vac\u00edo Webex est\u00e1 dise\u00f1ado exclusiva\u00admente para su aplicaci\u00f3n.<\/em><\/strong><\/strong><\/figcaption><\/figure>\n<\/div>\n\n\n<h2 class=\"wp-block-heading\">Webex se ha caracterizado como un proveedor premium en la industria de la conversi\u00f3n.<\/h2>\n\n\n<div class=\"wp-block-image\">\n<figure class=\"aligncenter size-full\"><img loading=\"lazy\" decoding=\"async\" width=\"591\" height=\"358\" src=\"https:\/\/ttemsa.com\/industria\/wp-content\/uploads\/2023\/12\/SeamlessVacuumRolls.png\" alt=\"\" class=\"wp-image-411\" srcset=\"https:\/\/ttemsa.com\/industria\/wp-content\/uploads\/2023\/12\/SeamlessVacuumRolls.png 591w, https:\/\/ttemsa.com\/industria\/wp-content\/uploads\/2023\/12\/SeamlessVacuumRolls-300x182.png 300w\" sizes=\"auto, (max-width: 591px) 100vw, 591px\" \/><\/figure>\n<\/div>\n\n\n<p><\/p>\n\n\n\n<ul class=\"wp-block-list\">\n<li>Zonas de vac\u00edo para diversos \u00e1ngulos de envoltura<\/li>\n\n\n\n<li>Zona de vacio de ancho variable se adapta a diferentes anchos de banda<\/li>\n\n\n\n<li>Disponible variedad de tratamientos, coberturas y mallas<\/li>\n\n\n\n<li>Pantallas de protecci\u00f3n proporcionan un agarre consistente a trav\u00e9s de toda la anchura, y una protecci\u00f3n adicional para los materiales sensibles<\/li>\n\n\n\n<li>Pantallas de n\u00edquel sin fisuras ultra finas para los materiales recubiertos m\u00e1s delicados<\/li>\n\n\n\n<li>Disponibles en dise\u00f1os de Cuarto limpio y en Cantiliver<\/li>\n<\/ul>\n\n\n<div class=\"wp-block-image\">\n<figure class=\"aligncenter size-large\"><img decoding=\"async\" src=\"https:\/\/ttemsa.com\/industria\/images\/home\/WebexVacuumRoll.jpg\" alt=\"\"\/><\/figure>\n<\/div>\n\n\n<p>Los rodillos de vac\u00edo Webex proporcionan una soluci\u00f3n ideal para aplicaciones en las que los rodillos de presi\u00f3n o contacto con ambos lados de la banda no es posible o deseado.<\/p>\n\n\n\n<p>Son tambi\u00e9n un excelente aislamiento de tensi\u00f3n y salida de hornos de flotaci\u00f3n&nbsp;donde la banda se recubre por ambos lados.<\/p>\n\n\n\n<p>Una cara de la banda est\u00e1 en contacto con el rodillo. Los rodillos de vac\u00edo aumentan la fuerza de fricci\u00f3n y ayudan a prevenir el desplazamiento de la banda.<\/p>\n\n\n\n<p>Los Rodillos de vac\u00edo se han probado en las aplicaciones m\u00e1s cr\u00edticas, tales como la producci\u00f3n de bandas ultrafinas, papeles sensibles a la presi\u00f3n, productos decorativos, cintas adhesivas y pel\u00edculas \u00f3pticas para las industrias aeroespacial, biom\u00e9dica y farmac\u00e9utica.<\/p>\n\n\n\n<p>Dise\u00f1os sin costuras incorporan una pantalla suave, ultra-fina, transparente de n\u00edquel que proporciona un agarre consistente a trav\u00e9s de toda la banda, sin da\u00f1ar incluso los materiales recubiertos m\u00e1s delicados.<\/p>\n\n\n\n<p><strong>Opciones:<\/strong><\/p>\n\n\n\n<p>&#8211; Zonas de vac\u00edo seleccionables (para diversos \u00e1ngulos de envoltura).<\/p>\n\n\n\n<p>&#8211; Coberuras de compuestos de polymero Pantallas sin costuras y de fieltro (para bandas delicadas).<\/p>\n\n\n\n<p>&#8211; Pantallas de malla de acero inoxidable.<\/p>\n\n\n\n<p>&#8211; Dise\u00f1os rodillo de vac\u00edo en voladizo.<\/p>\n\n\n\n<p>&#8211; Dise\u00f1os de Cuarto limpio.<\/p>\n\n\n\n<p>&#8211; Conexiones de suministro de vac\u00edo personalizados.<\/p>\n\n\n\n<p>&#8211; Zona de Ancho Variable &#8211; mejora la eficiencia del vacio a la vez que una operacion silenciosa.<\/p>\n\n\n\n<p class=\"has-text-align-center\"><strong>Ver cat\u00e1logo PDF<\/strong><\/p>\n\n\n<div class=\"wp-block-image\">\n<figure class=\"aligncenter size-full is-resized\"><a href=\"https:\/\/www.maxcessintl.com\/wp-content\/uploads\/2021\/04\/Webex_VacuumRolls.pdf\" target=\"_blank\" rel=\"noreferrer noopener\"><img loading=\"lazy\" decoding=\"async\" width=\"567\" height=\"361\" src=\"https:\/\/ttemsa.com\/industria\/wp-content\/uploads\/2023\/12\/Rodillos_de_Precision_pdf.jpg\" alt=\"\" class=\"wp-image-385\" style=\"width:323px;height:auto\" srcset=\"https:\/\/ttemsa.com\/industria\/wp-content\/uploads\/2023\/12\/Rodillos_de_Precision_pdf.jpg 567w, https:\/\/ttemsa.com\/industria\/wp-content\/uploads\/2023\/12\/Rodillos_de_Precision_pdf-300x191.jpg 300w\" sizes=\"auto, (max-width: 567px) 100vw, 567px\" \/><\/a><\/figure>\n<\/div>","protected":false},"excerpt":{"rendered":"<p>Webex se ha caracterizado como un proveedor premium en la industria de la conversi\u00f3n. Los rodillos de vac\u00edo Webex proporcionan una soluci\u00f3n ideal para aplicaciones en las que los rodillos de presi\u00f3n o contacto con ambos lados de la banda no es posible o deseado. Son tambi\u00e9n un excelente aislamiento de tensi\u00f3n y salida de [&hellip;]<\/p>\n","protected":false},"author":1,"featured_media":0,"parent":16,"menu_order":0,"comment_status":"closed","ping_status":"closed","template":"","meta":{"content-type":"","footnotes":""},"categories":[14],"tags":[],"class_list":["post-1254","page","type-page","status-publish","hentry","category-webexcategor"],"yoast_head":"<!-- This site is optimized with the Yoast SEO plugin v26.6 - https:\/\/yoast.com\/wordpress\/plugins\/seo\/ -->\n<title>Rodillos de Vac\u00edo WEBEX - industria-de-la-conversion.ttemsa<\/title>\n<meta name=\"description\" content=\"Zonas de vac\u00edo para diversos \u00e1ngulos de envolturaZona de vacio de ancho variable se adapta a diferentes anchos de bandaDisponible variedad de tratamientos, coberturas y mallasPantallas de protecci\u00f3n proporcionan un agarre consistente a trav\u00e9s de toda la anchura, y una protecci\u00f3n adicional para los materiales sensiblesPantallas de n\u00edquel sin fisuras ultra finas para los materiales recubiertos m\u00e1s delicados\" \/>\n<meta name=\"robots\" content=\"index, follow, max-snippet:-1, max-image-preview:large, max-video-preview:-1\" \/>\n<link rel=\"canonical\" href=\"https:\/\/ttemsa.com\/industria\/index.php\/webex\/rodillos-de-vacio\/\" \/>\n<meta property=\"og:locale\" content=\"es_MX\" \/>\n<meta property=\"og:type\" content=\"article\" \/>\n<meta property=\"og:title\" content=\"Rodillos Transferencia de Temperatura (Incluyendo Chill Roll)\" \/>\n<meta property=\"og:description\" content=\"Webex ha recopilado una amplia gama de opciones de dise\u00f1o para fabricar Rodillos de Transferencia de Tem\u00adperatura m\u00e1s eficiente.\" \/>\n<meta property=\"og:url\" content=\"https:\/\/ttemsa.com\/industria\/index.php\/webex\/rodillos-de-vacio\/\" \/>\n<meta property=\"og:site_name\" content=\"industria-de-la-conversion.ttemsa\" \/>\n<meta property=\"article:modified_time\" content=\"2024-09-05T23:08:24+00:00\" \/>\n<meta property=\"og:image\" content=\"https:\/\/ttemsa.com\/industria\/wp-content\/uploads\/2023\/12\/rodillos-transferencia-temperatura.jpg\" \/>\n\t<meta property=\"og:image:width\" content=\"690\" \/>\n\t<meta property=\"og:image:height\" content=\"323\" \/>\n\t<meta property=\"og:image:type\" content=\"image\/jpeg\" \/>\n<meta name=\"twitter:card\" content=\"summary_large_image\" \/>\n<meta name=\"twitter:title\" content=\"Rodillos Transferencia de Temperatura (Incluyendo Chill Roll)\" \/>\n<meta name=\"twitter:description\" content=\"Webex ha recopilado una amplia gama de opciones de dise\u00f1o para fabricar Rodillos de Transferencia de Tem\u00adperatura m\u00e1s eficiente.\" \/>\n<meta name=\"twitter:image\" content=\"https:\/\/ttemsa.com\/industria\/wp-content\/uploads\/2023\/12\/rodillos-transferencia-temperatura.jpg\" \/>\n<meta name=\"twitter:label1\" content=\"Tiempo de lectura\" \/>\n\t<meta name=\"twitter:data1\" content=\"2 minutos\" \/>\n<script type=\"application\/ld+json\" class=\"yoast-schema-graph\">{\"@context\":\"https:\/\/schema.org\",\"@graph\":[{\"@type\":\"WebPage\",\"@id\":\"https:\/\/ttemsa.com\/industria\/index.php\/webex\/rodillos-de-vacio\/\",\"url\":\"https:\/\/ttemsa.com\/industria\/index.php\/webex\/rodillos-de-vacio\/\",\"name\":\"Rodillos de Vac\u00edo WEBEX - industria-de-la-conversion.ttemsa\",\"isPartOf\":{\"@id\":\"https:\/\/ttemsa.com\/industria\/#website\"},\"primaryImageOfPage\":{\"@id\":\"https:\/\/ttemsa.com\/industria\/index.php\/webex\/rodillos-de-vacio\/#primaryimage\"},\"image\":{\"@id\":\"https:\/\/ttemsa.com\/industria\/index.php\/webex\/rodillos-de-vacio\/#primaryimage\"},\"thumbnailUrl\":\"https:\/\/ttemsa.com\/industria\/wp-content\/uploads\/2023\/12\/header_logo.png\",\"datePublished\":\"2024-01-24T20:47:21+00:00\",\"dateModified\":\"2024-09-05T23:08:24+00:00\",\"description\":\"Zonas de vac\u00edo para diversos \u00e1ngulos de envolturaZona de vacio de ancho variable se adapta a diferentes anchos de bandaDisponible variedad de tratamientos, coberturas y mallasPantallas de protecci\u00f3n proporcionan un agarre consistente a trav\u00e9s de toda la anchura, y una protecci\u00f3n adicional para los materiales sensiblesPantallas de n\u00edquel sin fisuras ultra finas para los materiales recubiertos m\u00e1s delicados\",\"breadcrumb\":{\"@id\":\"https:\/\/ttemsa.com\/industria\/index.php\/webex\/rodillos-de-vacio\/#breadcrumb\"},\"inLanguage\":\"es\",\"potentialAction\":[{\"@type\":\"ReadAction\",\"target\":[\"https:\/\/ttemsa.com\/industria\/index.php\/webex\/rodillos-de-vacio\/\"]}]},{\"@type\":\"ImageObject\",\"inLanguage\":\"es\",\"@id\":\"https:\/\/ttemsa.com\/industria\/index.php\/webex\/rodillos-de-vacio\/#primaryimage\",\"url\":\"https:\/\/ttemsa.com\/industria\/wp-content\/uploads\/2023\/12\/header_logo.png\",\"contentUrl\":\"https:\/\/ttemsa.com\/industria\/wp-content\/uploads\/2023\/12\/header_logo.png\"},{\"@type\":\"BreadcrumbList\",\"@id\":\"https:\/\/ttemsa.com\/industria\/index.php\/webex\/rodillos-de-vacio\/#breadcrumb\",\"itemListElement\":[{\"@type\":\"ListItem\",\"position\":1,\"name\":\"Inicio\",\"item\":\"https:\/\/ttemsa.com\/industria\/\"},{\"@type\":\"ListItem\",\"position\":2,\"name\":\"Webex\",\"item\":\"https:\/\/ttemsa.com\/industria\/index.php\/webex\/\"},{\"@type\":\"ListItem\",\"position\":3,\"name\":\"Rodillos de Vac\u00edo WEBEX\"}]},{\"@type\":\"WebSite\",\"@id\":\"https:\/\/ttemsa.com\/industria\/#website\",\"url\":\"https:\/\/ttemsa.com\/industria\/\",\"name\":\"industria-de-la-conversion.ttemsa\",\"description\":\"Designed Dianalacazadora.com\",\"alternateName\":\"ttemsa l\u00edderes en la industria de la conversi\u00f3n\",\"potentialAction\":[{\"@type\":\"SearchAction\",\"target\":{\"@type\":\"EntryPoint\",\"urlTemplate\":\"https:\/\/ttemsa.com\/industria\/?s={search_term_string}\"},\"query-input\":{\"@type\":\"PropertyValueSpecification\",\"valueRequired\":true,\"valueName\":\"search_term_string\"}}],\"inLanguage\":\"es\"}]}<\/script>\n<!-- \/ Yoast SEO plugin. -->","yoast_head_json":{"title":"Rodillos de Vac\u00edo WEBEX - industria-de-la-conversion.ttemsa","description":"Zonas de vac\u00edo para diversos \u00e1ngulos de envolturaZona de vacio de ancho variable se adapta a diferentes anchos de bandaDisponible variedad de tratamientos, coberturas y mallasPantallas de protecci\u00f3n proporcionan un agarre consistente a trav\u00e9s de toda la anchura, y una protecci\u00f3n adicional para los materiales sensiblesPantallas de n\u00edquel sin fisuras ultra finas para los materiales recubiertos m\u00e1s delicados","robots":{"index":"index","follow":"follow","max-snippet":"max-snippet:-1","max-image-preview":"max-image-preview:large","max-video-preview":"max-video-preview:-1"},"canonical":"https:\/\/ttemsa.com\/industria\/index.php\/webex\/rodillos-de-vacio\/","og_locale":"es_MX","og_type":"article","og_title":"Rodillos Transferencia de Temperatura (Incluyendo Chill Roll)","og_description":"Webex ha recopilado una amplia gama de opciones de dise\u00f1o para fabricar Rodillos de Transferencia de Tem\u00adperatura m\u00e1s eficiente.","og_url":"https:\/\/ttemsa.com\/industria\/index.php\/webex\/rodillos-de-vacio\/","og_site_name":"industria-de-la-conversion.ttemsa","article_modified_time":"2024-09-05T23:08:24+00:00","og_image":[{"width":690,"height":323,"url":"https:\/\/ttemsa.com\/industria\/wp-content\/uploads\/2023\/12\/rodillos-transferencia-temperatura.jpg","type":"image\/jpeg"}],"twitter_card":"summary_large_image","twitter_title":"Rodillos Transferencia de Temperatura (Incluyendo Chill Roll)","twitter_description":"Webex ha recopilado una amplia gama de opciones de dise\u00f1o para fabricar Rodillos de Transferencia de Tem\u00adperatura m\u00e1s eficiente.","twitter_image":"https:\/\/ttemsa.com\/industria\/wp-content\/uploads\/2023\/12\/rodillos-transferencia-temperatura.jpg","twitter_misc":{"Tiempo de lectura":"2 minutos"},"schema":{"@context":"https:\/\/schema.org","@graph":[{"@type":"WebPage","@id":"https:\/\/ttemsa.com\/industria\/index.php\/webex\/rodillos-de-vacio\/","url":"https:\/\/ttemsa.com\/industria\/index.php\/webex\/rodillos-de-vacio\/","name":"Rodillos de Vac\u00edo WEBEX - industria-de-la-conversion.ttemsa","isPartOf":{"@id":"https:\/\/ttemsa.com\/industria\/#website"},"primaryImageOfPage":{"@id":"https:\/\/ttemsa.com\/industria\/index.php\/webex\/rodillos-de-vacio\/#primaryimage"},"image":{"@id":"https:\/\/ttemsa.com\/industria\/index.php\/webex\/rodillos-de-vacio\/#primaryimage"},"thumbnailUrl":"https:\/\/ttemsa.com\/industria\/wp-content\/uploads\/2023\/12\/header_logo.png","datePublished":"2024-01-24T20:47:21+00:00","dateModified":"2024-09-05T23:08:24+00:00","description":"Zonas de vac\u00edo para diversos \u00e1ngulos de envolturaZona de vacio de ancho variable se adapta a diferentes anchos de bandaDisponible variedad de tratamientos, coberturas y mallasPantallas de protecci\u00f3n proporcionan un agarre consistente a trav\u00e9s de toda la anchura, y una protecci\u00f3n adicional para los materiales sensiblesPantallas de n\u00edquel sin fisuras ultra finas para los materiales recubiertos m\u00e1s delicados","breadcrumb":{"@id":"https:\/\/ttemsa.com\/industria\/index.php\/webex\/rodillos-de-vacio\/#breadcrumb"},"inLanguage":"es","potentialAction":[{"@type":"ReadAction","target":["https:\/\/ttemsa.com\/industria\/index.php\/webex\/rodillos-de-vacio\/"]}]},{"@type":"ImageObject","inLanguage":"es","@id":"https:\/\/ttemsa.com\/industria\/index.php\/webex\/rodillos-de-vacio\/#primaryimage","url":"https:\/\/ttemsa.com\/industria\/wp-content\/uploads\/2023\/12\/header_logo.png","contentUrl":"https:\/\/ttemsa.com\/industria\/wp-content\/uploads\/2023\/12\/header_logo.png"},{"@type":"BreadcrumbList","@id":"https:\/\/ttemsa.com\/industria\/index.php\/webex\/rodillos-de-vacio\/#breadcrumb","itemListElement":[{"@type":"ListItem","position":1,"name":"Inicio","item":"https:\/\/ttemsa.com\/industria\/"},{"@type":"ListItem","position":2,"name":"Webex","item":"https:\/\/ttemsa.com\/industria\/index.php\/webex\/"},{"@type":"ListItem","position":3,"name":"Rodillos de Vac\u00edo WEBEX"}]},{"@type":"WebSite","@id":"https:\/\/ttemsa.com\/industria\/#website","url":"https:\/\/ttemsa.com\/industria\/","name":"industria-de-la-conversion.ttemsa","description":"Designed Dianalacazadora.com","alternateName":"ttemsa l\u00edderes en la industria de la conversi\u00f3n","potentialAction":[{"@type":"SearchAction","target":{"@type":"EntryPoint","urlTemplate":"https:\/\/ttemsa.com\/industria\/?s={search_term_string}"},"query-input":{"@type":"PropertyValueSpecification","valueRequired":true,"valueName":"search_term_string"}}],"inLanguage":"es"}]}},"_links":{"self":[{"href":"https:\/\/ttemsa.com\/industria\/index.php\/wp-json\/wp\/v2\/pages\/1254","targetHints":{"allow":["GET"]}}],"collection":[{"href":"https:\/\/ttemsa.com\/industria\/index.php\/wp-json\/wp\/v2\/pages"}],"about":[{"href":"https:\/\/ttemsa.com\/industria\/index.php\/wp-json\/wp\/v2\/types\/page"}],"author":[{"embeddable":true,"href":"https:\/\/ttemsa.com\/industria\/index.php\/wp-json\/wp\/v2\/users\/1"}],"replies":[{"embeddable":true,"href":"https:\/\/ttemsa.com\/industria\/index.php\/wp-json\/wp\/v2\/comments?post=1254"}],"version-history":[{"count":1,"href":"https:\/\/ttemsa.com\/industria\/index.php\/wp-json\/wp\/v2\/pages\/1254\/revisions"}],"predecessor-version":[{"id":1256,"href":"https:\/\/ttemsa.com\/industria\/index.php\/wp-json\/wp\/v2\/pages\/1254\/revisions\/1256"}],"up":[{"embeddable":true,"href":"https:\/\/ttemsa.com\/industria\/index.php\/wp-json\/wp\/v2\/pages\/16"}],"wp:attachment":[{"href":"https:\/\/ttemsa.com\/industria\/index.php\/wp-json\/wp\/v2\/media?parent=1254"}],"wp:term":[{"taxonomy":"category","embeddable":true,"href":"https:\/\/ttemsa.com\/industria\/index.php\/wp-json\/wp\/v2\/categories?post=1254"},{"taxonomy":"post_tag","embeddable":true,"href":"https:\/\/ttemsa.com\/industria\/index.php\/wp-json\/wp\/v2\/tags?post=1254"}],"curies":[{"name":"wp","href":"https:\/\/api.w.org\/{rel}","templated":true}]}}