{"id":1545,"date":"2024-03-01T19:53:23","date_gmt":"2024-03-01T19:53:23","guid":{"rendered":"https:\/\/ttemsa.com\/industria\/index.php\/fife\/sistemas-de-alineacion-de-banda-base-de-alineacion-opg-fife-200-copy\/"},"modified":"2024-09-09T14:31:32","modified_gmt":"2024-09-09T14:31:32","slug":"d-max","status":"publish","type":"page","link":"https:\/\/ttemsa.com\/industria\/index.php\/fife-alineacion\/controles-fife-procesadores\/d-max\/","title":{"rendered":"Controlador de gu\u00eda D-MAX-E"},"content":{"rendered":"\n<figure class=\"wp-block-image size-full\"><img loading=\"lazy\" decoding=\"async\" width=\"756\" height=\"383\" src=\"https:\/\/ttemsa.com\/industria\/wp-content\/uploads\/2024\/03\/D-MAXEvc.png\" alt=\"\" class=\"wp-image-2033\" srcset=\"https:\/\/ttemsa.com\/industria\/wp-content\/uploads\/2024\/03\/D-MAXEvc.png 756w, https:\/\/ttemsa.com\/industria\/wp-content\/uploads\/2024\/03\/D-MAXEvc-300x152.png 300w\" sizes=\"auto, (max-width: 756px) 100vw, 756px\" \/><\/figure>\n\n\n\n<p><strong>Controlador de gu\u00eda&nbsp;D-MAX-E con conexi\u00f3n Ethernet para alinear hasta 3 sistemas<\/strong><\/p>\n\n\n\n<figure class=\"wp-block-image size-full is-resized\"><img loading=\"lazy\" decoding=\"async\" width=\"306\" height=\"223\" src=\"https:\/\/ttemsa.com\/industria\/wp-content\/uploads\/2023\/12\/D-MAXEvq.png\" alt=\"\" class=\"wp-image-488\" style=\"width:221px;height:auto\" srcset=\"https:\/\/ttemsa.com\/industria\/wp-content\/uploads\/2023\/12\/D-MAXEvq.png 306w, https:\/\/ttemsa.com\/industria\/wp-content\/uploads\/2023\/12\/D-MAXEvq-300x219.png 300w\" sizes=\"auto, (max-width: 306px) 100vw, 306px\" \/><\/figure>\n\n\n\n<p>Con la capacidad de controlar hasta tres gu\u00edas con una sola unidad, el D-MAX Mejorado es un controlador OEM que se basa en la potencia del D-MAX original, un controlador elogiado en la industria, con el doble de potencia de procesamiento y caracter\u00edsticas como \u201cdoble carril\u201d de potencia, opciones de unidad simple, doble o triple y programaci\u00f3n de m\u00e1quina de estado basada en ISaGRAF.<\/p>\n\n\n\n<p><strong>Especificaciones: D-MAX-E<\/strong><\/p>\n\n\n\n<figure class=\"wp-block-image size-large is-resized\"><img loading=\"lazy\" decoding=\"async\" width=\"1024\" height=\"508\" src=\"https:\/\/ttemsa.com\/industria\/wp-content\/uploads\/2024\/03\/dmax12-1-1024x508.png\" alt=\"\" class=\"wp-image-2034\" style=\"width:840px;height:auto\" srcset=\"https:\/\/ttemsa.com\/industria\/wp-content\/uploads\/2024\/03\/dmax12-1-1024x508.png 1024w, https:\/\/ttemsa.com\/industria\/wp-content\/uploads\/2024\/03\/dmax12-1-300x149.png 300w, https:\/\/ttemsa.com\/industria\/wp-content\/uploads\/2024\/03\/dmax12-1-768x381.png 768w, https:\/\/ttemsa.com\/industria\/wp-content\/uploads\/2024\/03\/dmax12-1.png 1134w\" sizes=\"auto, (max-width: 1024px) 100vw, 1024px\" \/><\/figure>\n\n\n\n<figure class=\"wp-block-image size-full\"><img loading=\"lazy\" decoding=\"async\" width=\"582\" height=\"434\" src=\"https:\/\/ttemsa.com\/industria\/wp-content\/uploads\/2024\/03\/dmax13-1.png\" alt=\"\" class=\"wp-image-2035\" srcset=\"https:\/\/ttemsa.com\/industria\/wp-content\/uploads\/2024\/03\/dmax13-1.png 582w, https:\/\/ttemsa.com\/industria\/wp-content\/uploads\/2024\/03\/dmax13-1-300x224.png 300w\" sizes=\"auto, (max-width: 582px) 100vw, 582px\" \/><\/figure>\n","protected":false},"excerpt":{"rendered":"<p>Controlador de gu\u00eda&nbsp;D-MAX-E con conexi\u00f3n Ethernet para alinear hasta 3 sistemas Con la capacidad de controlar hasta tres gu\u00edas con una sola unidad, el D-MAX Mejorado es un controlador OEM que se basa en la potencia del D-MAX original, un controlador elogiado en la industria, con el doble de potencia de procesamiento y caracter\u00edsticas como [&hellip;]<\/p>\n","protected":false},"author":1,"featured_media":0,"parent":3516,"menu_order":0,"comment_status":"closed","ping_status":"closed","template":"","meta":{"content-type":"","footnotes":""},"categories":[15],"tags":[],"class_list":["post-1545","page","type-page","status-publish","hentry","category-fifecat"],"yoast_head":"<!-- This site is optimized with the Yoast SEO plugin v26.6 - https:\/\/yoast.com\/wordpress\/plugins\/seo\/ -->\n<title>Controlador de gu\u00eda D-MAX-E - industria-de-la-conversion.ttemsa<\/title>\n<meta name=\"description\" content=\"Con la capacidad de controlar hasta tres gu\u00edas con una sola unidad, el D-MAX Mejorado es un controlador OEM que se basa en la potencia del D-MAX original, un controlador elogiado en la industria\" \/>\n<meta name=\"robots\" content=\"index, follow, max-snippet:-1, max-image-preview:large, max-video-preview:-1\" \/>\n<link rel=\"canonical\" href=\"https:\/\/ttemsa.com\/industria\/index.php\/fife-alineacion\/controles-fife-procesadores\/d-max\/\" \/>\n<meta property=\"og:locale\" content=\"es_MX\" \/>\n<meta property=\"og:type\" content=\"article\" \/>\n<meta property=\"og:title\" content=\"Controlador de gu\u00eda D-MAX-E con conexi\u00f3n Ethernet para alinear hasta 3 sistemas\" \/>\n<meta property=\"og:description\" content=\"en ttemsa ofrecemos Soluciones. Solicite + info Tel\u00e9fonos: + 52 (55) 5352-0191 5352-1301 5352-6070 5352-0593\" \/>\n<meta property=\"og:url\" content=\"https:\/\/ttemsa.com\/industria\/index.php\/fife-alineacion\/controles-fife-procesadores\/d-max\/\" \/>\n<meta property=\"og:site_name\" content=\"industria-de-la-conversion.ttemsa\" \/>\n<meta property=\"article:modified_time\" content=\"2024-09-09T14:31:32+00:00\" \/>\n<meta property=\"og:image\" content=\"https:\/\/ttemsa.com\/industria\/wp-content\/uploads\/2024\/03\/D-MAXEvc.png\" \/>\n\t<meta property=\"og:image:width\" content=\"756\" \/>\n\t<meta property=\"og:image:height\" content=\"383\" \/>\n\t<meta property=\"og:image:type\" content=\"image\/png\" \/>\n<meta name=\"twitter:card\" content=\"summary_large_image\" \/>\n<meta name=\"twitter:label1\" content=\"Tiempo de lectura\" \/>\n\t<meta name=\"twitter:data1\" content=\"2 minutos\" \/>\n<script type=\"application\/ld+json\" class=\"yoast-schema-graph\">{\"@context\":\"https:\/\/schema.org\",\"@graph\":[{\"@type\":\"WebPage\",\"@id\":\"https:\/\/ttemsa.com\/industria\/index.php\/fife-alineacion\/controles-fife-procesadores\/d-max\/\",\"url\":\"https:\/\/ttemsa.com\/industria\/index.php\/fife-alineacion\/controles-fife-procesadores\/d-max\/\",\"name\":\"Controlador de gu\u00eda D-MAX-E - industria-de-la-conversion.ttemsa\",\"isPartOf\":{\"@id\":\"https:\/\/ttemsa.com\/industria\/#website\"},\"primaryImageOfPage\":{\"@id\":\"https:\/\/ttemsa.com\/industria\/index.php\/fife-alineacion\/controles-fife-procesadores\/d-max\/#primaryimage\"},\"image\":{\"@id\":\"https:\/\/ttemsa.com\/industria\/index.php\/fife-alineacion\/controles-fife-procesadores\/d-max\/#primaryimage\"},\"thumbnailUrl\":\"https:\/\/ttemsa.com\/industria\/wp-content\/uploads\/2024\/03\/D-MAXEvc.png\",\"datePublished\":\"2024-03-01T19:53:23+00:00\",\"dateModified\":\"2024-09-09T14:31:32+00:00\",\"description\":\"Con la capacidad de controlar hasta tres gu\u00edas con una sola unidad, el D-MAX Mejorado es un controlador OEM que se basa en la potencia del D-MAX original, un controlador elogiado en la industria\",\"breadcrumb\":{\"@id\":\"https:\/\/ttemsa.com\/industria\/index.php\/fife-alineacion\/controles-fife-procesadores\/d-max\/#breadcrumb\"},\"inLanguage\":\"es\",\"potentialAction\":[{\"@type\":\"ReadAction\",\"target\":[\"https:\/\/ttemsa.com\/industria\/index.php\/fife-alineacion\/controles-fife-procesadores\/d-max\/\"]}]},{\"@type\":\"ImageObject\",\"inLanguage\":\"es\",\"@id\":\"https:\/\/ttemsa.com\/industria\/index.php\/fife-alineacion\/controles-fife-procesadores\/d-max\/#primaryimage\",\"url\":\"https:\/\/ttemsa.com\/industria\/wp-content\/uploads\/2024\/03\/D-MAXEvc.png\",\"contentUrl\":\"https:\/\/ttemsa.com\/industria\/wp-content\/uploads\/2024\/03\/D-MAXEvc.png\",\"width\":756,\"height\":383},{\"@type\":\"BreadcrumbList\",\"@id\":\"https:\/\/ttemsa.com\/industria\/index.php\/fife-alineacion\/controles-fife-procesadores\/d-max\/#breadcrumb\",\"itemListElement\":[{\"@type\":\"ListItem\",\"position\":1,\"name\":\"Inicio\",\"item\":\"https:\/\/ttemsa.com\/industria\/\"},{\"@type\":\"ListItem\",\"position\":2,\"name\":\"fife-alineacion FIFE Funciones\",\"item\":\"https:\/\/ttemsa.com\/industria\/index.php\/fife-alineacion\/\"},{\"@type\":\"ListItem\",\"position\":3,\"name\":\"06 Procesadores (Controles)\",\"item\":\"https:\/\/ttemsa.com\/industria\/index.php\/fife-alineacion\/controles-fife-procesadores\/\"},{\"@type\":\"ListItem\",\"position\":4,\"name\":\"Controlador de gu\u00eda D-MAX-E\"}]},{\"@type\":\"WebSite\",\"@id\":\"https:\/\/ttemsa.com\/industria\/#website\",\"url\":\"https:\/\/ttemsa.com\/industria\/\",\"name\":\"industria-de-la-conversion.ttemsa\",\"description\":\"Designed Dianalacazadora.com\",\"alternateName\":\"ttemsa l\u00edderes en la industria de la conversi\u00f3n\",\"potentialAction\":[{\"@type\":\"SearchAction\",\"target\":{\"@type\":\"EntryPoint\",\"urlTemplate\":\"https:\/\/ttemsa.com\/industria\/?s={search_term_string}\"},\"query-input\":{\"@type\":\"PropertyValueSpecification\",\"valueRequired\":true,\"valueName\":\"search_term_string\"}}],\"inLanguage\":\"es\"}]}<\/script>\n<!-- \/ Yoast SEO plugin. -->","yoast_head_json":{"title":"Controlador de gu\u00eda D-MAX-E - industria-de-la-conversion.ttemsa","description":"Con la capacidad de controlar hasta tres gu\u00edas con una sola unidad, el D-MAX Mejorado es un controlador OEM que se basa en la potencia del D-MAX original, un controlador elogiado en la industria","robots":{"index":"index","follow":"follow","max-snippet":"max-snippet:-1","max-image-preview":"max-image-preview:large","max-video-preview":"max-video-preview:-1"},"canonical":"https:\/\/ttemsa.com\/industria\/index.php\/fife-alineacion\/controles-fife-procesadores\/d-max\/","og_locale":"es_MX","og_type":"article","og_title":"Controlador de gu\u00eda D-MAX-E con conexi\u00f3n Ethernet para alinear hasta 3 sistemas","og_description":"en ttemsa ofrecemos Soluciones. Solicite + info Tel\u00e9fonos: + 52 (55) 5352-0191 5352-1301 5352-6070 5352-0593","og_url":"https:\/\/ttemsa.com\/industria\/index.php\/fife-alineacion\/controles-fife-procesadores\/d-max\/","og_site_name":"industria-de-la-conversion.ttemsa","article_modified_time":"2024-09-09T14:31:32+00:00","og_image":[{"width":756,"height":383,"url":"https:\/\/ttemsa.com\/industria\/wp-content\/uploads\/2024\/03\/D-MAXEvc.png","type":"image\/png"}],"twitter_card":"summary_large_image","twitter_misc":{"Tiempo de lectura":"2 minutos"},"schema":{"@context":"https:\/\/schema.org","@graph":[{"@type":"WebPage","@id":"https:\/\/ttemsa.com\/industria\/index.php\/fife-alineacion\/controles-fife-procesadores\/d-max\/","url":"https:\/\/ttemsa.com\/industria\/index.php\/fife-alineacion\/controles-fife-procesadores\/d-max\/","name":"Controlador de gu\u00eda D-MAX-E - industria-de-la-conversion.ttemsa","isPartOf":{"@id":"https:\/\/ttemsa.com\/industria\/#website"},"primaryImageOfPage":{"@id":"https:\/\/ttemsa.com\/industria\/index.php\/fife-alineacion\/controles-fife-procesadores\/d-max\/#primaryimage"},"image":{"@id":"https:\/\/ttemsa.com\/industria\/index.php\/fife-alineacion\/controles-fife-procesadores\/d-max\/#primaryimage"},"thumbnailUrl":"https:\/\/ttemsa.com\/industria\/wp-content\/uploads\/2024\/03\/D-MAXEvc.png","datePublished":"2024-03-01T19:53:23+00:00","dateModified":"2024-09-09T14:31:32+00:00","description":"Con la capacidad de controlar hasta tres gu\u00edas con una sola unidad, el D-MAX Mejorado es un controlador OEM que se basa en la potencia del D-MAX original, un controlador elogiado en la industria","breadcrumb":{"@id":"https:\/\/ttemsa.com\/industria\/index.php\/fife-alineacion\/controles-fife-procesadores\/d-max\/#breadcrumb"},"inLanguage":"es","potentialAction":[{"@type":"ReadAction","target":["https:\/\/ttemsa.com\/industria\/index.php\/fife-alineacion\/controles-fife-procesadores\/d-max\/"]}]},{"@type":"ImageObject","inLanguage":"es","@id":"https:\/\/ttemsa.com\/industria\/index.php\/fife-alineacion\/controles-fife-procesadores\/d-max\/#primaryimage","url":"https:\/\/ttemsa.com\/industria\/wp-content\/uploads\/2024\/03\/D-MAXEvc.png","contentUrl":"https:\/\/ttemsa.com\/industria\/wp-content\/uploads\/2024\/03\/D-MAXEvc.png","width":756,"height":383},{"@type":"BreadcrumbList","@id":"https:\/\/ttemsa.com\/industria\/index.php\/fife-alineacion\/controles-fife-procesadores\/d-max\/#breadcrumb","itemListElement":[{"@type":"ListItem","position":1,"name":"Inicio","item":"https:\/\/ttemsa.com\/industria\/"},{"@type":"ListItem","position":2,"name":"fife-alineacion FIFE Funciones","item":"https:\/\/ttemsa.com\/industria\/index.php\/fife-alineacion\/"},{"@type":"ListItem","position":3,"name":"06 Procesadores (Controles)","item":"https:\/\/ttemsa.com\/industria\/index.php\/fife-alineacion\/controles-fife-procesadores\/"},{"@type":"ListItem","position":4,"name":"Controlador de gu\u00eda D-MAX-E"}]},{"@type":"WebSite","@id":"https:\/\/ttemsa.com\/industria\/#website","url":"https:\/\/ttemsa.com\/industria\/","name":"industria-de-la-conversion.ttemsa","description":"Designed Dianalacazadora.com","alternateName":"ttemsa l\u00edderes en la industria de la conversi\u00f3n","potentialAction":[{"@type":"SearchAction","target":{"@type":"EntryPoint","urlTemplate":"https:\/\/ttemsa.com\/industria\/?s={search_term_string}"},"query-input":{"@type":"PropertyValueSpecification","valueRequired":true,"valueName":"search_term_string"}}],"inLanguage":"es"}]}},"_links":{"self":[{"href":"https:\/\/ttemsa.com\/industria\/index.php\/wp-json\/wp\/v2\/pages\/1545","targetHints":{"allow":["GET"]}}],"collection":[{"href":"https:\/\/ttemsa.com\/industria\/index.php\/wp-json\/wp\/v2\/pages"}],"about":[{"href":"https:\/\/ttemsa.com\/industria\/index.php\/wp-json\/wp\/v2\/types\/page"}],"author":[{"embeddable":true,"href":"https:\/\/ttemsa.com\/industria\/index.php\/wp-json\/wp\/v2\/users\/1"}],"replies":[{"embeddable":true,"href":"https:\/\/ttemsa.com\/industria\/index.php\/wp-json\/wp\/v2\/comments?post=1545"}],"version-history":[{"count":3,"href":"https:\/\/ttemsa.com\/industria\/index.php\/wp-json\/wp\/v2\/pages\/1545\/revisions"}],"predecessor-version":[{"id":3102,"href":"https:\/\/ttemsa.com\/industria\/index.php\/wp-json\/wp\/v2\/pages\/1545\/revisions\/3102"}],"up":[{"embeddable":true,"href":"https:\/\/ttemsa.com\/industria\/index.php\/wp-json\/wp\/v2\/pages\/3516"}],"wp:attachment":[{"href":"https:\/\/ttemsa.com\/industria\/index.php\/wp-json\/wp\/v2\/media?parent=1545"}],"wp:term":[{"taxonomy":"category","embeddable":true,"href":"https:\/\/ttemsa.com\/industria\/index.php\/wp-json\/wp\/v2\/categories?post=1545"},{"taxonomy":"post_tag","embeddable":true,"href":"https:\/\/ttemsa.com\/industria\/index.php\/wp-json\/wp\/v2\/tags?post=1545"}],"curies":[{"name":"wp","href":"https:\/\/api.w.org\/{rel}","templated":true}]}}