{"id":1604,"date":"2024-03-01T20:39:07","date_gmt":"2024-03-01T20:39:07","guid":{"rendered":"https:\/\/ttemsa.com\/industria\/index.php\/tidland\/tidland-copy-copy\/"},"modified":"2024-09-10T12:22:43","modified_gmt":"2024-09-10T12:22:43","slug":"flechas-neumaticas","status":"publish","type":"page","link":"https:\/\/ttemsa.com\/industria\/index.php\/tidland\/flechas-neumaticas\/","title":{"rendered":"Flechas Neum\u00e1ticas"},"content":{"rendered":"\n<p class=\"has-text-align-center\"><strong>Cabezal Expansible Neum\u00e1tico<\/strong><\/p>\n\n\n\n<figure class=\"wp-block-image size-full\"><img loading=\"lazy\" decoding=\"async\" width=\"894\" height=\"518\" src=\"https:\/\/ttemsa.com\/industria\/wp-content\/uploads\/2024\/03\/ultrashaft-tidland.jpg\" alt=\"\" class=\"wp-image-2149\" srcset=\"https:\/\/ttemsa.com\/industria\/wp-content\/uploads\/2024\/03\/ultrashaft-tidland.jpg 894w, https:\/\/ttemsa.com\/industria\/wp-content\/uploads\/2024\/03\/ultrashaft-tidland-300x174.jpg 300w, https:\/\/ttemsa.com\/industria\/wp-content\/uploads\/2024\/03\/ultrashaft-tidland-768x445.jpg 768w\" sizes=\"auto, (max-width: 894px) 100vw, 894px\" \/><figcaption class=\"wp-element-caption\">Ser ligero no es ser m\u00e1s listo.&nbsp;<\/figcaption><\/figure>\n\n\n<div class=\"wp-block-image\">\n<figure class=\"aligncenter size-full is-resized\"><img loading=\"lazy\" decoding=\"async\" width=\"351\" height=\"156\" src=\"https:\/\/ttemsa.com\/industria\/wp-content\/uploads\/2023\/12\/tidland-1.jpg\" alt=\"\" class=\"wp-image-574\" style=\"width:207px;height:auto\" srcset=\"https:\/\/ttemsa.com\/industria\/wp-content\/uploads\/2023\/12\/tidland-1.jpg 351w, https:\/\/ttemsa.com\/industria\/wp-content\/uploads\/2023\/12\/tidland-1-300x133.jpg 300w\" sizes=\"auto, (max-width: 351px) 100vw, 351px\" \/><\/figure>\n<\/div>\n\n\n<hr class=\"wp-block-separator has-alpha-channel-opacity\"\/>\n\n\n\n<p>A no ser que se est\u00e9 hablando de flechas neum\u00e1ticas.&nbsp;La l\u00ednea de flechas <strong>TIDLAND<\/strong> proporciona peso que puede razonablemente levantar una persona sin sacrificar calidad o desempe\u00f1o. Ergonom\u00e9tricamente hablando esto es muy inteligente.<\/p>\n\n\n\n<p><strong>TIDLAND Flechas Neum\u00e1ticas<\/strong><\/p>\n\n\n\n<figure class=\"wp-block-image size-full is-resized\"><img loading=\"lazy\" decoding=\"async\" width=\"827\" height=\"139\" src=\"https:\/\/ttemsa.com\/industria\/wp-content\/uploads\/2023\/12\/TIDLAND-Flechas-neumaticas.png\" alt=\"\" class=\"wp-image-571\" style=\"width:793px;height:auto\" srcset=\"https:\/\/ttemsa.com\/industria\/wp-content\/uploads\/2023\/12\/TIDLAND-Flechas-neumaticas.png 827w, https:\/\/ttemsa.com\/industria\/wp-content\/uploads\/2023\/12\/TIDLAND-Flechas-neumaticas-300x50.png 300w, https:\/\/ttemsa.com\/industria\/wp-content\/uploads\/2023\/12\/TIDLAND-Flechas-neumaticas-768x129.png 768w\" sizes=\"auto, (max-width: 827px) 100vw, 827px\" \/><\/figure>\n\n\n\n<figure class=\"wp-block-table is-style-stripes\"><table><tbody><tr><td>&nbsp;<strong>CARACTERISTICAS PRINCIPALES<\/strong><\/td><\/tr><tr><td>\u2022 Preparaci\u00f3n r\u00e1pida y sencilla: bloquee los n\u00facleos lateralmente con la herramienta de inflado.<br>\u2022 Vers\u00e1til: anchuras de corte de hasta 25,4 mm (1 pulgada).<br>\u2022 Reducci\u00f3n del polvo generado: los elementos de tensi\u00f3n respetuosos con el n\u00facleo y los topes del n\u00facleo reducen el desgaste del n\u00facleo.<br>\u2022 Los topes del n\u00facleo, que el operador puede colocar sin necesidad de herramientas, se bloquean de forma independiente para evitar el deslizamiento axial de los n\u00facleos, y reducen el tiempo de preparaci\u00f3n en conjuntos de bobinas repetitivos.<br>\u2022 Los segmentos de tensi\u00f3n de 2,3 mm (3\/32 pulgadas) de anchura proporcionan un control neum\u00e1tico del par de fricci\u00f3n contra el di\u00e1metro interior del n\u00facleo para obtener una tensi\u00f3n compensada entre bobinas.<br>\u2022 La v\u00e1lvula de control de presi\u00f3n regula la presi\u00f3n del aire de la m\u00e1quina.<br>\u2022 El inflado y desinflado autom\u00e1ticos y la activaci\u00f3n del tope del n\u00facleo permiten el funcionamiento remoto.<\/td><\/tr><\/tbody><\/table><\/figure>\n\n\n\n<figure class=\"wp-block-image size-full\"><img loading=\"lazy\" decoding=\"async\" width=\"591\" height=\"358\" src=\"https:\/\/ttemsa.com\/industria\/wp-content\/uploads\/2023\/12\/D2_close.jpg\" alt=\"\" class=\"wp-image-567\" srcset=\"https:\/\/ttemsa.com\/industria\/wp-content\/uploads\/2023\/12\/D2_close.jpg 591w, https:\/\/ttemsa.com\/industria\/wp-content\/uploads\/2023\/12\/D2_close-300x182.jpg 300w\" sizes=\"auto, (max-width: 591px) 100vw, 591px\" \/><\/figure>\n\n\n\n<p>El eje neum\u00e1tico diferencial modelo D2 de Tidland est\u00e1 dise\u00f1ado para enrolladoras con centro o superficie doble, independientemente de que se realice o no el control de velocidad variable.<\/p>\n\n\n\n<p>Preparaci\u00f3n sencilla sin forzar los n\u00facleos y reacci\u00f3n adecuada a la compensaci\u00f3n de la tensi\u00f3n de m\u00faltiples bobinas. Los topes del n\u00facleo con bloqueo se instalan con facilidad sin necesidad de herramientas y proporcionan un control \u00f3ptimo sobre la calidad de la bobina y el tiempo de preparaci\u00f3n.&nbsp;<\/p>\n\n\n\n<p>Como resultado, los operadores pueden aumentar la productividad al procesar diferentes tama\u00f1os de bobina de forma simult\u00e1nea con la ayuda del eje neum\u00e1tico diferencial m\u00e1s asequible de Tidland.<\/p>\n\n\n\n<figure class=\"wp-block-table is-style-stripes\"><table><tbody><tr><td><\/td><\/tr><tr><td><\/td><\/tr><\/tbody><\/table><\/figure>\n\n\n\n<h4 class=\"wp-block-heading\"><\/h4>\n","protected":false},"excerpt":{"rendered":"<p>Cabezal Expansible Neum\u00e1tico A no ser que se est\u00e9 hablando de flechas neum\u00e1ticas.&nbsp;La l\u00ednea de flechas TIDLAND proporciona peso que puede razonablemente levantar una persona sin sacrificar calidad o desempe\u00f1o. Ergonom\u00e9tricamente hablando esto es muy inteligente. TIDLAND Flechas Neum\u00e1ticas &nbsp;CARACTERISTICAS PRINCIPALES \u2022 Preparaci\u00f3n r\u00e1pida y sencilla: bloquee los n\u00facleos lateralmente con la herramienta de inflado.\u2022 [&hellip;]<\/p>\n","protected":false},"author":1,"featured_media":0,"parent":302,"menu_order":0,"comment_status":"closed","ping_status":"closed","template":"","meta":{"content-type":"","footnotes":""},"categories":[16],"tags":[],"class_list":["post-1604","page","type-page","status-publish","hentry","category-tidland"],"yoast_head":"<!-- This site is optimized with the Yoast SEO plugin v26.6 - https:\/\/yoast.com\/wordpress\/plugins\/seo\/ -->\n<title>Flechas Neum\u00e1ticas - industria-de-la-conversion.ttemsa<\/title>\n<meta name=\"description\" content=\"La l\u00ednea de flechas TIDLAND proporciona peso que puede razonablemente levantar una persona sin sacrificar calidad o desempe\u00f1o. Ergonom\u00e9tricamente hablando esto es muy inteligente. En ttemsa ofrecemos Soluciones. Solicite + info Tel\u00e9fonos: + 52 (55) 5352-0191 5352-1301 5352-6070 5352-0593\" \/>\n<meta name=\"robots\" content=\"index, follow, max-snippet:-1, max-image-preview:large, max-video-preview:-1\" \/>\n<link rel=\"canonical\" href=\"https:\/\/ttemsa.com\/industria\/index.php\/tidland\/flechas-neumaticas\/\" \/>\n<meta property=\"og:locale\" content=\"es_MX\" \/>\n<meta property=\"og:type\" content=\"article\" \/>\n<meta property=\"og:title\" content=\"La l\u00ednea de flechas TIDLAND proporciona peso que puede razonablemente levantar una persona sin sacrificar calidad o desempe\u00f1o. Ergonom\u00e9tricamente hablando esto es muy inteligente.\" \/>\n<meta property=\"og:description\" content=\"En ttemsa ofrecemos Soluciones. Solicite + info Tel\u00e9fonos: + 52 (55) 5352-0191 5352-1301 5352-6070 5352-0593\" \/>\n<meta property=\"og:url\" content=\"https:\/\/ttemsa.com\/industria\/index.php\/tidland\/flechas-neumaticas\/\" \/>\n<meta property=\"og:site_name\" content=\"industria-de-la-conversion.ttemsa\" \/>\n<meta property=\"article:modified_time\" content=\"2024-09-10T12:22:43+00:00\" \/>\n<meta property=\"og:image\" content=\"https:\/\/ttemsa.com\/industria\/wp-content\/uploads\/2023\/12\/D2_close-1.jpg\" \/>\n\t<meta property=\"og:image:width\" content=\"591\" \/>\n\t<meta property=\"og:image:height\" content=\"358\" \/>\n\t<meta property=\"og:image:type\" content=\"image\/jpeg\" \/>\n<meta name=\"twitter:card\" content=\"summary_large_image\" \/>\n<meta name=\"twitter:label1\" content=\"Tiempo de lectura\" \/>\n\t<meta name=\"twitter:data1\" content=\"3 minutos\" \/>\n<script type=\"application\/ld+json\" class=\"yoast-schema-graph\">{\"@context\":\"https:\/\/schema.org\",\"@graph\":[{\"@type\":\"WebPage\",\"@id\":\"https:\/\/ttemsa.com\/industria\/index.php\/tidland\/flechas-neumaticas\/\",\"url\":\"https:\/\/ttemsa.com\/industria\/index.php\/tidland\/flechas-neumaticas\/\",\"name\":\"Flechas Neum\u00e1ticas - industria-de-la-conversion.ttemsa\",\"isPartOf\":{\"@id\":\"https:\/\/ttemsa.com\/industria\/#website\"},\"primaryImageOfPage\":{\"@id\":\"https:\/\/ttemsa.com\/industria\/index.php\/tidland\/flechas-neumaticas\/#primaryimage\"},\"image\":{\"@id\":\"https:\/\/ttemsa.com\/industria\/index.php\/tidland\/flechas-neumaticas\/#primaryimage\"},\"thumbnailUrl\":\"https:\/\/ttemsa.com\/industria\/wp-content\/uploads\/2024\/03\/ultrashaft-tidland.jpg\",\"datePublished\":\"2024-03-01T20:39:07+00:00\",\"dateModified\":\"2024-09-10T12:22:43+00:00\",\"description\":\"La l\u00ednea de flechas TIDLAND proporciona peso que puede razonablemente levantar una persona sin sacrificar calidad o desempe\u00f1o. Ergonom\u00e9tricamente hablando esto es muy inteligente. En ttemsa ofrecemos Soluciones. Solicite + info Tel\u00e9fonos: + 52 (55) 5352-0191 5352-1301 5352-6070 5352-0593\",\"breadcrumb\":{\"@id\":\"https:\/\/ttemsa.com\/industria\/index.php\/tidland\/flechas-neumaticas\/#breadcrumb\"},\"inLanguage\":\"es\",\"potentialAction\":[{\"@type\":\"ReadAction\",\"target\":[\"https:\/\/ttemsa.com\/industria\/index.php\/tidland\/flechas-neumaticas\/\"]}]},{\"@type\":\"ImageObject\",\"inLanguage\":\"es\",\"@id\":\"https:\/\/ttemsa.com\/industria\/index.php\/tidland\/flechas-neumaticas\/#primaryimage\",\"url\":\"https:\/\/ttemsa.com\/industria\/wp-content\/uploads\/2024\/03\/ultrashaft-tidland.jpg\",\"contentUrl\":\"https:\/\/ttemsa.com\/industria\/wp-content\/uploads\/2024\/03\/ultrashaft-tidland.jpg\",\"width\":894,\"height\":518},{\"@type\":\"BreadcrumbList\",\"@id\":\"https:\/\/ttemsa.com\/industria\/index.php\/tidland\/flechas-neumaticas\/#breadcrumb\",\"itemListElement\":[{\"@type\":\"ListItem\",\"position\":1,\"name\":\"Inicio\",\"item\":\"https:\/\/ttemsa.com\/industria\/\"},{\"@type\":\"ListItem\",\"position\":2,\"name\":\"TIDLAND\",\"item\":\"https:\/\/ttemsa.com\/industria\/index.php\/tidland\/\"},{\"@type\":\"ListItem\",\"position\":3,\"name\":\"Flechas Neum\u00e1ticas\"}]},{\"@type\":\"WebSite\",\"@id\":\"https:\/\/ttemsa.com\/industria\/#website\",\"url\":\"https:\/\/ttemsa.com\/industria\/\",\"name\":\"industria-de-la-conversion.ttemsa\",\"description\":\"Designed Dianalacazadora.com\",\"alternateName\":\"ttemsa l\u00edderes en la industria de la conversi\u00f3n\",\"potentialAction\":[{\"@type\":\"SearchAction\",\"target\":{\"@type\":\"EntryPoint\",\"urlTemplate\":\"https:\/\/ttemsa.com\/industria\/?s={search_term_string}\"},\"query-input\":{\"@type\":\"PropertyValueSpecification\",\"valueRequired\":true,\"valueName\":\"search_term_string\"}}],\"inLanguage\":\"es\"}]}<\/script>\n<!-- \/ Yoast SEO plugin. -->","yoast_head_json":{"title":"Flechas Neum\u00e1ticas - industria-de-la-conversion.ttemsa","description":"La l\u00ednea de flechas TIDLAND proporciona peso que puede razonablemente levantar una persona sin sacrificar calidad o desempe\u00f1o. Ergonom\u00e9tricamente hablando esto es muy inteligente. En ttemsa ofrecemos Soluciones. Solicite + info Tel\u00e9fonos: + 52 (55) 5352-0191 5352-1301 5352-6070 5352-0593","robots":{"index":"index","follow":"follow","max-snippet":"max-snippet:-1","max-image-preview":"max-image-preview:large","max-video-preview":"max-video-preview:-1"},"canonical":"https:\/\/ttemsa.com\/industria\/index.php\/tidland\/flechas-neumaticas\/","og_locale":"es_MX","og_type":"article","og_title":"La l\u00ednea de flechas TIDLAND proporciona peso que puede razonablemente levantar una persona sin sacrificar calidad o desempe\u00f1o. Ergonom\u00e9tricamente hablando esto es muy inteligente.","og_description":"En ttemsa ofrecemos Soluciones. Solicite + info Tel\u00e9fonos: + 52 (55) 5352-0191 5352-1301 5352-6070 5352-0593","og_url":"https:\/\/ttemsa.com\/industria\/index.php\/tidland\/flechas-neumaticas\/","og_site_name":"industria-de-la-conversion.ttemsa","article_modified_time":"2024-09-10T12:22:43+00:00","og_image":[{"width":591,"height":358,"url":"https:\/\/ttemsa.com\/industria\/wp-content\/uploads\/2023\/12\/D2_close-1.jpg","type":"image\/jpeg"}],"twitter_card":"summary_large_image","twitter_misc":{"Tiempo de lectura":"3 minutos"},"schema":{"@context":"https:\/\/schema.org","@graph":[{"@type":"WebPage","@id":"https:\/\/ttemsa.com\/industria\/index.php\/tidland\/flechas-neumaticas\/","url":"https:\/\/ttemsa.com\/industria\/index.php\/tidland\/flechas-neumaticas\/","name":"Flechas Neum\u00e1ticas - industria-de-la-conversion.ttemsa","isPartOf":{"@id":"https:\/\/ttemsa.com\/industria\/#website"},"primaryImageOfPage":{"@id":"https:\/\/ttemsa.com\/industria\/index.php\/tidland\/flechas-neumaticas\/#primaryimage"},"image":{"@id":"https:\/\/ttemsa.com\/industria\/index.php\/tidland\/flechas-neumaticas\/#primaryimage"},"thumbnailUrl":"https:\/\/ttemsa.com\/industria\/wp-content\/uploads\/2024\/03\/ultrashaft-tidland.jpg","datePublished":"2024-03-01T20:39:07+00:00","dateModified":"2024-09-10T12:22:43+00:00","description":"La l\u00ednea de flechas TIDLAND proporciona peso que puede razonablemente levantar una persona sin sacrificar calidad o desempe\u00f1o. Ergonom\u00e9tricamente hablando esto es muy inteligente. En ttemsa ofrecemos Soluciones. Solicite + info Tel\u00e9fonos: + 52 (55) 5352-0191 5352-1301 5352-6070 5352-0593","breadcrumb":{"@id":"https:\/\/ttemsa.com\/industria\/index.php\/tidland\/flechas-neumaticas\/#breadcrumb"},"inLanguage":"es","potentialAction":[{"@type":"ReadAction","target":["https:\/\/ttemsa.com\/industria\/index.php\/tidland\/flechas-neumaticas\/"]}]},{"@type":"ImageObject","inLanguage":"es","@id":"https:\/\/ttemsa.com\/industria\/index.php\/tidland\/flechas-neumaticas\/#primaryimage","url":"https:\/\/ttemsa.com\/industria\/wp-content\/uploads\/2024\/03\/ultrashaft-tidland.jpg","contentUrl":"https:\/\/ttemsa.com\/industria\/wp-content\/uploads\/2024\/03\/ultrashaft-tidland.jpg","width":894,"height":518},{"@type":"BreadcrumbList","@id":"https:\/\/ttemsa.com\/industria\/index.php\/tidland\/flechas-neumaticas\/#breadcrumb","itemListElement":[{"@type":"ListItem","position":1,"name":"Inicio","item":"https:\/\/ttemsa.com\/industria\/"},{"@type":"ListItem","position":2,"name":"TIDLAND","item":"https:\/\/ttemsa.com\/industria\/index.php\/tidland\/"},{"@type":"ListItem","position":3,"name":"Flechas Neum\u00e1ticas"}]},{"@type":"WebSite","@id":"https:\/\/ttemsa.com\/industria\/#website","url":"https:\/\/ttemsa.com\/industria\/","name":"industria-de-la-conversion.ttemsa","description":"Designed Dianalacazadora.com","alternateName":"ttemsa l\u00edderes en la industria de la conversi\u00f3n","potentialAction":[{"@type":"SearchAction","target":{"@type":"EntryPoint","urlTemplate":"https:\/\/ttemsa.com\/industria\/?s={search_term_string}"},"query-input":{"@type":"PropertyValueSpecification","valueRequired":true,"valueName":"search_term_string"}}],"inLanguage":"es"}]}},"_links":{"self":[{"href":"https:\/\/ttemsa.com\/industria\/index.php\/wp-json\/wp\/v2\/pages\/1604","targetHints":{"allow":["GET"]}}],"collection":[{"href":"https:\/\/ttemsa.com\/industria\/index.php\/wp-json\/wp\/v2\/pages"}],"about":[{"href":"https:\/\/ttemsa.com\/industria\/index.php\/wp-json\/wp\/v2\/types\/page"}],"author":[{"embeddable":true,"href":"https:\/\/ttemsa.com\/industria\/index.php\/wp-json\/wp\/v2\/users\/1"}],"replies":[{"embeddable":true,"href":"https:\/\/ttemsa.com\/industria\/index.php\/wp-json\/wp\/v2\/comments?post=1604"}],"version-history":[{"count":3,"href":"https:\/\/ttemsa.com\/industria\/index.php\/wp-json\/wp\/v2\/pages\/1604\/revisions"}],"predecessor-version":[{"id":3105,"href":"https:\/\/ttemsa.com\/industria\/index.php\/wp-json\/wp\/v2\/pages\/1604\/revisions\/3105"}],"up":[{"embeddable":true,"href":"https:\/\/ttemsa.com\/industria\/index.php\/wp-json\/wp\/v2\/pages\/302"}],"wp:attachment":[{"href":"https:\/\/ttemsa.com\/industria\/index.php\/wp-json\/wp\/v2\/media?parent=1604"}],"wp:term":[{"taxonomy":"category","embeddable":true,"href":"https:\/\/ttemsa.com\/industria\/index.php\/wp-json\/wp\/v2\/categories?post=1604"},{"taxonomy":"post_tag","embeddable":true,"href":"https:\/\/ttemsa.com\/industria\/index.php\/wp-json\/wp\/v2\/tags?post=1604"}],"curies":[{"name":"wp","href":"https:\/\/api.w.org\/{rel}","templated":true}]}}