{"id":1608,"date":"2024-03-01T20:39:33","date_gmt":"2024-03-01T20:39:33","guid":{"rendered":"https:\/\/ttemsa.com\/industria\/index.php\/tidland\/tidland-copy-copy-copy-3\/"},"modified":"2024-09-11T12:29:51","modified_gmt":"2024-09-11T12:29:51","slug":"raptor-air","status":"publish","type":"page","link":"https:\/\/ttemsa.com\/industria\/index.php\/tidland\/raptor-air\/","title":{"rendered":"Chucks Neum\u00e1ticos Raptor Air"},"content":{"rendered":"<div class=\"wp-block-image\">\n<figure class=\"aligncenter size-full is-resized\"><img loading=\"lazy\" decoding=\"async\" width=\"1800\" height=\"973\" src=\"https:\/\/ttemsa.com\/industria\/wp-content\/uploads\/2023\/12\/Raptor_AirAdapter_print.jpg\" alt=\"\" class=\"wp-image-769\" style=\"width:716px;height:auto\" srcset=\"https:\/\/ttemsa.com\/industria\/wp-content\/uploads\/2023\/12\/Raptor_AirAdapter_print.jpg 1800w, https:\/\/ttemsa.com\/industria\/wp-content\/uploads\/2023\/12\/Raptor_AirAdapter_print-300x162.jpg 300w, https:\/\/ttemsa.com\/industria\/wp-content\/uploads\/2023\/12\/Raptor_AirAdapter_print-1024x554.jpg 1024w, https:\/\/ttemsa.com\/industria\/wp-content\/uploads\/2023\/12\/Raptor_AirAdapter_print-768x415.jpg 768w, https:\/\/ttemsa.com\/industria\/wp-content\/uploads\/2023\/12\/Raptor_AirAdapter_print-1536x830.jpg 1536w\" sizes=\"auto, (max-width: 1800px) 100vw, 1800px\" \/><figcaption class=\"wp-element-caption\">Chucks Raptor Air<\/figcaption><\/figure>\n<\/div>\n\n<div class=\"wp-block-image\">\n<figure class=\"alignleft size-full is-resized\"><img loading=\"lazy\" decoding=\"async\" width=\"280\" height=\"165\" src=\"https:\/\/ttemsa.com\/industria\/wp-content\/uploads\/2023\/12\/TidlandRoll-Saver2.png\" alt=\"\" class=\"wp-image-519\" style=\"width:254px;height:auto\"\/><\/figure>\n<\/div>\n\n<div class=\"wp-block-image\">\n<figure class=\"alignright size-full is-resized\"><img loading=\"lazy\" decoding=\"async\" width=\"390\" height=\"38\" src=\"https:\/\/ttemsa.com\/industria\/wp-content\/uploads\/2023\/12\/reptor.png\" alt=\"\" class=\"wp-image-768\" style=\"width:438px;height:auto\" srcset=\"https:\/\/ttemsa.com\/industria\/wp-content\/uploads\/2023\/12\/reptor.png 390w, https:\/\/ttemsa.com\/industria\/wp-content\/uploads\/2023\/12\/reptor-300x29.png 300w\" sizes=\"auto, (max-width: 390px) 100vw, 390px\" \/><\/figure>\n<\/div>\n\n\n<p><\/p>\n\n\n\n<p>Los Chucks Neum\u00e1ticos Tipo Cu\u00f1a de la Serie Raptor ayudan a eliminar el da\u00f1o del core asociado con las aplicaciones sin eje.<\/p>\n\n\n\n<p>Estos chucks est\u00e1n dise\u00f1ados para impresi\u00f3n a alta velocidad, laminado, aplicaciones de laminado en el desenrollado o empalmadores de velocidad cero y otras aplicaciones de desenrollado\/rebobinado sin eje.<\/p>\n\n\n\n<p>Los convertidores pueden mejorar dram\u00e1ticamente la fiabilidad de empalme, incrementar las velocidades de operaci\u00f3n y ahorrar tiempo y dinero al permitir el uso repetido de n\u00facleos.<\/p>\n\n\n\n<p>La eliminaci\u00f3n de los problemas en el extremo del core tambi\u00e9n reduce el polvo. Las cu\u00f1as de huella amplia proporcionan un agarre consistente en el core, sin da\u00f1ar el interior. La facilidad de desmontaje se mantiene con la retracci\u00f3n mec\u00e1nica y neum\u00e1tica de las cu\u00f1as, asegurando que las cu\u00f1as nunca se \u201cadhieran\u201d al core.<\/p>\n\n\n\n<p>A diferencia de muchos chucks en el mercado, los chucks neum\u00e1ticos tipo cu\u00f1a de la serie Raptor ofrecen valioso ahorro de tiempo y beneficios ergon\u00f3micos.<\/p>\n\n\n\n<p>Los operadores ya no tienen que quitar el chuck completo de la m\u00e1quina para el mantenimiento de rutina o cambios en el tama\u00f1o del core, reduciendo el tiempo de inactividad y el riesgo de lesiones mientras aumenta la productividad.<\/p>\n\n\n\n<figure class=\"wp-block-embed is-type-video is-provider-youtube wp-block-embed-youtube wp-embed-aspect-4-3 wp-has-aspect-ratio\"><div class=\"wp-block-embed__wrapper\">\n<iframe loading=\"lazy\" title=\"Servicing Tidland Raptor Series Air Powered Chucks\" width=\"500\" height=\"375\" src=\"https:\/\/www.youtube.com\/embed\/JfRUJHOSE-U?feature=oembed\" frameborder=\"0\" allow=\"accelerometer; autoplay; clipboard-write; encrypted-media; gyroscope; picture-in-picture; web-share\" referrerpolicy=\"strict-origin-when-cross-origin\" allowfullscreen><\/iframe>\n<\/div><\/figure>\n\n\n\n<p class=\"has-medium-font-size\"><strong>CHUCKS NEUM\u00c1TICOS TIPO CU\u00d1A<\/strong><\/p>\n\n\n\n<hr class=\"wp-block-separator has-alpha-channel-opacity\"\/>\n\n\n\n<p class=\"has-medium-font-size\"><\/p>\n\n\n\n<figure class=\"wp-block-image size-full is-resized\"><img loading=\"lazy\" decoding=\"async\" width=\"297\" height=\"203\" src=\"https:\/\/ttemsa.com\/industria\/wp-content\/uploads\/2023\/12\/trimage011.png\" alt=\"\" class=\"wp-image-772\" style=\"width:430px;height:auto\"\/><\/figure>\n\n\n\n<p><\/p>\n","protected":false},"excerpt":{"rendered":"<p>Los Chucks Neum\u00e1ticos Tipo Cu\u00f1a de la Serie Raptor ayudan a eliminar el da\u00f1o del core asociado con las aplicaciones sin eje. Estos chucks est\u00e1n dise\u00f1ados para impresi\u00f3n a alta velocidad, laminado, aplicaciones de laminado en el desenrollado o empalmadores de velocidad cero y otras aplicaciones de desenrollado\/rebobinado sin eje. Los convertidores pueden mejorar dram\u00e1ticamente [&hellip;]<\/p>\n","protected":false},"author":1,"featured_media":0,"parent":302,"menu_order":0,"comment_status":"closed","ping_status":"closed","template":"","meta":{"content-type":"","footnotes":""},"categories":[16],"tags":[],"class_list":["post-1608","page","type-page","status-publish","hentry","category-tidland"],"yoast_head":"<!-- This site is optimized with the Yoast SEO plugin v26.6 - https:\/\/yoast.com\/wordpress\/plugins\/seo\/ -->\n<title>Chucks Neum\u00e1ticos Raptor Air - industria-de-la-conversion.ttemsa<\/title>\n<meta name=\"description\" content=\"Chucks Neum\u00e1ticos Raptor Air Los Chucks Neum\u00e1ticos Tipo Cu\u00f1a de la Serie Raptor ayudan a eliminar el da\u00f1o del core asociado con las aplicaciones sin eje.\" \/>\n<meta name=\"robots\" content=\"index, follow, max-snippet:-1, max-image-preview:large, max-video-preview:-1\" \/>\n<link rel=\"canonical\" href=\"https:\/\/ttemsa.com\/industria\/index.php\/tidland\/raptor-air\/\" \/>\n<meta property=\"og:locale\" content=\"es_MX\" \/>\n<meta property=\"og:type\" content=\"article\" \/>\n<meta property=\"og:title\" content=\"Chucks Neum\u00e1ticos Raptor Air Los Chucks Neum\u00e1ticos Tipo Cu\u00f1a de la Serie Raptor ayudan a eliminar el da\u00f1o del core asociado con las aplicaciones sin eje.\" \/>\n<meta property=\"og:description\" content=\"En ttemsa ofrecemos Soluciones. Solicite + info Tel\u00e9fonos: + 52 (55) 5352-0191 5352-1301 5352-6070 5352-0593\" \/>\n<meta property=\"og:url\" content=\"https:\/\/ttemsa.com\/industria\/index.php\/tidland\/raptor-air\/\" \/>\n<meta property=\"og:site_name\" content=\"industria-de-la-conversion.ttemsa\" \/>\n<meta property=\"article:modified_time\" content=\"2024-09-11T12:29:51+00:00\" \/>\n<meta property=\"og:image\" content=\"https:\/\/ttemsa.com\/industria\/wp-content\/uploads\/2023\/12\/Raptor_AirAdapter_print.jpg\" \/>\n\t<meta property=\"og:image:width\" content=\"1800\" \/>\n\t<meta property=\"og:image:height\" content=\"973\" \/>\n\t<meta property=\"og:image:type\" content=\"image\/jpeg\" \/>\n<meta name=\"twitter:card\" content=\"summary_large_image\" \/>\n<meta name=\"twitter:label1\" content=\"Tiempo de lectura\" \/>\n\t<meta name=\"twitter:data1\" content=\"2 minutos\" \/>\n<script type=\"application\/ld+json\" class=\"yoast-schema-graph\">{\"@context\":\"https:\/\/schema.org\",\"@graph\":[{\"@type\":\"WebPage\",\"@id\":\"https:\/\/ttemsa.com\/industria\/index.php\/tidland\/raptor-air\/\",\"url\":\"https:\/\/ttemsa.com\/industria\/index.php\/tidland\/raptor-air\/\",\"name\":\"Chucks Neum\u00e1ticos Raptor Air - industria-de-la-conversion.ttemsa\",\"isPartOf\":{\"@id\":\"https:\/\/ttemsa.com\/industria\/#website\"},\"primaryImageOfPage\":{\"@id\":\"https:\/\/ttemsa.com\/industria\/index.php\/tidland\/raptor-air\/#primaryimage\"},\"image\":{\"@id\":\"https:\/\/ttemsa.com\/industria\/index.php\/tidland\/raptor-air\/#primaryimage\"},\"thumbnailUrl\":\"https:\/\/ttemsa.com\/industria\/wp-content\/uploads\/2023\/12\/Raptor_AirAdapter_print.jpg\",\"datePublished\":\"2024-03-01T20:39:33+00:00\",\"dateModified\":\"2024-09-11T12:29:51+00:00\",\"description\":\"Chucks Neum\u00e1ticos Raptor Air Los Chucks Neum\u00e1ticos Tipo Cu\u00f1a de la Serie Raptor ayudan a eliminar el da\u00f1o del core asociado con las aplicaciones sin eje.\",\"breadcrumb\":{\"@id\":\"https:\/\/ttemsa.com\/industria\/index.php\/tidland\/raptor-air\/#breadcrumb\"},\"inLanguage\":\"es\",\"potentialAction\":[{\"@type\":\"ReadAction\",\"target\":[\"https:\/\/ttemsa.com\/industria\/index.php\/tidland\/raptor-air\/\"]}]},{\"@type\":\"ImageObject\",\"inLanguage\":\"es\",\"@id\":\"https:\/\/ttemsa.com\/industria\/index.php\/tidland\/raptor-air\/#primaryimage\",\"url\":\"https:\/\/ttemsa.com\/industria\/wp-content\/uploads\/2023\/12\/Raptor_AirAdapter_print.jpg\",\"contentUrl\":\"https:\/\/ttemsa.com\/industria\/wp-content\/uploads\/2023\/12\/Raptor_AirAdapter_print.jpg\",\"width\":1800,\"height\":973},{\"@type\":\"BreadcrumbList\",\"@id\":\"https:\/\/ttemsa.com\/industria\/index.php\/tidland\/raptor-air\/#breadcrumb\",\"itemListElement\":[{\"@type\":\"ListItem\",\"position\":1,\"name\":\"Inicio\",\"item\":\"https:\/\/ttemsa.com\/industria\/\"},{\"@type\":\"ListItem\",\"position\":2,\"name\":\"TIDLAND\",\"item\":\"https:\/\/ttemsa.com\/industria\/index.php\/tidland\/\"},{\"@type\":\"ListItem\",\"position\":3,\"name\":\"Chucks Neum\u00e1ticos Raptor Air\"}]},{\"@type\":\"WebSite\",\"@id\":\"https:\/\/ttemsa.com\/industria\/#website\",\"url\":\"https:\/\/ttemsa.com\/industria\/\",\"name\":\"industria-de-la-conversion.ttemsa\",\"description\":\"Designed Dianalacazadora.com\",\"alternateName\":\"ttemsa l\u00edderes en la industria de la conversi\u00f3n\",\"potentialAction\":[{\"@type\":\"SearchAction\",\"target\":{\"@type\":\"EntryPoint\",\"urlTemplate\":\"https:\/\/ttemsa.com\/industria\/?s={search_term_string}\"},\"query-input\":{\"@type\":\"PropertyValueSpecification\",\"valueRequired\":true,\"valueName\":\"search_term_string\"}}],\"inLanguage\":\"es\"}]}<\/script>\n<!-- \/ Yoast SEO plugin. -->","yoast_head_json":{"title":"Chucks Neum\u00e1ticos Raptor Air - industria-de-la-conversion.ttemsa","description":"Chucks Neum\u00e1ticos Raptor Air Los Chucks Neum\u00e1ticos Tipo Cu\u00f1a de la Serie Raptor ayudan a eliminar el da\u00f1o del core asociado con las aplicaciones sin eje.","robots":{"index":"index","follow":"follow","max-snippet":"max-snippet:-1","max-image-preview":"max-image-preview:large","max-video-preview":"max-video-preview:-1"},"canonical":"https:\/\/ttemsa.com\/industria\/index.php\/tidland\/raptor-air\/","og_locale":"es_MX","og_type":"article","og_title":"Chucks Neum\u00e1ticos Raptor Air Los Chucks Neum\u00e1ticos Tipo Cu\u00f1a de la Serie Raptor ayudan a eliminar el da\u00f1o del core asociado con las aplicaciones sin eje.","og_description":"En ttemsa ofrecemos Soluciones. Solicite + info Tel\u00e9fonos: + 52 (55) 5352-0191 5352-1301 5352-6070 5352-0593","og_url":"https:\/\/ttemsa.com\/industria\/index.php\/tidland\/raptor-air\/","og_site_name":"industria-de-la-conversion.ttemsa","article_modified_time":"2024-09-11T12:29:51+00:00","og_image":[{"width":1800,"height":973,"url":"https:\/\/ttemsa.com\/industria\/wp-content\/uploads\/2023\/12\/Raptor_AirAdapter_print.jpg","type":"image\/jpeg"}],"twitter_card":"summary_large_image","twitter_misc":{"Tiempo de lectura":"2 minutos"},"schema":{"@context":"https:\/\/schema.org","@graph":[{"@type":"WebPage","@id":"https:\/\/ttemsa.com\/industria\/index.php\/tidland\/raptor-air\/","url":"https:\/\/ttemsa.com\/industria\/index.php\/tidland\/raptor-air\/","name":"Chucks Neum\u00e1ticos Raptor Air - industria-de-la-conversion.ttemsa","isPartOf":{"@id":"https:\/\/ttemsa.com\/industria\/#website"},"primaryImageOfPage":{"@id":"https:\/\/ttemsa.com\/industria\/index.php\/tidland\/raptor-air\/#primaryimage"},"image":{"@id":"https:\/\/ttemsa.com\/industria\/index.php\/tidland\/raptor-air\/#primaryimage"},"thumbnailUrl":"https:\/\/ttemsa.com\/industria\/wp-content\/uploads\/2023\/12\/Raptor_AirAdapter_print.jpg","datePublished":"2024-03-01T20:39:33+00:00","dateModified":"2024-09-11T12:29:51+00:00","description":"Chucks Neum\u00e1ticos Raptor Air Los Chucks Neum\u00e1ticos Tipo Cu\u00f1a de la Serie Raptor ayudan a eliminar el da\u00f1o del core asociado con las aplicaciones sin eje.","breadcrumb":{"@id":"https:\/\/ttemsa.com\/industria\/index.php\/tidland\/raptor-air\/#breadcrumb"},"inLanguage":"es","potentialAction":[{"@type":"ReadAction","target":["https:\/\/ttemsa.com\/industria\/index.php\/tidland\/raptor-air\/"]}]},{"@type":"ImageObject","inLanguage":"es","@id":"https:\/\/ttemsa.com\/industria\/index.php\/tidland\/raptor-air\/#primaryimage","url":"https:\/\/ttemsa.com\/industria\/wp-content\/uploads\/2023\/12\/Raptor_AirAdapter_print.jpg","contentUrl":"https:\/\/ttemsa.com\/industria\/wp-content\/uploads\/2023\/12\/Raptor_AirAdapter_print.jpg","width":1800,"height":973},{"@type":"BreadcrumbList","@id":"https:\/\/ttemsa.com\/industria\/index.php\/tidland\/raptor-air\/#breadcrumb","itemListElement":[{"@type":"ListItem","position":1,"name":"Inicio","item":"https:\/\/ttemsa.com\/industria\/"},{"@type":"ListItem","position":2,"name":"TIDLAND","item":"https:\/\/ttemsa.com\/industria\/index.php\/tidland\/"},{"@type":"ListItem","position":3,"name":"Chucks Neum\u00e1ticos Raptor Air"}]},{"@type":"WebSite","@id":"https:\/\/ttemsa.com\/industria\/#website","url":"https:\/\/ttemsa.com\/industria\/","name":"industria-de-la-conversion.ttemsa","description":"Designed Dianalacazadora.com","alternateName":"ttemsa l\u00edderes en la industria de la conversi\u00f3n","potentialAction":[{"@type":"SearchAction","target":{"@type":"EntryPoint","urlTemplate":"https:\/\/ttemsa.com\/industria\/?s={search_term_string}"},"query-input":{"@type":"PropertyValueSpecification","valueRequired":true,"valueName":"search_term_string"}}],"inLanguage":"es"}]}},"_links":{"self":[{"href":"https:\/\/ttemsa.com\/industria\/index.php\/wp-json\/wp\/v2\/pages\/1608","targetHints":{"allow":["GET"]}}],"collection":[{"href":"https:\/\/ttemsa.com\/industria\/index.php\/wp-json\/wp\/v2\/pages"}],"about":[{"href":"https:\/\/ttemsa.com\/industria\/index.php\/wp-json\/wp\/v2\/types\/page"}],"author":[{"embeddable":true,"href":"https:\/\/ttemsa.com\/industria\/index.php\/wp-json\/wp\/v2\/users\/1"}],"replies":[{"embeddable":true,"href":"https:\/\/ttemsa.com\/industria\/index.php\/wp-json\/wp\/v2\/comments?post=1608"}],"version-history":[{"count":3,"href":"https:\/\/ttemsa.com\/industria\/index.php\/wp-json\/wp\/v2\/pages\/1608\/revisions"}],"predecessor-version":[{"id":3184,"href":"https:\/\/ttemsa.com\/industria\/index.php\/wp-json\/wp\/v2\/pages\/1608\/revisions\/3184"}],"up":[{"embeddable":true,"href":"https:\/\/ttemsa.com\/industria\/index.php\/wp-json\/wp\/v2\/pages\/302"}],"wp:attachment":[{"href":"https:\/\/ttemsa.com\/industria\/index.php\/wp-json\/wp\/v2\/media?parent=1608"}],"wp:term":[{"taxonomy":"category","embeddable":true,"href":"https:\/\/ttemsa.com\/industria\/index.php\/wp-json\/wp\/v2\/categories?post=1608"},{"taxonomy":"post_tag","embeddable":true,"href":"https:\/\/ttemsa.com\/industria\/index.php\/wp-json\/wp\/v2\/tags?post=1608"}],"curies":[{"name":"wp","href":"https:\/\/api.w.org\/{rel}","templated":true}]}}