{"id":1618,"date":"2024-03-01T20:40:49","date_gmt":"2024-03-01T20:40:49","guid":{"rendered":"https:\/\/ttemsa.com\/industria\/index.php\/tidland\/tidland-copy-copy-7\/"},"modified":"2024-09-10T12:56:26","modified_gmt":"2024-09-10T12:56:26","slug":"224-tidland-ultrashaft","status":"publish","type":"page","link":"https:\/\/ttemsa.com\/industria\/index.php\/tidland\/flechas-neumaticas-tidland\/45-tidland-flechas\/224-tidland-ultrashaft\/","title":{"rendered":"Tidland Ultrashaft"},"content":{"rendered":"<div class=\"wp-block-image\">\n<figure class=\"aligncenter size-full is-resized\"><img loading=\"lazy\" decoding=\"async\" width=\"631\" height=\"426\" src=\"https:\/\/ttemsa.com\/industria\/wp-content\/uploads\/2023\/12\/Ultrashaftimage002.png\" alt=\"\" class=\"wp-image-617\" style=\"width:688px;height:auto\" srcset=\"https:\/\/ttemsa.com\/industria\/wp-content\/uploads\/2023\/12\/Ultrashaftimage002.png 631w, https:\/\/ttemsa.com\/industria\/wp-content\/uploads\/2023\/12\/Ultrashaftimage002-300x203.png 300w\" sizes=\"auto, (max-width: 631px) 100vw, 631px\" \/><figcaption class=\"wp-element-caption\">&nbsp;<strong>Alta resistencia, Soluci\u00f3n ergon\u00f3mica de Alta velocidad<\/strong><\/figcaption><\/figure>\n<\/div>\n\n<div class=\"wp-block-image\">\n<figure class=\"alignleft size-full is-resized\"><img loading=\"lazy\" decoding=\"async\" width=\"280\" height=\"165\" src=\"https:\/\/ttemsa.com\/industria\/wp-content\/uploads\/2023\/12\/TidlandRoll-Saver2.png\" alt=\"\" class=\"wp-image-519\" style=\"width:194px;height:auto\"\/><\/figure>\n<\/div>\n\n<div class=\"wp-block-image\">\n<figure class=\"alignleft size-full is-resized\"><img loading=\"lazy\" decoding=\"async\" width=\"369\" height=\"30\" src=\"https:\/\/ttemsa.com\/industria\/wp-content\/uploads\/2023\/12\/Ultrashaftimage004.png\" alt=\"\" class=\"wp-image-616\" style=\"width:494px;height:auto\" srcset=\"https:\/\/ttemsa.com\/industria\/wp-content\/uploads\/2023\/12\/Ultrashaftimage004.png 369w, https:\/\/ttemsa.com\/industria\/wp-content\/uploads\/2023\/12\/Ultrashaftimage004-300x24.png 300w\" sizes=\"auto, (max-width: 369px) 100vw, 369px\" \/><\/figure>\n<\/div>\n\n\n<p><\/p>\n\n\n\n<p>La Ultrashaft TM combina la durabilidad necesaria para transportar cargas pesadas y la deformaci\u00f3n necesaria para operar a velocidades m\u00e1s altas sin vibraci\u00f3n en una soluci\u00f3n ligera y ergon\u00f3mica de bobinado. Estas flechas se construyen con filamentos de carbono de alta resistencia, enrollados con precisi\u00f3n, para proporcionar un m\u00f3dulo de secci\u00f3n con una relaci\u00f3n de peso \u2013 resistencia optimizada para una amplia variedad de aplicaciones.<\/p>\n\n\n\n<p>La nueva&nbsp;Ultrashaft M30&nbsp;cuenta con un revestimiento de resina \u00fanico para asegurar que el tubo de fibra de carbono tenga protecci\u00f3n contra la abrasi\u00f3n, corte de cuchillas, impacto inesperado y desgaste normal del manejo diario del eje.<\/p>\n\n\n\n<p>Esto significa que el eje es m\u00e1s ligero y no es necesario adivinar si la fibra de carbono bajo una manga agrietada es segura para su aplicaci\u00f3n.<\/p>\n\n\n\n<p>Para aplicaciones severas que requieren mangas de aluminio o de acero, cada manga est\u00e1 dise\u00f1ada para minimizar el riesgo de grietas. As\u00ed que de cualquier manera, obtendr\u00e1 una ultra-fiable, ultra-duradera, ultra-alta velocidad. Ultrashaft. Ultrashaft TM.<\/p>\n\n\n\n<hr class=\"wp-block-separator has-alpha-channel-opacity\"\/>\n\n\n\n<p><strong>Carbon<\/strong><\/p>\n\n\n\n<figure class=\"wp-block-image size-full\"><img loading=\"lazy\" decoding=\"async\" width=\"395\" height=\"115\" src=\"https:\/\/ttemsa.com\/industria\/wp-content\/uploads\/2023\/12\/Captura-de-pantalla-2023-12-23-a-las-2.50.46-p.m.png\" alt=\"\" class=\"wp-image-620\" srcset=\"https:\/\/ttemsa.com\/industria\/wp-content\/uploads\/2023\/12\/Captura-de-pantalla-2023-12-23-a-las-2.50.46-p.m.png 395w, https:\/\/ttemsa.com\/industria\/wp-content\/uploads\/2023\/12\/Captura-de-pantalla-2023-12-23-a-las-2.50.46-p.m-300x87.png 300w\" sizes=\"auto, (max-width: 395px) 100vw, 395px\" \/><\/figure>\n\n\n\n<p><strong>CHUCK DE LA SERIE 200U<\/strong><\/p>\n\n\n\n<p>Combinado con nuestros populares chucks neum\u00e1ticos Force5 o chucks neum\u00e1ticos est\u00e1ndar, esta flecha es una soluci\u00f3n ligera y duradera al utilizar m\u00faltiples di\u00e1metros de core en la misma m\u00e1quina.&nbsp;<\/p>\n\n\n\n<figure class=\"wp-block-table\"><table><tbody><tr><td><img loading=\"lazy\" decoding=\"async\" width=\"99\" height=\"101\" src=\"https:\/\/ttemsa.com\/images\/flechas\/Ultrashaftimage016.png\" alt=\"\">                                                                                                                                                           <\/td><td><strong>FLECHA DE AIRE B-LUG DE LA SERIE<\/strong> 500U Construida con ranuras m\u00e1s peque\u00f1as y elementos de agarre de aluminio, esta flecha entrega la fuerza m\u00e1s alta y la menor deflexi\u00f3n que cualquier Ultrashaft.<\/td><td><img loading=\"lazy\" decoding=\"async\" width=\"93\" height=\"104\" src=\"https:\/\/ttemsa.com\/images\/flechas\/Ultrashaftimage013.png\" alt=\"\">                                                                                                                                 <\/td><td><strong>FLECHA DE AIRE LUG DE LA SERIE 500U<\/strong> <br>La capacidad de torque superior de esta flecha generada por elementos de agarre de acero o aluminio le permite manejar altas cargas de inercia tanto en aplicaciones de bobinado como desembobinado.<\/td><\/tr><\/tbody><\/table><\/figure>\n\n\n\n<figure class=\"wp-block-image is-resized\"><img decoding=\"async\" src=\"https:\/\/ttemsa.com\/images\/flechas\/Ultrashaft111.png\" alt=\"\" style=\"width:674px;height:auto\"\/><\/figure>\n","protected":false},"excerpt":{"rendered":"<p>La Ultrashaft TM combina la durabilidad necesaria para transportar cargas pesadas y la deformaci\u00f3n necesaria para operar a velocidades m\u00e1s altas sin vibraci\u00f3n en una soluci\u00f3n ligera y ergon\u00f3mica de bobinado. Estas flechas se construyen con filamentos de carbono de alta resistencia, enrollados con precisi\u00f3n, para proporcionar un m\u00f3dulo de secci\u00f3n con una relaci\u00f3n de [&hellip;]<\/p>\n","protected":false},"author":1,"featured_media":0,"parent":3571,"menu_order":0,"comment_status":"closed","ping_status":"closed","template":"","meta":{"content-type":"","footnotes":""},"categories":[16],"tags":[],"class_list":["post-1618","page","type-page","status-publish","hentry","category-tidland"],"yoast_head":"<!-- This site is optimized with the Yoast SEO plugin v26.6 - https:\/\/yoast.com\/wordpress\/plugins\/seo\/ -->\n<title>Tidland Ultrashaft - industria-de-la-conversion.ttemsa<\/title>\n<meta name=\"description\" content=\"Tidland Ultrashaft Alta resistencia, Soluci\u00f3n ergon\u00f3mica de Alta velocidad La Ultrashaft TM combina la durabilidad necesaria para transportar cargas pesadas y la deformaci\u00f3n necesaria para operar a velocidades m\u00e1s altas sin vibraci\u00f3n en una soluci\u00f3n ligera y ergon\u00f3mica\" \/>\n<meta name=\"robots\" content=\"index, follow, max-snippet:-1, max-image-preview:large, max-video-preview:-1\" \/>\n<link rel=\"canonical\" href=\"https:\/\/ttemsa.com\/industria\/index.php\/tidland\/flechas-neumaticas-tidland\/45-tidland-flechas\/224-tidland-ultrashaft\/\" \/>\n<meta property=\"og:locale\" content=\"es_MX\" \/>\n<meta property=\"og:type\" content=\"article\" \/>\n<meta property=\"og:title\" content=\"Tidland Ultrashaft Alta resistencia, Soluci\u00f3n ergon\u00f3mica de Alta velocidad La Ultrashaft TM combina la durabilidad necesaria para transportar cargas pesadas y la deformaci\u00f3n necesaria para operar a velocidades m\u00e1s altas sin vibraci\u00f3n en una soluci\u00f3n ligera y ergon\u00f3mica\" \/>\n<meta property=\"og:description\" content=\"En ttemsa ofrecemos Soluciones. Solicite + info Tel\u00e9fonos: + 52 (55) 5352-0191 5352-1301 5352-6070 5352-0593\" \/>\n<meta property=\"og:url\" content=\"https:\/\/ttemsa.com\/industria\/index.php\/tidland\/flechas-neumaticas-tidland\/45-tidland-flechas\/224-tidland-ultrashaft\/\" \/>\n<meta property=\"og:site_name\" content=\"industria-de-la-conversion.ttemsa\" \/>\n<meta property=\"article:modified_time\" content=\"2024-09-10T12:56:26+00:00\" \/>\n<meta property=\"og:image\" content=\"https:\/\/ttemsa.com\/industria\/wp-content\/uploads\/2023\/12\/Ultrashaftimage002.png\" \/>\n\t<meta property=\"og:image:width\" content=\"631\" \/>\n\t<meta property=\"og:image:height\" content=\"426\" \/>\n\t<meta property=\"og:image:type\" content=\"image\/png\" \/>\n<meta name=\"twitter:card\" content=\"summary_large_image\" \/>\n<meta name=\"twitter:label1\" content=\"Tiempo de lectura\" \/>\n\t<meta name=\"twitter:data1\" content=\"3 minutos\" \/>\n<script type=\"application\/ld+json\" class=\"yoast-schema-graph\">{\"@context\":\"https:\/\/schema.org\",\"@graph\":[{\"@type\":\"WebPage\",\"@id\":\"https:\/\/ttemsa.com\/industria\/index.php\/tidland\/flechas-neumaticas-tidland\/45-tidland-flechas\/224-tidland-ultrashaft\/\",\"url\":\"https:\/\/ttemsa.com\/industria\/index.php\/tidland\/flechas-neumaticas-tidland\/45-tidland-flechas\/224-tidland-ultrashaft\/\",\"name\":\"Tidland Ultrashaft - industria-de-la-conversion.ttemsa\",\"isPartOf\":{\"@id\":\"https:\/\/ttemsa.com\/industria\/#website\"},\"primaryImageOfPage\":{\"@id\":\"https:\/\/ttemsa.com\/industria\/index.php\/tidland\/flechas-neumaticas-tidland\/45-tidland-flechas\/224-tidland-ultrashaft\/#primaryimage\"},\"image\":{\"@id\":\"https:\/\/ttemsa.com\/industria\/index.php\/tidland\/flechas-neumaticas-tidland\/45-tidland-flechas\/224-tidland-ultrashaft\/#primaryimage\"},\"thumbnailUrl\":\"https:\/\/ttemsa.com\/industria\/wp-content\/uploads\/2023\/12\/Ultrashaftimage002.png\",\"datePublished\":\"2024-03-01T20:40:49+00:00\",\"dateModified\":\"2024-09-10T12:56:26+00:00\",\"description\":\"Tidland Ultrashaft Alta resistencia, Soluci\u00f3n ergon\u00f3mica de Alta velocidad La Ultrashaft TM combina la durabilidad necesaria para transportar cargas pesadas y la deformaci\u00f3n necesaria para operar a velocidades m\u00e1s altas sin vibraci\u00f3n en una soluci\u00f3n ligera y ergon\u00f3mica\",\"breadcrumb\":{\"@id\":\"https:\/\/ttemsa.com\/industria\/index.php\/tidland\/flechas-neumaticas-tidland\/45-tidland-flechas\/224-tidland-ultrashaft\/#breadcrumb\"},\"inLanguage\":\"es\",\"potentialAction\":[{\"@type\":\"ReadAction\",\"target\":[\"https:\/\/ttemsa.com\/industria\/index.php\/tidland\/flechas-neumaticas-tidland\/45-tidland-flechas\/224-tidland-ultrashaft\/\"]}]},{\"@type\":\"ImageObject\",\"inLanguage\":\"es\",\"@id\":\"https:\/\/ttemsa.com\/industria\/index.php\/tidland\/flechas-neumaticas-tidland\/45-tidland-flechas\/224-tidland-ultrashaft\/#primaryimage\",\"url\":\"https:\/\/ttemsa.com\/industria\/wp-content\/uploads\/2023\/12\/Ultrashaftimage002.png\",\"contentUrl\":\"https:\/\/ttemsa.com\/industria\/wp-content\/uploads\/2023\/12\/Ultrashaftimage002.png\",\"width\":631,\"height\":426},{\"@type\":\"BreadcrumbList\",\"@id\":\"https:\/\/ttemsa.com\/industria\/index.php\/tidland\/flechas-neumaticas-tidland\/45-tidland-flechas\/224-tidland-ultrashaft\/#breadcrumb\",\"itemListElement\":[{\"@type\":\"ListItem\",\"position\":1,\"name\":\"Inicio\",\"item\":\"https:\/\/ttemsa.com\/industria\/\"},{\"@type\":\"ListItem\",\"position\":2,\"name\":\"TIDLAND\",\"item\":\"https:\/\/ttemsa.com\/industria\/index.php\/tidland\/\"},{\"@type\":\"ListItem\",\"position\":3,\"name\":\"Flechas Neum\u00e1ticas Cat\u00e1logo General\",\"item\":\"https:\/\/ttemsa.com\/industria\/index.php\/tidland\/flechas-neumaticas-tidland\/\"},{\"@type\":\"ListItem\",\"position\":4,\"name\":\"45 Flechas Neum\u00e1ticas\",\"item\":\"https:\/\/ttemsa.com\/industria\/index.php\/tidland\/flechas-neumaticas-tidland\/45-tidland-flechas\/\"},{\"@type\":\"ListItem\",\"position\":5,\"name\":\"Tidland Ultrashaft\"}]},{\"@type\":\"WebSite\",\"@id\":\"https:\/\/ttemsa.com\/industria\/#website\",\"url\":\"https:\/\/ttemsa.com\/industria\/\",\"name\":\"industria-de-la-conversion.ttemsa\",\"description\":\"Designed Dianalacazadora.com\",\"alternateName\":\"ttemsa l\u00edderes en la industria de la conversi\u00f3n\",\"potentialAction\":[{\"@type\":\"SearchAction\",\"target\":{\"@type\":\"EntryPoint\",\"urlTemplate\":\"https:\/\/ttemsa.com\/industria\/?s={search_term_string}\"},\"query-input\":{\"@type\":\"PropertyValueSpecification\",\"valueRequired\":true,\"valueName\":\"search_term_string\"}}],\"inLanguage\":\"es\"}]}<\/script>\n<!-- \/ Yoast SEO plugin. -->","yoast_head_json":{"title":"Tidland Ultrashaft - industria-de-la-conversion.ttemsa","description":"Tidland Ultrashaft Alta resistencia, Soluci\u00f3n ergon\u00f3mica de Alta velocidad La Ultrashaft TM combina la durabilidad necesaria para transportar cargas pesadas y la deformaci\u00f3n necesaria para operar a velocidades m\u00e1s altas sin vibraci\u00f3n en una soluci\u00f3n ligera y ergon\u00f3mica","robots":{"index":"index","follow":"follow","max-snippet":"max-snippet:-1","max-image-preview":"max-image-preview:large","max-video-preview":"max-video-preview:-1"},"canonical":"https:\/\/ttemsa.com\/industria\/index.php\/tidland\/flechas-neumaticas-tidland\/45-tidland-flechas\/224-tidland-ultrashaft\/","og_locale":"es_MX","og_type":"article","og_title":"Tidland Ultrashaft Alta resistencia, Soluci\u00f3n ergon\u00f3mica de Alta velocidad La Ultrashaft TM combina la durabilidad necesaria para transportar cargas pesadas y la deformaci\u00f3n necesaria para operar a velocidades m\u00e1s altas sin vibraci\u00f3n en una soluci\u00f3n ligera y ergon\u00f3mica","og_description":"En ttemsa ofrecemos Soluciones. Solicite + info Tel\u00e9fonos: + 52 (55) 5352-0191 5352-1301 5352-6070 5352-0593","og_url":"https:\/\/ttemsa.com\/industria\/index.php\/tidland\/flechas-neumaticas-tidland\/45-tidland-flechas\/224-tidland-ultrashaft\/","og_site_name":"industria-de-la-conversion.ttemsa","article_modified_time":"2024-09-10T12:56:26+00:00","og_image":[{"width":631,"height":426,"url":"https:\/\/ttemsa.com\/industria\/wp-content\/uploads\/2023\/12\/Ultrashaftimage002.png","type":"image\/png"}],"twitter_card":"summary_large_image","twitter_misc":{"Tiempo de lectura":"3 minutos"},"schema":{"@context":"https:\/\/schema.org","@graph":[{"@type":"WebPage","@id":"https:\/\/ttemsa.com\/industria\/index.php\/tidland\/flechas-neumaticas-tidland\/45-tidland-flechas\/224-tidland-ultrashaft\/","url":"https:\/\/ttemsa.com\/industria\/index.php\/tidland\/flechas-neumaticas-tidland\/45-tidland-flechas\/224-tidland-ultrashaft\/","name":"Tidland Ultrashaft - industria-de-la-conversion.ttemsa","isPartOf":{"@id":"https:\/\/ttemsa.com\/industria\/#website"},"primaryImageOfPage":{"@id":"https:\/\/ttemsa.com\/industria\/index.php\/tidland\/flechas-neumaticas-tidland\/45-tidland-flechas\/224-tidland-ultrashaft\/#primaryimage"},"image":{"@id":"https:\/\/ttemsa.com\/industria\/index.php\/tidland\/flechas-neumaticas-tidland\/45-tidland-flechas\/224-tidland-ultrashaft\/#primaryimage"},"thumbnailUrl":"https:\/\/ttemsa.com\/industria\/wp-content\/uploads\/2023\/12\/Ultrashaftimage002.png","datePublished":"2024-03-01T20:40:49+00:00","dateModified":"2024-09-10T12:56:26+00:00","description":"Tidland Ultrashaft Alta resistencia, Soluci\u00f3n ergon\u00f3mica de Alta velocidad La Ultrashaft TM combina la durabilidad necesaria para transportar cargas pesadas y la deformaci\u00f3n necesaria para operar a velocidades m\u00e1s altas sin vibraci\u00f3n en una soluci\u00f3n ligera y ergon\u00f3mica","breadcrumb":{"@id":"https:\/\/ttemsa.com\/industria\/index.php\/tidland\/flechas-neumaticas-tidland\/45-tidland-flechas\/224-tidland-ultrashaft\/#breadcrumb"},"inLanguage":"es","potentialAction":[{"@type":"ReadAction","target":["https:\/\/ttemsa.com\/industria\/index.php\/tidland\/flechas-neumaticas-tidland\/45-tidland-flechas\/224-tidland-ultrashaft\/"]}]},{"@type":"ImageObject","inLanguage":"es","@id":"https:\/\/ttemsa.com\/industria\/index.php\/tidland\/flechas-neumaticas-tidland\/45-tidland-flechas\/224-tidland-ultrashaft\/#primaryimage","url":"https:\/\/ttemsa.com\/industria\/wp-content\/uploads\/2023\/12\/Ultrashaftimage002.png","contentUrl":"https:\/\/ttemsa.com\/industria\/wp-content\/uploads\/2023\/12\/Ultrashaftimage002.png","width":631,"height":426},{"@type":"BreadcrumbList","@id":"https:\/\/ttemsa.com\/industria\/index.php\/tidland\/flechas-neumaticas-tidland\/45-tidland-flechas\/224-tidland-ultrashaft\/#breadcrumb","itemListElement":[{"@type":"ListItem","position":1,"name":"Inicio","item":"https:\/\/ttemsa.com\/industria\/"},{"@type":"ListItem","position":2,"name":"TIDLAND","item":"https:\/\/ttemsa.com\/industria\/index.php\/tidland\/"},{"@type":"ListItem","position":3,"name":"Flechas Neum\u00e1ticas Cat\u00e1logo General","item":"https:\/\/ttemsa.com\/industria\/index.php\/tidland\/flechas-neumaticas-tidland\/"},{"@type":"ListItem","position":4,"name":"45 Flechas Neum\u00e1ticas","item":"https:\/\/ttemsa.com\/industria\/index.php\/tidland\/flechas-neumaticas-tidland\/45-tidland-flechas\/"},{"@type":"ListItem","position":5,"name":"Tidland Ultrashaft"}]},{"@type":"WebSite","@id":"https:\/\/ttemsa.com\/industria\/#website","url":"https:\/\/ttemsa.com\/industria\/","name":"industria-de-la-conversion.ttemsa","description":"Designed Dianalacazadora.com","alternateName":"ttemsa l\u00edderes en la industria de la conversi\u00f3n","potentialAction":[{"@type":"SearchAction","target":{"@type":"EntryPoint","urlTemplate":"https:\/\/ttemsa.com\/industria\/?s={search_term_string}"},"query-input":{"@type":"PropertyValueSpecification","valueRequired":true,"valueName":"search_term_string"}}],"inLanguage":"es"}]}},"_links":{"self":[{"href":"https:\/\/ttemsa.com\/industria\/index.php\/wp-json\/wp\/v2\/pages\/1618","targetHints":{"allow":["GET"]}}],"collection":[{"href":"https:\/\/ttemsa.com\/industria\/index.php\/wp-json\/wp\/v2\/pages"}],"about":[{"href":"https:\/\/ttemsa.com\/industria\/index.php\/wp-json\/wp\/v2\/types\/page"}],"author":[{"embeddable":true,"href":"https:\/\/ttemsa.com\/industria\/index.php\/wp-json\/wp\/v2\/users\/1"}],"replies":[{"embeddable":true,"href":"https:\/\/ttemsa.com\/industria\/index.php\/wp-json\/wp\/v2\/comments?post=1618"}],"version-history":[{"count":3,"href":"https:\/\/ttemsa.com\/industria\/index.php\/wp-json\/wp\/v2\/pages\/1618\/revisions"}],"predecessor-version":[{"id":3119,"href":"https:\/\/ttemsa.com\/industria\/index.php\/wp-json\/wp\/v2\/pages\/1618\/revisions\/3119"}],"up":[{"embeddable":true,"href":"https:\/\/ttemsa.com\/industria\/index.php\/wp-json\/wp\/v2\/pages\/3571"}],"wp:attachment":[{"href":"https:\/\/ttemsa.com\/industria\/index.php\/wp-json\/wp\/v2\/media?parent=1618"}],"wp:term":[{"taxonomy":"category","embeddable":true,"href":"https:\/\/ttemsa.com\/industria\/index.php\/wp-json\/wp\/v2\/categories?post=1618"},{"taxonomy":"post_tag","embeddable":true,"href":"https:\/\/ttemsa.com\/industria\/index.php\/wp-json\/wp\/v2\/tags?post=1618"}],"curies":[{"name":"wp","href":"https:\/\/api.w.org\/{rel}","templated":true}]}}