{"id":1623,"date":"2024-03-01T20:41:36","date_gmt":"2024-03-01T20:41:36","guid":{"rendered":"https:\/\/ttemsa.com\/industria\/index.php\/tidland\/tidland-copy-copy-12\/"},"modified":"2024-09-10T15:38:04","modified_gmt":"2024-09-10T15:38:04","slug":"edge-trim-corte-de-borde2-2","status":"publish","type":"page","link":"https:\/\/ttemsa.com\/industria\/index.php\/tidland\/edge-trim-corte-de-borde2-2\/","title":{"rendered":"Sistema Corte Posicionamiento Autom\u00e1tico SP 500"},"content":{"rendered":"<div class=\"wp-block-image\">\n<figure class=\"aligncenter size-full is-resized\"><img loading=\"lazy\" decoding=\"async\" width=\"2560\" height=\"1358\" src=\"https:\/\/ttemsa.com\/industria\/wp-content\/uploads\/2023\/12\/TDLN17-1-scaled.jpg\" alt=\"\" class=\"wp-image-684\" style=\"width:570px;height:auto\" srcset=\"https:\/\/ttemsa.com\/industria\/wp-content\/uploads\/2023\/12\/TDLN17-1-scaled.jpg 2560w, https:\/\/ttemsa.com\/industria\/wp-content\/uploads\/2023\/12\/TDLN17-1-300x159.jpg 300w, https:\/\/ttemsa.com\/industria\/wp-content\/uploads\/2023\/12\/TDLN17-1-1024x543.jpg 1024w, https:\/\/ttemsa.com\/industria\/wp-content\/uploads\/2023\/12\/TDLN17-1-768x408.jpg 768w, https:\/\/ttemsa.com\/industria\/wp-content\/uploads\/2023\/12\/TDLN17-1-1536x815.jpg 1536w, https:\/\/ttemsa.com\/industria\/wp-content\/uploads\/2023\/12\/TDLN17-1-2048x1087.jpg 2048w\" sizes=\"auto, (max-width: 2560px) 100vw, 2560px\" \/><\/figure>\n<\/div>\n\n<div class=\"wp-block-image\">\n<figure class=\"aligncenter size-full is-resized\"><img loading=\"lazy\" decoding=\"async\" width=\"351\" height=\"156\" src=\"https:\/\/ttemsa.com\/industria\/wp-content\/uploads\/2023\/12\/tidland-1.jpg\" alt=\"\" class=\"wp-image-574\" style=\"width:194px;height:auto\" srcset=\"https:\/\/ttemsa.com\/industria\/wp-content\/uploads\/2023\/12\/tidland-1.jpg 351w, https:\/\/ttemsa.com\/industria\/wp-content\/uploads\/2023\/12\/tidland-1-300x133.jpg 300w\" sizes=\"auto, (max-width: 351px) 100vw, 351px\" \/><\/figure>\n<\/div>\n\n\n<p class=\"has-text-align-center\">Cumpla con el reto que establece el mercado como nunca antes.<\/p>\n\n\n\n<p>Con la nueva cortadora TIDLAND\u00ae modelo SP-500 que proporciona alta precisi\u00f3n en sus cortes y reduce la necesidad de interacci\u00f3n del operador en las ejecuciones. El resultado es una producci\u00f3n segura y sin igual.<\/p>\n\n\n\n<p><strong>Tidland Sistemas de corte longitudinal Autom\u00e1ticos<\/strong><\/p>\n\n\n\n<p>El SP-500 combina la \u00faltima tecnolog\u00eda en nuestros componentes, probados para aumentar la velocidad y la precisi\u00f3n en cuanto al posicionamiento de las cuchillas, Minimiza la frecuencia&nbsp; de mantenimiento, y reduce el riesgo de error humano. <\/p>\n\n\n\n<p>Proporciona opciones personalizadas, en las contra-cuchillas, ejes de la cortadora, y en el mecanismo de impulsi\u00f3n lo cual hace que se garantice un ajuste perfecto en su uso.<\/p>\n\n\n\n<p><strong>VENTAJAS<\/strong>:&nbsp;<\/p>\n\n\n\n<figure class=\"wp-block-image size-full\"><img loading=\"lazy\" decoding=\"async\" width=\"675\" height=\"390\" src=\"https:\/\/ttemsa.com\/industria\/wp-content\/uploads\/2023\/12\/tidlans-slit.png\" alt=\"\" class=\"wp-image-686\" srcset=\"https:\/\/ttemsa.com\/industria\/wp-content\/uploads\/2023\/12\/tidlans-slit.png 675w, https:\/\/ttemsa.com\/industria\/wp-content\/uploads\/2023\/12\/tidlans-slit-300x173.png 300w\" sizes=\"auto, (max-width: 675px) 100vw, 675px\" \/><\/figure>\n\n\n\n<ul class=\"wp-block-list\">\n<li>Personalizaci\u00f3n que se adapta a su sistema de base de operaciones de alta precisi\u00f3n en el funcionamiento.<\/li>\n\n\n\n<li>El contacto m\u00ednimo con las cuchillas acorta el tiempo de instalaci\u00f3n y aumenta la seguridad del operador.<\/li>\n\n\n\n<li>Mejora la vida de la hoja.<\/li>\n\n\n\n<li>Corte de alta calidad de orilla y disminuci\u00f3n de polvo.<\/li>\n\n\n\n<li>Menos piezas m\u00f3viles, reduce la frecuencia y la complejidad del mantenimiento.<\/li>\n\n\n\n<li>Interfaz f\u00e1cil de usar a trav\u00e9s de la PC o HMI existentes.<\/li>\n<\/ul>\n\n\n\n<p><strong>CORTADORA MARCA TIDLAND MODELO SP-500<\/strong><\/p>\n\n\n\n<figure class=\"wp-block-image size-large is-resized\"><img loading=\"lazy\" decoding=\"async\" width=\"1024\" height=\"781\" src=\"https:\/\/ttemsa.com\/industria\/wp-content\/uploads\/2023\/12\/TDLN20-1024x781.jpg\" alt=\"\" class=\"wp-image-687\" style=\"width:423px;height:auto\" srcset=\"https:\/\/ttemsa.com\/industria\/wp-content\/uploads\/2023\/12\/TDLN20-1024x781.jpg 1024w, https:\/\/ttemsa.com\/industria\/wp-content\/uploads\/2023\/12\/TDLN20-300x229.jpg 300w, https:\/\/ttemsa.com\/industria\/wp-content\/uploads\/2023\/12\/TDLN20-768x586.jpg 768w, https:\/\/ttemsa.com\/industria\/wp-content\/uploads\/2023\/12\/TDLN20-1536x1172.jpg 1536w, https:\/\/ttemsa.com\/industria\/wp-content\/uploads\/2023\/12\/TDLN20-2048x1562.jpg 2048w\" sizes=\"auto, (max-width: 1024px) 100vw, 1024px\" \/><\/figure>\n\n\n\n<figure class=\"wp-block-image size-large is-resized\"><img loading=\"lazy\" decoding=\"async\" width=\"1024\" height=\"694\" src=\"https:\/\/ttemsa.com\/industria\/wp-content\/uploads\/2023\/12\/TDLN18-1024x694.jpg\" alt=\"\" class=\"wp-image-688\" style=\"width:445px;height:auto\" srcset=\"https:\/\/ttemsa.com\/industria\/wp-content\/uploads\/2023\/12\/TDLN18-1024x694.jpg 1024w, https:\/\/ttemsa.com\/industria\/wp-content\/uploads\/2023\/12\/TDLN18-300x203.jpg 300w, https:\/\/ttemsa.com\/industria\/wp-content\/uploads\/2023\/12\/TDLN18-768x520.jpg 768w, https:\/\/ttemsa.com\/industria\/wp-content\/uploads\/2023\/12\/TDLN18-1536x1041.jpg 1536w, https:\/\/ttemsa.com\/industria\/wp-content\/uploads\/2023\/12\/TDLN18-2048x1387.jpg 2048w\" sizes=\"auto, (max-width: 1024px) 100vw, 1024px\" \/><\/figure>\n","protected":false},"excerpt":{"rendered":"<p>Cumpla con el reto que establece el mercado como nunca antes. Con la nueva cortadora TIDLAND\u00ae modelo SP-500 que proporciona alta precisi\u00f3n en sus cortes y reduce la necesidad de interacci\u00f3n del operador en las ejecuciones. El resultado es una producci\u00f3n segura y sin igual. Tidland Sistemas de corte longitudinal Autom\u00e1ticos El SP-500 combina la [&hellip;]<\/p>\n","protected":false},"author":1,"featured_media":0,"parent":302,"menu_order":0,"comment_status":"closed","ping_status":"closed","template":"","meta":{"content-type":"","footnotes":""},"categories":[16],"tags":[],"class_list":["post-1623","page","type-page","status-publish","hentry","category-tidland"],"yoast_head":"<!-- This site is optimized with the Yoast SEO plugin v26.6 - https:\/\/yoast.com\/wordpress\/plugins\/seo\/ -->\n<title>Sistema Corte Posicionamiento Autom\u00e1tico SP 500 - industria-de-la-conversion.ttemsa<\/title>\n<meta name=\"description\" content=\"Cumpla con el reto que establece el mercado como nunca antes. Con la nueva cortadora TIDLAND\u00ae modelo SP-500\" \/>\n<meta name=\"robots\" content=\"index, follow, max-snippet:-1, max-image-preview:large, max-video-preview:-1\" \/>\n<link rel=\"canonical\" href=\"https:\/\/ttemsa.com\/industria\/index.php\/tidland\/edge-trim-corte-de-borde2-2\/\" \/>\n<meta property=\"og:locale\" content=\"es_MX\" \/>\n<meta property=\"og:type\" content=\"article\" \/>\n<meta property=\"og:title\" content=\"Sistema Corte Posicionamiento Autom\u00e1tico, Cumpla con el reto que establece el mercado como nunca antes. Con la nueva cortadora TIDLAND\u00ae modelo SP-500\" \/>\n<meta property=\"og:description\" content=\"En ttemsa ofrecemos Soluciones. Solicite + info Tel\u00e9fonos: + 52 (55) 5352-0191 5352-1301 5352-6070 5352-0593\" \/>\n<meta property=\"og:url\" content=\"https:\/\/ttemsa.com\/industria\/index.php\/tidland\/edge-trim-corte-de-borde2-2\/\" \/>\n<meta property=\"og:site_name\" content=\"industria-de-la-conversion.ttemsa\" \/>\n<meta property=\"article:modified_time\" content=\"2024-09-10T15:38:04+00:00\" \/>\n<meta property=\"og:image\" content=\"https:\/\/ttemsa.com\/industria\/wp-content\/uploads\/2023\/12\/TDLN17-1-scaled.jpg\" \/>\n\t<meta property=\"og:image:width\" content=\"2560\" \/>\n\t<meta property=\"og:image:height\" content=\"1358\" \/>\n\t<meta property=\"og:image:type\" content=\"image\/jpeg\" \/>\n<meta name=\"twitter:card\" content=\"summary_large_image\" \/>\n<meta name=\"twitter:label1\" content=\"Tiempo de lectura\" \/>\n\t<meta name=\"twitter:data1\" content=\"2 minutos\" \/>\n<script type=\"application\/ld+json\" class=\"yoast-schema-graph\">{\"@context\":\"https:\/\/schema.org\",\"@graph\":[{\"@type\":\"WebPage\",\"@id\":\"https:\/\/ttemsa.com\/industria\/index.php\/tidland\/edge-trim-corte-de-borde2-2\/\",\"url\":\"https:\/\/ttemsa.com\/industria\/index.php\/tidland\/edge-trim-corte-de-borde2-2\/\",\"name\":\"Sistema Corte Posicionamiento Autom\u00e1tico SP 500 - industria-de-la-conversion.ttemsa\",\"isPartOf\":{\"@id\":\"https:\/\/ttemsa.com\/industria\/#website\"},\"primaryImageOfPage\":{\"@id\":\"https:\/\/ttemsa.com\/industria\/index.php\/tidland\/edge-trim-corte-de-borde2-2\/#primaryimage\"},\"image\":{\"@id\":\"https:\/\/ttemsa.com\/industria\/index.php\/tidland\/edge-trim-corte-de-borde2-2\/#primaryimage\"},\"thumbnailUrl\":\"https:\/\/ttemsa.com\/industria\/wp-content\/uploads\/2023\/12\/TDLN17-1-scaled.jpg\",\"datePublished\":\"2024-03-01T20:41:36+00:00\",\"dateModified\":\"2024-09-10T15:38:04+00:00\",\"description\":\"Cumpla con el reto que establece el mercado como nunca antes. Con la nueva cortadora TIDLAND\u00ae modelo SP-500\",\"breadcrumb\":{\"@id\":\"https:\/\/ttemsa.com\/industria\/index.php\/tidland\/edge-trim-corte-de-borde2-2\/#breadcrumb\"},\"inLanguage\":\"es\",\"potentialAction\":[{\"@type\":\"ReadAction\",\"target\":[\"https:\/\/ttemsa.com\/industria\/index.php\/tidland\/edge-trim-corte-de-borde2-2\/\"]}]},{\"@type\":\"ImageObject\",\"inLanguage\":\"es\",\"@id\":\"https:\/\/ttemsa.com\/industria\/index.php\/tidland\/edge-trim-corte-de-borde2-2\/#primaryimage\",\"url\":\"https:\/\/ttemsa.com\/industria\/wp-content\/uploads\/2023\/12\/TDLN17-1-scaled.jpg\",\"contentUrl\":\"https:\/\/ttemsa.com\/industria\/wp-content\/uploads\/2023\/12\/TDLN17-1-scaled.jpg\",\"width\":2560,\"height\":1358},{\"@type\":\"BreadcrumbList\",\"@id\":\"https:\/\/ttemsa.com\/industria\/index.php\/tidland\/edge-trim-corte-de-borde2-2\/#breadcrumb\",\"itemListElement\":[{\"@type\":\"ListItem\",\"position\":1,\"name\":\"Inicio\",\"item\":\"https:\/\/ttemsa.com\/industria\/\"},{\"@type\":\"ListItem\",\"position\":2,\"name\":\"TIDLAND\",\"item\":\"https:\/\/ttemsa.com\/industria\/index.php\/tidland\/\"},{\"@type\":\"ListItem\",\"position\":3,\"name\":\"Sistema Corte Posicionamiento Autom\u00e1tico SP 500\"}]},{\"@type\":\"WebSite\",\"@id\":\"https:\/\/ttemsa.com\/industria\/#website\",\"url\":\"https:\/\/ttemsa.com\/industria\/\",\"name\":\"industria-de-la-conversion.ttemsa\",\"description\":\"Designed Dianalacazadora.com\",\"alternateName\":\"ttemsa l\u00edderes en la industria de la conversi\u00f3n\",\"potentialAction\":[{\"@type\":\"SearchAction\",\"target\":{\"@type\":\"EntryPoint\",\"urlTemplate\":\"https:\/\/ttemsa.com\/industria\/?s={search_term_string}\"},\"query-input\":{\"@type\":\"PropertyValueSpecification\",\"valueRequired\":true,\"valueName\":\"search_term_string\"}}],\"inLanguage\":\"es\"}]}<\/script>\n<!-- \/ Yoast SEO plugin. -->","yoast_head_json":{"title":"Sistema Corte Posicionamiento Autom\u00e1tico SP 500 - industria-de-la-conversion.ttemsa","description":"Cumpla con el reto que establece el mercado como nunca antes. Con la nueva cortadora TIDLAND\u00ae modelo SP-500","robots":{"index":"index","follow":"follow","max-snippet":"max-snippet:-1","max-image-preview":"max-image-preview:large","max-video-preview":"max-video-preview:-1"},"canonical":"https:\/\/ttemsa.com\/industria\/index.php\/tidland\/edge-trim-corte-de-borde2-2\/","og_locale":"es_MX","og_type":"article","og_title":"Sistema Corte Posicionamiento Autom\u00e1tico, Cumpla con el reto que establece el mercado como nunca antes. Con la nueva cortadora TIDLAND\u00ae modelo SP-500","og_description":"En ttemsa ofrecemos Soluciones. Solicite + info Tel\u00e9fonos: + 52 (55) 5352-0191 5352-1301 5352-6070 5352-0593","og_url":"https:\/\/ttemsa.com\/industria\/index.php\/tidland\/edge-trim-corte-de-borde2-2\/","og_site_name":"industria-de-la-conversion.ttemsa","article_modified_time":"2024-09-10T15:38:04+00:00","og_image":[{"width":2560,"height":1358,"url":"https:\/\/ttemsa.com\/industria\/wp-content\/uploads\/2023\/12\/TDLN17-1-scaled.jpg","type":"image\/jpeg"}],"twitter_card":"summary_large_image","twitter_misc":{"Tiempo de lectura":"2 minutos"},"schema":{"@context":"https:\/\/schema.org","@graph":[{"@type":"WebPage","@id":"https:\/\/ttemsa.com\/industria\/index.php\/tidland\/edge-trim-corte-de-borde2-2\/","url":"https:\/\/ttemsa.com\/industria\/index.php\/tidland\/edge-trim-corte-de-borde2-2\/","name":"Sistema Corte Posicionamiento Autom\u00e1tico SP 500 - industria-de-la-conversion.ttemsa","isPartOf":{"@id":"https:\/\/ttemsa.com\/industria\/#website"},"primaryImageOfPage":{"@id":"https:\/\/ttemsa.com\/industria\/index.php\/tidland\/edge-trim-corte-de-borde2-2\/#primaryimage"},"image":{"@id":"https:\/\/ttemsa.com\/industria\/index.php\/tidland\/edge-trim-corte-de-borde2-2\/#primaryimage"},"thumbnailUrl":"https:\/\/ttemsa.com\/industria\/wp-content\/uploads\/2023\/12\/TDLN17-1-scaled.jpg","datePublished":"2024-03-01T20:41:36+00:00","dateModified":"2024-09-10T15:38:04+00:00","description":"Cumpla con el reto que establece el mercado como nunca antes. Con la nueva cortadora TIDLAND\u00ae modelo SP-500","breadcrumb":{"@id":"https:\/\/ttemsa.com\/industria\/index.php\/tidland\/edge-trim-corte-de-borde2-2\/#breadcrumb"},"inLanguage":"es","potentialAction":[{"@type":"ReadAction","target":["https:\/\/ttemsa.com\/industria\/index.php\/tidland\/edge-trim-corte-de-borde2-2\/"]}]},{"@type":"ImageObject","inLanguage":"es","@id":"https:\/\/ttemsa.com\/industria\/index.php\/tidland\/edge-trim-corte-de-borde2-2\/#primaryimage","url":"https:\/\/ttemsa.com\/industria\/wp-content\/uploads\/2023\/12\/TDLN17-1-scaled.jpg","contentUrl":"https:\/\/ttemsa.com\/industria\/wp-content\/uploads\/2023\/12\/TDLN17-1-scaled.jpg","width":2560,"height":1358},{"@type":"BreadcrumbList","@id":"https:\/\/ttemsa.com\/industria\/index.php\/tidland\/edge-trim-corte-de-borde2-2\/#breadcrumb","itemListElement":[{"@type":"ListItem","position":1,"name":"Inicio","item":"https:\/\/ttemsa.com\/industria\/"},{"@type":"ListItem","position":2,"name":"TIDLAND","item":"https:\/\/ttemsa.com\/industria\/index.php\/tidland\/"},{"@type":"ListItem","position":3,"name":"Sistema Corte Posicionamiento Autom\u00e1tico SP 500"}]},{"@type":"WebSite","@id":"https:\/\/ttemsa.com\/industria\/#website","url":"https:\/\/ttemsa.com\/industria\/","name":"industria-de-la-conversion.ttemsa","description":"Designed Dianalacazadora.com","alternateName":"ttemsa l\u00edderes en la industria de la conversi\u00f3n","potentialAction":[{"@type":"SearchAction","target":{"@type":"EntryPoint","urlTemplate":"https:\/\/ttemsa.com\/industria\/?s={search_term_string}"},"query-input":{"@type":"PropertyValueSpecification","valueRequired":true,"valueName":"search_term_string"}}],"inLanguage":"es"}]}},"_links":{"self":[{"href":"https:\/\/ttemsa.com\/industria\/index.php\/wp-json\/wp\/v2\/pages\/1623","targetHints":{"allow":["GET"]}}],"collection":[{"href":"https:\/\/ttemsa.com\/industria\/index.php\/wp-json\/wp\/v2\/pages"}],"about":[{"href":"https:\/\/ttemsa.com\/industria\/index.php\/wp-json\/wp\/v2\/types\/page"}],"author":[{"embeddable":true,"href":"https:\/\/ttemsa.com\/industria\/index.php\/wp-json\/wp\/v2\/users\/1"}],"replies":[{"embeddable":true,"href":"https:\/\/ttemsa.com\/industria\/index.php\/wp-json\/wp\/v2\/comments?post=1623"}],"version-history":[{"count":5,"href":"https:\/\/ttemsa.com\/industria\/index.php\/wp-json\/wp\/v2\/pages\/1623\/revisions"}],"predecessor-version":[{"id":3592,"href":"https:\/\/ttemsa.com\/industria\/index.php\/wp-json\/wp\/v2\/pages\/1623\/revisions\/3592"}],"up":[{"embeddable":true,"href":"https:\/\/ttemsa.com\/industria\/index.php\/wp-json\/wp\/v2\/pages\/302"}],"wp:attachment":[{"href":"https:\/\/ttemsa.com\/industria\/index.php\/wp-json\/wp\/v2\/media?parent=1623"}],"wp:term":[{"taxonomy":"category","embeddable":true,"href":"https:\/\/ttemsa.com\/industria\/index.php\/wp-json\/wp\/v2\/categories?post=1623"},{"taxonomy":"post_tag","embeddable":true,"href":"https:\/\/ttemsa.com\/industria\/index.php\/wp-json\/wp\/v2\/tags?post=1623"}],"curies":[{"name":"wp","href":"https:\/\/api.w.org\/{rel}","templated":true}]}}