{"id":1669,"date":"2024-03-01T21:05:14","date_gmt":"2024-03-01T21:05:14","guid":{"rendered":"https:\/\/ttemsa.com\/industria\/index.php\/simco-ion\/catalogo-general-copy-copy-copy-copy-copy-2\/"},"modified":"2024-09-06T20:14:38","modified_gmt":"2024-09-06T20:14:38","slug":"cortina-transvectora-cuchillos-de-aire-ionizado","status":"publish","type":"page","link":"https:\/\/ttemsa.com\/industria\/index.php\/simco-ion\/barras-neutralizadoras-de-estatica\/cortina-transvectora-cuchillos-de-aire-ionizado\/","title":{"rendered":"CORTINA TRANSVECTORA DE AIRE IONIZADO"},"content":{"rendered":"\n<h2 class=\"wp-block-heading has-text-align-center\"><strong><strong>Equipo para eliminar est\u00e1tica<\/strong><\/strong><\/h2>\n\n\n<div class=\"wp-block-image\">\n<figure class=\"aligncenter size-full is-resized\"><img loading=\"lazy\" decoding=\"async\" width=\"911\" height=\"305\" src=\"https:\/\/ttemsa.com\/industria\/wp-content\/uploads\/2023\/12\/cortina-transvectora.png\" alt=\"\" class=\"wp-image-996\" style=\"width:534px;height:auto\" srcset=\"https:\/\/ttemsa.com\/industria\/wp-content\/uploads\/2023\/12\/cortina-transvectora.png 911w, https:\/\/ttemsa.com\/industria\/wp-content\/uploads\/2023\/12\/cortina-transvectora-300x100.png 300w, https:\/\/ttemsa.com\/industria\/wp-content\/uploads\/2023\/12\/cortina-transvectora-768x257.png 768w\" sizes=\"auto, (max-width: 911px) 100vw, 911px\" \/><\/figure>\n<\/div>\n\n<div class=\"wp-block-image\">\n<figure class=\"aligncenter size-full is-resized\"><img loading=\"lazy\" decoding=\"async\" width=\"640\" height=\"169\" src=\"https:\/\/ttemsa.com\/industria\/wp-content\/uploads\/2023\/12\/logo-simco.png\" alt=\"\" class=\"wp-image-940\" style=\"width:284px;height:auto\" srcset=\"https:\/\/ttemsa.com\/industria\/wp-content\/uploads\/2023\/12\/logo-simco.png 640w, https:\/\/ttemsa.com\/industria\/wp-content\/uploads\/2023\/12\/logo-simco-300x79.png 300w\" sizes=\"auto, (max-width: 640px) 100vw, 640px\" \/><\/figure>\n<\/div>\n\n\n<p><strong>Descripci\u00f3n<\/strong><\/p>\n\n\n\n<p>Los cuchillos de aire \/ transvectores utilizan aire comprimido para un soplado superior desprendiendo polvo y suciedad.<\/p>\n\n\n\n<p>Los transvectores Simco-Ion usan una tecnolog\u00eda patentada que resulta el menor nivel de ruido con menos consumo de aire comprimido, al mismo tiempo con un desempe\u00f1o superior que otros cuchillos de aire.<\/p>\n\n\n\n<p>El transvector Simco-ion tambi\u00e9n tiene una ampliaci\u00f3n de flujo y mas uniforme de este flujo, proporcionando alternativas de las barras neutralizadoras cuando la potencia de flujo de aire es desea simult\u00e1neamente para limpieza y neutralizaci\u00f3n de cargas est\u00e1ticas.<\/p>\n\n\n\n<p>Operan con aire comprimido en la cortina transvectora dise\u00f1ada para un chorro directo de aire ionizado a una \u00e1rea espec\u00edfica.<\/p>\n\n\n\n<p>Las cortinas transvectoras ionizantes Simco-Ion est\u00e1n disponibles en barras est\u00e1ndar o para ambientes inflamables aprobados para Clase I ( Divisi\u00f3n I, Grupo D )<\/p>\n\n\n\n<hr class=\"wp-block-separator has-alpha-channel-opacity\"\/>\n\n\n\n<p class=\"has-large-font-size\"><strong>Cuchillos de Aire \/ Transvectores<\/strong><\/p>\n\n\n\n<figure class=\"wp-block-image size-full is-resized\"><img loading=\"lazy\" decoding=\"async\" width=\"661\" height=\"505\" src=\"https:\/\/ttemsa.com\/industria\/wp-content\/uploads\/2023\/12\/cortinas-transvectoras-ionizantes.png\" alt=\"\" class=\"wp-image-999\" style=\"width:525px;height:auto\" srcset=\"https:\/\/ttemsa.com\/industria\/wp-content\/uploads\/2023\/12\/cortinas-transvectoras-ionizantes.png 661w, https:\/\/ttemsa.com\/industria\/wp-content\/uploads\/2023\/12\/cortinas-transvectoras-ionizantes-300x229.png 300w\" sizes=\"auto, (max-width: 661px) 100vw, 661px\" \/><\/figure>\n\n\n\n<hr class=\"wp-block-separator has-alpha-channel-opacity\"\/>\n\n\n\n<p class=\"has-medium-font-size\"><strong>Usos T\u00edpicos de las cortinas transvectoras ionizantes<\/strong><\/p>\n","protected":false},"excerpt":{"rendered":"<p>Equipo para eliminar est\u00e1tica Descripci\u00f3n Los cuchillos de aire \/ transvectores utilizan aire comprimido para un soplado superior desprendiendo polvo y suciedad. Los transvectores Simco-Ion usan una tecnolog\u00eda patentada que resulta el menor nivel de ruido con menos consumo de aire comprimido, al mismo tiempo con un desempe\u00f1o superior que otros cuchillos de aire. El [&hellip;]<\/p>\n","protected":false},"author":1,"featured_media":0,"parent":1664,"menu_order":0,"comment_status":"closed","ping_status":"closed","template":"","meta":{"content-type":"","footnotes":""},"categories":[18],"tags":[],"class_list":["post-1669","page","type-page","status-publish","hentry","category-simco-ion"],"yoast_head":"<!-- This site is optimized with the Yoast SEO plugin v26.6 - https:\/\/yoast.com\/wordpress\/plugins\/seo\/ -->\n<title>CORTINA TRANSVECTORA DE AIRE IONIZADO - industria-de-la-conversion.ttemsa<\/title>\n<meta name=\"description\" content=\"Los cuchillos de aire \/ transvectores utilizan aire comprimido para un soplado superior desprendiendo polvo y suciedad.\" \/>\n<meta name=\"robots\" content=\"index, follow, max-snippet:-1, max-image-preview:large, max-video-preview:-1\" \/>\n<link rel=\"canonical\" href=\"https:\/\/ttemsa.com\/industria\/index.php\/simco-ion\/barras-neutralizadoras-de-estatica\/cortina-transvectora-cuchillos-de-aire-ionizado\/\" \/>\n<meta property=\"og:locale\" content=\"es_MX\" \/>\n<meta property=\"og:type\" content=\"article\" \/>\n<meta property=\"og:title\" content=\"Cortina Transvectora \/ Cuchillos de Aire Ionizado \/ Descripci\u00f3n Los cuchillos de aire \/ transvectores utilizan aire comprimido para un soplado superior desprendiendo polvo y suciedad.\" \/>\n<meta property=\"og:description\" content=\"En ttemsa ofrecemos Soluciones. Solicite + info Tel\u00e9fonos: + 52 (55) 5352-0191 5352-1301 5352-6070 5352-0593\" \/>\n<meta property=\"og:url\" content=\"https:\/\/ttemsa.com\/industria\/index.php\/simco-ion\/barras-neutralizadoras-de-estatica\/cortina-transvectora-cuchillos-de-aire-ionizado\/\" \/>\n<meta property=\"og:site_name\" content=\"industria-de-la-conversion.ttemsa\" \/>\n<meta property=\"article:modified_time\" content=\"2024-09-06T20:14:38+00:00\" \/>\n<meta property=\"og:image\" content=\"https:\/\/ttemsa.com\/industria\/wp-content\/uploads\/2023\/12\/cortinas-transvectoras-ionizantes.png\" \/>\n\t<meta property=\"og:image:width\" content=\"661\" \/>\n\t<meta property=\"og:image:height\" content=\"505\" \/>\n\t<meta property=\"og:image:type\" content=\"image\/png\" \/>\n<meta name=\"twitter:card\" content=\"summary_large_image\" \/>\n<meta name=\"twitter:label1\" content=\"Tiempo de lectura\" \/>\n\t<meta name=\"twitter:data1\" content=\"2 minutos\" \/>\n<script type=\"application\/ld+json\" class=\"yoast-schema-graph\">{\"@context\":\"https:\/\/schema.org\",\"@graph\":[{\"@type\":\"WebPage\",\"@id\":\"https:\/\/ttemsa.com\/industria\/index.php\/simco-ion\/barras-neutralizadoras-de-estatica\/cortina-transvectora-cuchillos-de-aire-ionizado\/\",\"url\":\"https:\/\/ttemsa.com\/industria\/index.php\/simco-ion\/barras-neutralizadoras-de-estatica\/cortina-transvectora-cuchillos-de-aire-ionizado\/\",\"name\":\"CORTINA TRANSVECTORA DE AIRE IONIZADO - industria-de-la-conversion.ttemsa\",\"isPartOf\":{\"@id\":\"https:\/\/ttemsa.com\/industria\/#website\"},\"primaryImageOfPage\":{\"@id\":\"https:\/\/ttemsa.com\/industria\/index.php\/simco-ion\/barras-neutralizadoras-de-estatica\/cortina-transvectora-cuchillos-de-aire-ionizado\/#primaryimage\"},\"image\":{\"@id\":\"https:\/\/ttemsa.com\/industria\/index.php\/simco-ion\/barras-neutralizadoras-de-estatica\/cortina-transvectora-cuchillos-de-aire-ionizado\/#primaryimage\"},\"thumbnailUrl\":\"https:\/\/ttemsa.com\/industria\/wp-content\/uploads\/2023\/12\/cortina-transvectora.png\",\"datePublished\":\"2024-03-01T21:05:14+00:00\",\"dateModified\":\"2024-09-06T20:14:38+00:00\",\"description\":\"Los cuchillos de aire \/ transvectores utilizan aire comprimido para un soplado superior desprendiendo polvo y suciedad.\",\"breadcrumb\":{\"@id\":\"https:\/\/ttemsa.com\/industria\/index.php\/simco-ion\/barras-neutralizadoras-de-estatica\/cortina-transvectora-cuchillos-de-aire-ionizado\/#breadcrumb\"},\"inLanguage\":\"es\",\"potentialAction\":[{\"@type\":\"ReadAction\",\"target\":[\"https:\/\/ttemsa.com\/industria\/index.php\/simco-ion\/barras-neutralizadoras-de-estatica\/cortina-transvectora-cuchillos-de-aire-ionizado\/\"]}]},{\"@type\":\"ImageObject\",\"inLanguage\":\"es\",\"@id\":\"https:\/\/ttemsa.com\/industria\/index.php\/simco-ion\/barras-neutralizadoras-de-estatica\/cortina-transvectora-cuchillos-de-aire-ionizado\/#primaryimage\",\"url\":\"https:\/\/ttemsa.com\/industria\/wp-content\/uploads\/2023\/12\/cortina-transvectora.png\",\"contentUrl\":\"https:\/\/ttemsa.com\/industria\/wp-content\/uploads\/2023\/12\/cortina-transvectora.png\",\"width\":911,\"height\":305},{\"@type\":\"BreadcrumbList\",\"@id\":\"https:\/\/ttemsa.com\/industria\/index.php\/simco-ion\/barras-neutralizadoras-de-estatica\/cortina-transvectora-cuchillos-de-aire-ionizado\/#breadcrumb\",\"itemListElement\":[{\"@type\":\"ListItem\",\"position\":1,\"name\":\"Inicio\",\"item\":\"https:\/\/ttemsa.com\/industria\/\"},{\"@type\":\"ListItem\",\"position\":2,\"name\":\"SIMCO-ION\",\"item\":\"https:\/\/ttemsa.com\/industria\/index.php\/simco-ion\/\"},{\"@type\":\"ListItem\",\"position\":3,\"name\":\"Barras Neutralizadoras de Est\u00e1tica\",\"item\":\"https:\/\/ttemsa.com\/industria\/index.php\/simco-ion\/barras-neutralizadoras-de-estatica\/\"},{\"@type\":\"ListItem\",\"position\":4,\"name\":\"CORTINA TRANSVECTORA DE AIRE IONIZADO\"}]},{\"@type\":\"WebSite\",\"@id\":\"https:\/\/ttemsa.com\/industria\/#website\",\"url\":\"https:\/\/ttemsa.com\/industria\/\",\"name\":\"industria-de-la-conversion.ttemsa\",\"description\":\"Designed Dianalacazadora.com\",\"alternateName\":\"ttemsa l\u00edderes en la industria de la conversi\u00f3n\",\"potentialAction\":[{\"@type\":\"SearchAction\",\"target\":{\"@type\":\"EntryPoint\",\"urlTemplate\":\"https:\/\/ttemsa.com\/industria\/?s={search_term_string}\"},\"query-input\":{\"@type\":\"PropertyValueSpecification\",\"valueRequired\":true,\"valueName\":\"search_term_string\"}}],\"inLanguage\":\"es\"}]}<\/script>\n<!-- \/ Yoast SEO plugin. -->","yoast_head_json":{"title":"CORTINA TRANSVECTORA DE AIRE IONIZADO - industria-de-la-conversion.ttemsa","description":"Los cuchillos de aire \/ transvectores utilizan aire comprimido para un soplado superior desprendiendo polvo y suciedad.","robots":{"index":"index","follow":"follow","max-snippet":"max-snippet:-1","max-image-preview":"max-image-preview:large","max-video-preview":"max-video-preview:-1"},"canonical":"https:\/\/ttemsa.com\/industria\/index.php\/simco-ion\/barras-neutralizadoras-de-estatica\/cortina-transvectora-cuchillos-de-aire-ionizado\/","og_locale":"es_MX","og_type":"article","og_title":"Cortina Transvectora \/ Cuchillos de Aire Ionizado \/ Descripci\u00f3n Los cuchillos de aire \/ transvectores utilizan aire comprimido para un soplado superior desprendiendo polvo y suciedad.","og_description":"En ttemsa ofrecemos Soluciones. Solicite + info Tel\u00e9fonos: + 52 (55) 5352-0191 5352-1301 5352-6070 5352-0593","og_url":"https:\/\/ttemsa.com\/industria\/index.php\/simco-ion\/barras-neutralizadoras-de-estatica\/cortina-transvectora-cuchillos-de-aire-ionizado\/","og_site_name":"industria-de-la-conversion.ttemsa","article_modified_time":"2024-09-06T20:14:38+00:00","og_image":[{"width":661,"height":505,"url":"https:\/\/ttemsa.com\/industria\/wp-content\/uploads\/2023\/12\/cortinas-transvectoras-ionizantes.png","type":"image\/png"}],"twitter_card":"summary_large_image","twitter_misc":{"Tiempo de lectura":"2 minutos"},"schema":{"@context":"https:\/\/schema.org","@graph":[{"@type":"WebPage","@id":"https:\/\/ttemsa.com\/industria\/index.php\/simco-ion\/barras-neutralizadoras-de-estatica\/cortina-transvectora-cuchillos-de-aire-ionizado\/","url":"https:\/\/ttemsa.com\/industria\/index.php\/simco-ion\/barras-neutralizadoras-de-estatica\/cortina-transvectora-cuchillos-de-aire-ionizado\/","name":"CORTINA TRANSVECTORA DE AIRE IONIZADO - industria-de-la-conversion.ttemsa","isPartOf":{"@id":"https:\/\/ttemsa.com\/industria\/#website"},"primaryImageOfPage":{"@id":"https:\/\/ttemsa.com\/industria\/index.php\/simco-ion\/barras-neutralizadoras-de-estatica\/cortina-transvectora-cuchillos-de-aire-ionizado\/#primaryimage"},"image":{"@id":"https:\/\/ttemsa.com\/industria\/index.php\/simco-ion\/barras-neutralizadoras-de-estatica\/cortina-transvectora-cuchillos-de-aire-ionizado\/#primaryimage"},"thumbnailUrl":"https:\/\/ttemsa.com\/industria\/wp-content\/uploads\/2023\/12\/cortina-transvectora.png","datePublished":"2024-03-01T21:05:14+00:00","dateModified":"2024-09-06T20:14:38+00:00","description":"Los cuchillos de aire \/ transvectores utilizan aire comprimido para un soplado superior desprendiendo polvo y suciedad.","breadcrumb":{"@id":"https:\/\/ttemsa.com\/industria\/index.php\/simco-ion\/barras-neutralizadoras-de-estatica\/cortina-transvectora-cuchillos-de-aire-ionizado\/#breadcrumb"},"inLanguage":"es","potentialAction":[{"@type":"ReadAction","target":["https:\/\/ttemsa.com\/industria\/index.php\/simco-ion\/barras-neutralizadoras-de-estatica\/cortina-transvectora-cuchillos-de-aire-ionizado\/"]}]},{"@type":"ImageObject","inLanguage":"es","@id":"https:\/\/ttemsa.com\/industria\/index.php\/simco-ion\/barras-neutralizadoras-de-estatica\/cortina-transvectora-cuchillos-de-aire-ionizado\/#primaryimage","url":"https:\/\/ttemsa.com\/industria\/wp-content\/uploads\/2023\/12\/cortina-transvectora.png","contentUrl":"https:\/\/ttemsa.com\/industria\/wp-content\/uploads\/2023\/12\/cortina-transvectora.png","width":911,"height":305},{"@type":"BreadcrumbList","@id":"https:\/\/ttemsa.com\/industria\/index.php\/simco-ion\/barras-neutralizadoras-de-estatica\/cortina-transvectora-cuchillos-de-aire-ionizado\/#breadcrumb","itemListElement":[{"@type":"ListItem","position":1,"name":"Inicio","item":"https:\/\/ttemsa.com\/industria\/"},{"@type":"ListItem","position":2,"name":"SIMCO-ION","item":"https:\/\/ttemsa.com\/industria\/index.php\/simco-ion\/"},{"@type":"ListItem","position":3,"name":"Barras Neutralizadoras de Est\u00e1tica","item":"https:\/\/ttemsa.com\/industria\/index.php\/simco-ion\/barras-neutralizadoras-de-estatica\/"},{"@type":"ListItem","position":4,"name":"CORTINA TRANSVECTORA DE AIRE IONIZADO"}]},{"@type":"WebSite","@id":"https:\/\/ttemsa.com\/industria\/#website","url":"https:\/\/ttemsa.com\/industria\/","name":"industria-de-la-conversion.ttemsa","description":"Designed Dianalacazadora.com","alternateName":"ttemsa l\u00edderes en la industria de la conversi\u00f3n","potentialAction":[{"@type":"SearchAction","target":{"@type":"EntryPoint","urlTemplate":"https:\/\/ttemsa.com\/industria\/?s={search_term_string}"},"query-input":{"@type":"PropertyValueSpecification","valueRequired":true,"valueName":"search_term_string"}}],"inLanguage":"es"}]}},"_links":{"self":[{"href":"https:\/\/ttemsa.com\/industria\/index.php\/wp-json\/wp\/v2\/pages\/1669","targetHints":{"allow":["GET"]}}],"collection":[{"href":"https:\/\/ttemsa.com\/industria\/index.php\/wp-json\/wp\/v2\/pages"}],"about":[{"href":"https:\/\/ttemsa.com\/industria\/index.php\/wp-json\/wp\/v2\/types\/page"}],"author":[{"embeddable":true,"href":"https:\/\/ttemsa.com\/industria\/index.php\/wp-json\/wp\/v2\/users\/1"}],"replies":[{"embeddable":true,"href":"https:\/\/ttemsa.com\/industria\/index.php\/wp-json\/wp\/v2\/comments?post=1669"}],"version-history":[{"count":3,"href":"https:\/\/ttemsa.com\/industria\/index.php\/wp-json\/wp\/v2\/pages\/1669\/revisions"}],"predecessor-version":[{"id":3251,"href":"https:\/\/ttemsa.com\/industria\/index.php\/wp-json\/wp\/v2\/pages\/1669\/revisions\/3251"}],"up":[{"embeddable":true,"href":"https:\/\/ttemsa.com\/industria\/index.php\/wp-json\/wp\/v2\/pages\/1664"}],"wp:attachment":[{"href":"https:\/\/ttemsa.com\/industria\/index.php\/wp-json\/wp\/v2\/media?parent=1669"}],"wp:term":[{"taxonomy":"category","embeddable":true,"href":"https:\/\/ttemsa.com\/industria\/index.php\/wp-json\/wp\/v2\/categories?post=1669"},{"taxonomy":"post_tag","embeddable":true,"href":"https:\/\/ttemsa.com\/industria\/index.php\/wp-json\/wp\/v2\/tags?post=1669"}],"curies":[{"name":"wp","href":"https:\/\/api.w.org\/{rel}","templated":true}]}}