{"id":1738,"date":"2024-03-01T21:30:52","date_gmt":"2024-03-01T21:30:52","guid":{"rendered":"https:\/\/ttemsa.com\/industria\/index.php\/paxton\/paxton-copy-copy-copy-copy-copy\/"},"modified":"2024-03-10T13:11:38","modified_gmt":"2024-03-10T13:11:38","slug":"colectores-de-boquilla-e-ionizantes","status":"publish","type":"page","link":"https:\/\/ttemsa.com\/industria\/index.php\/paxton-2018\/colectores-de-boquilla-e-ionizantes\/","title":{"rendered":"Colectores de Boquilla e Ionizantes"},"content":{"rendered":"\n<figure class=\"wp-block-image size-large\"><img loading=\"lazy\" decoding=\"async\" width=\"1024\" height=\"516\" src=\"https:\/\/ttemsa.com\/industria\/wp-content\/uploads\/2024\/03\/1Paxton-Blow-Air-Smarter-Spanish-Final-12-1024x516.jpg\" alt=\"\" class=\"wp-image-2358\" srcset=\"https:\/\/ttemsa.com\/industria\/wp-content\/uploads\/2024\/03\/1Paxton-Blow-Air-Smarter-Spanish-Final-12-1024x516.jpg 1024w, https:\/\/ttemsa.com\/industria\/wp-content\/uploads\/2024\/03\/1Paxton-Blow-Air-Smarter-Spanish-Final-12-300x151.jpg 300w, https:\/\/ttemsa.com\/industria\/wp-content\/uploads\/2024\/03\/1Paxton-Blow-Air-Smarter-Spanish-Final-12-768x387.jpg 768w, https:\/\/ttemsa.com\/industria\/wp-content\/uploads\/2024\/03\/1Paxton-Blow-Air-Smarter-Spanish-Final-12.jpg 1253w\" sizes=\"auto, (max-width: 1024px) 100vw, 1024px\" \/><\/figure>\n\n\n<div class=\"wp-block-image\">\n<figure class=\"aligncenter size-full is-resized\"><img loading=\"lazy\" decoding=\"async\" width=\"410\" height=\"123\" src=\"https:\/\/ttemsa.com\/industria\/wp-content\/uploads\/2024\/03\/paxtonlogo.jpg\" alt=\"\" class=\"wp-image-2334\" style=\"width:236px;height:auto\" srcset=\"https:\/\/ttemsa.com\/industria\/wp-content\/uploads\/2024\/03\/paxtonlogo.jpg 410w, https:\/\/ttemsa.com\/industria\/wp-content\/uploads\/2024\/03\/paxtonlogo-300x90.jpg 300w\" sizes=\"auto, (max-width: 410px) 100vw, 410px\" \/><\/figure>\n<\/div>\n\n\n<p>Los&nbsp;<strong>Colectores de boquilla<\/strong>&nbsp;Paxton son ideales para aplicaciones que requieren una mayor distancia est\u00e1ndar entre la fuente de aire y la superficie a secar. Los colectores de boquillas mantienen un&nbsp;<strong>empuje m\u00e1ximo<\/strong>&nbsp;de hasta 18 pulgadas (450 mm). &nbsp;<\/p>\n\n\n\n<p>Colectores de boquillas son la soluci\u00f3n ideal para el soplado de:<\/p>\n\n\n\n<ul class=\"wp-block-list\">\n<li>Transportadores de m\u00faltiples tipos de elementos de varios tama\u00f1os y formas.<\/li>\n\n\n\n<li>Productos que tienen una superficie de m\u00faltiples facetas que ser secadas.<\/li>\n\n\n\n<li>Productos con rincones, grietas o agujeros.<\/li>\n\n\n\n<li>Aplicaciones que requieren aire con una concentraci\u00f3n.<\/li>\n\n\n\n<li>Alta de empuje.<\/li>\n\n\n\n<li>Aplicaciones en las que es cr\u00edtico para montar los dispositivos de suministro de aire de m\u00e1s de 5 pulgadas (130 mm) de la superficie de golpe.<\/li>\n<\/ul>\n\n\n<div class=\"wp-block-image\">\n<figure class=\"aligncenter size-full is-resized\"><img loading=\"lazy\" decoding=\"async\" width=\"784\" height=\"959\" src=\"https:\/\/ttemsa.com\/industria\/wp-content\/uploads\/2024\/03\/1tabla-Dispositivos-de-entrega-de-aire-paxton.jpg\" alt=\"\" class=\"wp-image-2361\" style=\"width:506px;height:auto\" srcset=\"https:\/\/ttemsa.com\/industria\/wp-content\/uploads\/2024\/03\/1tabla-Dispositivos-de-entrega-de-aire-paxton.jpg 784w, https:\/\/ttemsa.com\/industria\/wp-content\/uploads\/2024\/03\/1tabla-Dispositivos-de-entrega-de-aire-paxton-245x300.jpg 245w, https:\/\/ttemsa.com\/industria\/wp-content\/uploads\/2024\/03\/1tabla-Dispositivos-de-entrega-de-aire-paxton-768x939.jpg 768w\" sizes=\"auto, (max-width: 784px) 100vw, 784px\" \/><\/figure>\n<\/div>\n\n\n<figure class=\"wp-block-image size-large\"><img loading=\"lazy\" decoding=\"async\" width=\"1024\" height=\"718\" src=\"https:\/\/ttemsa.com\/industria\/wp-content\/uploads\/2024\/03\/1Sopladores-Centrifugos-de-Alto-Rendimiento-1024x718.jpg\" alt=\"\" class=\"wp-image-2362\" srcset=\"https:\/\/ttemsa.com\/industria\/wp-content\/uploads\/2024\/03\/1Sopladores-Centrifugos-de-Alto-Rendimiento-1024x718.jpg 1024w, https:\/\/ttemsa.com\/industria\/wp-content\/uploads\/2024\/03\/1Sopladores-Centrifugos-de-Alto-Rendimiento-300x210.jpg 300w, https:\/\/ttemsa.com\/industria\/wp-content\/uploads\/2024\/03\/1Sopladores-Centrifugos-de-Alto-Rendimiento-768x539.jpg 768w, https:\/\/ttemsa.com\/industria\/wp-content\/uploads\/2024\/03\/1Sopladores-Centrifugos-de-Alto-Rendimiento-1536x1077.jpg 1536w, https:\/\/ttemsa.com\/industria\/wp-content\/uploads\/2024\/03\/1Sopladores-Centrifugos-de-Alto-Rendimiento-2048x1436.jpg 2048w\" sizes=\"auto, (max-width: 1024px) 100vw, 1024px\" \/><\/figure>\n\n\n\n<p><\/p>\n","protected":false},"excerpt":{"rendered":"<p>Los&nbsp;Colectores de boquilla&nbsp;Paxton son ideales para aplicaciones que requieren una mayor distancia est\u00e1ndar entre la fuente de aire y la superficie a secar. Los colectores de boquillas mantienen un&nbsp;empuje m\u00e1ximo&nbsp;de hasta 18 pulgadas (450 mm). &nbsp; Colectores de boquillas son la soluci\u00f3n ideal para el soplado de:<\/p>\n","protected":false},"author":1,"featured_media":0,"parent":14,"menu_order":0,"comment_status":"closed","ping_status":"closed","template":"","meta":{"content-type":"","footnotes":""},"categories":[19],"tags":[],"class_list":["post-1738","page","type-page","status-publish","hentry","category-paxton-2018"],"yoast_head":"<!-- This site is optimized with the Yoast SEO plugin v26.6 - https:\/\/yoast.com\/wordpress\/plugins\/seo\/ -->\n<title>Colectores de Boquilla e Ionizantes - industria-de-la-conversion.ttemsa<\/title>\n<meta name=\"description\" content=\"Los Colectores de boquilla Paxton son ideales para aplicaciones que requieren una mayor distancia est\u00e1ndar entre la fuente de aire\u2026\" \/>\n<meta name=\"robots\" content=\"index, follow, max-snippet:-1, max-image-preview:large, max-video-preview:-1\" \/>\n<link rel=\"canonical\" href=\"https:\/\/ttemsa.com\/industria\/index.php\/paxton-2018\/colectores-de-boquilla-e-ionizantes\/\" \/>\n<meta property=\"og:locale\" content=\"es_MX\" \/>\n<meta property=\"og:type\" content=\"article\" \/>\n<meta property=\"og:title\" content=\"Los Colectores de boquilla Paxton son ideales para aplicaciones que requieren una mayor distancia est\u00e1ndar entre la fuente de aire\" \/>\n<meta property=\"og:description\" content=\"En ttemsa ofrecemos Soluciones. Solicite + info Tel\u00e9fonos: + 52 (55) 5352-0191 5352-1301 5352-6070 5352-0593\" \/>\n<meta property=\"og:url\" content=\"https:\/\/ttemsa.com\/industria\/index.php\/paxton-2018\/colectores-de-boquilla-e-ionizantes\/\" \/>\n<meta property=\"og:site_name\" content=\"industria-de-la-conversion.ttemsa\" \/>\n<meta property=\"article:modified_time\" content=\"2024-03-10T13:11:38+00:00\" \/>\n<meta property=\"og:image\" content=\"https:\/\/ttemsa.com\/industria\/wp-content\/uploads\/2024\/03\/1Paxton-Blow-Air-Smarter-Spanish-Final-12.jpg\" \/>\n\t<meta property=\"og:image:width\" content=\"1253\" \/>\n\t<meta property=\"og:image:height\" content=\"631\" \/>\n\t<meta property=\"og:image:type\" content=\"image\/jpeg\" \/>\n<meta name=\"twitter:card\" content=\"summary_large_image\" \/>\n<meta name=\"twitter:label1\" content=\"Tiempo de lectura\" \/>\n\t<meta name=\"twitter:data1\" content=\"2 minutos\" \/>\n<script type=\"application\/ld+json\" class=\"yoast-schema-graph\">{\"@context\":\"https:\/\/schema.org\",\"@graph\":[{\"@type\":\"WebPage\",\"@id\":\"https:\/\/ttemsa.com\/industria\/index.php\/paxton-2018\/colectores-de-boquilla-e-ionizantes\/\",\"url\":\"https:\/\/ttemsa.com\/industria\/index.php\/paxton-2018\/colectores-de-boquilla-e-ionizantes\/\",\"name\":\"Colectores de Boquilla e Ionizantes - industria-de-la-conversion.ttemsa\",\"isPartOf\":{\"@id\":\"https:\/\/ttemsa.com\/industria\/#website\"},\"primaryImageOfPage\":{\"@id\":\"https:\/\/ttemsa.com\/industria\/index.php\/paxton-2018\/colectores-de-boquilla-e-ionizantes\/#primaryimage\"},\"image\":{\"@id\":\"https:\/\/ttemsa.com\/industria\/index.php\/paxton-2018\/colectores-de-boquilla-e-ionizantes\/#primaryimage\"},\"thumbnailUrl\":\"https:\/\/ttemsa.com\/industria\/wp-content\/uploads\/2024\/03\/1Paxton-Blow-Air-Smarter-Spanish-Final-12-1024x516.jpg\",\"datePublished\":\"2024-03-01T21:30:52+00:00\",\"dateModified\":\"2024-03-10T13:11:38+00:00\",\"description\":\"Los Colectores de boquilla Paxton son ideales para aplicaciones que requieren una mayor distancia est\u00e1ndar entre la fuente de aire\u2026\",\"breadcrumb\":{\"@id\":\"https:\/\/ttemsa.com\/industria\/index.php\/paxton-2018\/colectores-de-boquilla-e-ionizantes\/#breadcrumb\"},\"inLanguage\":\"es\",\"potentialAction\":[{\"@type\":\"ReadAction\",\"target\":[\"https:\/\/ttemsa.com\/industria\/index.php\/paxton-2018\/colectores-de-boquilla-e-ionizantes\/\"]}]},{\"@type\":\"ImageObject\",\"inLanguage\":\"es\",\"@id\":\"https:\/\/ttemsa.com\/industria\/index.php\/paxton-2018\/colectores-de-boquilla-e-ionizantes\/#primaryimage\",\"url\":\"https:\/\/ttemsa.com\/industria\/wp-content\/uploads\/2024\/03\/1Paxton-Blow-Air-Smarter-Spanish-Final-12.jpg\",\"contentUrl\":\"https:\/\/ttemsa.com\/industria\/wp-content\/uploads\/2024\/03\/1Paxton-Blow-Air-Smarter-Spanish-Final-12.jpg\",\"width\":1253,\"height\":631},{\"@type\":\"BreadcrumbList\",\"@id\":\"https:\/\/ttemsa.com\/industria\/index.php\/paxton-2018\/colectores-de-boquilla-e-ionizantes\/#breadcrumb\",\"itemListElement\":[{\"@type\":\"ListItem\",\"position\":1,\"name\":\"Inicio\",\"item\":\"https:\/\/ttemsa.com\/industria\/\"},{\"@type\":\"ListItem\",\"position\":2,\"name\":\"PAXTON\",\"item\":\"https:\/\/ttemsa.com\/industria\/index.php\/paxton-2018\/\"},{\"@type\":\"ListItem\",\"position\":3,\"name\":\"Colectores de Boquilla e Ionizantes\"}]},{\"@type\":\"WebSite\",\"@id\":\"https:\/\/ttemsa.com\/industria\/#website\",\"url\":\"https:\/\/ttemsa.com\/industria\/\",\"name\":\"industria-de-la-conversion.ttemsa\",\"description\":\"Designed Dianalacazadora.com\",\"alternateName\":\"ttemsa l\u00edderes en la industria de la conversi\u00f3n\",\"potentialAction\":[{\"@type\":\"SearchAction\",\"target\":{\"@type\":\"EntryPoint\",\"urlTemplate\":\"https:\/\/ttemsa.com\/industria\/?s={search_term_string}\"},\"query-input\":{\"@type\":\"PropertyValueSpecification\",\"valueRequired\":true,\"valueName\":\"search_term_string\"}}],\"inLanguage\":\"es\"}]}<\/script>\n<!-- \/ Yoast SEO plugin. -->","yoast_head_json":{"title":"Colectores de Boquilla e Ionizantes - industria-de-la-conversion.ttemsa","description":"Los Colectores de boquilla Paxton son ideales para aplicaciones que requieren una mayor distancia est\u00e1ndar entre la fuente de aire\u2026","robots":{"index":"index","follow":"follow","max-snippet":"max-snippet:-1","max-image-preview":"max-image-preview:large","max-video-preview":"max-video-preview:-1"},"canonical":"https:\/\/ttemsa.com\/industria\/index.php\/paxton-2018\/colectores-de-boquilla-e-ionizantes\/","og_locale":"es_MX","og_type":"article","og_title":"Los Colectores de boquilla Paxton son ideales para aplicaciones que requieren una mayor distancia est\u00e1ndar entre la fuente de aire","og_description":"En ttemsa ofrecemos Soluciones. Solicite + info Tel\u00e9fonos: + 52 (55) 5352-0191 5352-1301 5352-6070 5352-0593","og_url":"https:\/\/ttemsa.com\/industria\/index.php\/paxton-2018\/colectores-de-boquilla-e-ionizantes\/","og_site_name":"industria-de-la-conversion.ttemsa","article_modified_time":"2024-03-10T13:11:38+00:00","og_image":[{"width":1253,"height":631,"url":"https:\/\/ttemsa.com\/industria\/wp-content\/uploads\/2024\/03\/1Paxton-Blow-Air-Smarter-Spanish-Final-12.jpg","type":"image\/jpeg"}],"twitter_card":"summary_large_image","twitter_misc":{"Tiempo de lectura":"2 minutos"},"schema":{"@context":"https:\/\/schema.org","@graph":[{"@type":"WebPage","@id":"https:\/\/ttemsa.com\/industria\/index.php\/paxton-2018\/colectores-de-boquilla-e-ionizantes\/","url":"https:\/\/ttemsa.com\/industria\/index.php\/paxton-2018\/colectores-de-boquilla-e-ionizantes\/","name":"Colectores de Boquilla e Ionizantes - industria-de-la-conversion.ttemsa","isPartOf":{"@id":"https:\/\/ttemsa.com\/industria\/#website"},"primaryImageOfPage":{"@id":"https:\/\/ttemsa.com\/industria\/index.php\/paxton-2018\/colectores-de-boquilla-e-ionizantes\/#primaryimage"},"image":{"@id":"https:\/\/ttemsa.com\/industria\/index.php\/paxton-2018\/colectores-de-boquilla-e-ionizantes\/#primaryimage"},"thumbnailUrl":"https:\/\/ttemsa.com\/industria\/wp-content\/uploads\/2024\/03\/1Paxton-Blow-Air-Smarter-Spanish-Final-12-1024x516.jpg","datePublished":"2024-03-01T21:30:52+00:00","dateModified":"2024-03-10T13:11:38+00:00","description":"Los Colectores de boquilla Paxton son ideales para aplicaciones que requieren una mayor distancia est\u00e1ndar entre la fuente de aire\u2026","breadcrumb":{"@id":"https:\/\/ttemsa.com\/industria\/index.php\/paxton-2018\/colectores-de-boquilla-e-ionizantes\/#breadcrumb"},"inLanguage":"es","potentialAction":[{"@type":"ReadAction","target":["https:\/\/ttemsa.com\/industria\/index.php\/paxton-2018\/colectores-de-boquilla-e-ionizantes\/"]}]},{"@type":"ImageObject","inLanguage":"es","@id":"https:\/\/ttemsa.com\/industria\/index.php\/paxton-2018\/colectores-de-boquilla-e-ionizantes\/#primaryimage","url":"https:\/\/ttemsa.com\/industria\/wp-content\/uploads\/2024\/03\/1Paxton-Blow-Air-Smarter-Spanish-Final-12.jpg","contentUrl":"https:\/\/ttemsa.com\/industria\/wp-content\/uploads\/2024\/03\/1Paxton-Blow-Air-Smarter-Spanish-Final-12.jpg","width":1253,"height":631},{"@type":"BreadcrumbList","@id":"https:\/\/ttemsa.com\/industria\/index.php\/paxton-2018\/colectores-de-boquilla-e-ionizantes\/#breadcrumb","itemListElement":[{"@type":"ListItem","position":1,"name":"Inicio","item":"https:\/\/ttemsa.com\/industria\/"},{"@type":"ListItem","position":2,"name":"PAXTON","item":"https:\/\/ttemsa.com\/industria\/index.php\/paxton-2018\/"},{"@type":"ListItem","position":3,"name":"Colectores de Boquilla e Ionizantes"}]},{"@type":"WebSite","@id":"https:\/\/ttemsa.com\/industria\/#website","url":"https:\/\/ttemsa.com\/industria\/","name":"industria-de-la-conversion.ttemsa","description":"Designed Dianalacazadora.com","alternateName":"ttemsa l\u00edderes en la industria de la conversi\u00f3n","potentialAction":[{"@type":"SearchAction","target":{"@type":"EntryPoint","urlTemplate":"https:\/\/ttemsa.com\/industria\/?s={search_term_string}"},"query-input":{"@type":"PropertyValueSpecification","valueRequired":true,"valueName":"search_term_string"}}],"inLanguage":"es"}]}},"_links":{"self":[{"href":"https:\/\/ttemsa.com\/industria\/index.php\/wp-json\/wp\/v2\/pages\/1738","targetHints":{"allow":["GET"]}}],"collection":[{"href":"https:\/\/ttemsa.com\/industria\/index.php\/wp-json\/wp\/v2\/pages"}],"about":[{"href":"https:\/\/ttemsa.com\/industria\/index.php\/wp-json\/wp\/v2\/types\/page"}],"author":[{"embeddable":true,"href":"https:\/\/ttemsa.com\/industria\/index.php\/wp-json\/wp\/v2\/users\/1"}],"replies":[{"embeddable":true,"href":"https:\/\/ttemsa.com\/industria\/index.php\/wp-json\/wp\/v2\/comments?post=1738"}],"version-history":[{"count":4,"href":"https:\/\/ttemsa.com\/industria\/index.php\/wp-json\/wp\/v2\/pages\/1738\/revisions"}],"predecessor-version":[{"id":2969,"href":"https:\/\/ttemsa.com\/industria\/index.php\/wp-json\/wp\/v2\/pages\/1738\/revisions\/2969"}],"up":[{"embeddable":true,"href":"https:\/\/ttemsa.com\/industria\/index.php\/wp-json\/wp\/v2\/pages\/14"}],"wp:attachment":[{"href":"https:\/\/ttemsa.com\/industria\/index.php\/wp-json\/wp\/v2\/media?parent=1738"}],"wp:term":[{"taxonomy":"category","embeddable":true,"href":"https:\/\/ttemsa.com\/industria\/index.php\/wp-json\/wp\/v2\/categories?post=1738"},{"taxonomy":"post_tag","embeddable":true,"href":"https:\/\/ttemsa.com\/industria\/index.php\/wp-json\/wp\/v2\/tags?post=1738"}],"curies":[{"name":"wp","href":"https:\/\/api.w.org\/{rel}","templated":true}]}}