{"id":1740,"date":"2024-03-01T21:31:11","date_gmt":"2024-03-01T21:31:11","guid":{"rendered":"https:\/\/ttemsa.com\/industria\/index.php\/paxton\/paxton-copy-copy-copy-copy-copy-copy-copy\/"},"modified":"2024-03-06T13:58:09","modified_gmt":"2024-03-06T13:58:09","slug":"aplicaciones","status":"publish","type":"page","link":"https:\/\/ttemsa.com\/industria\/index.php\/paxton-2018\/aplicaciones\/","title":{"rendered":"Embotellado y Enlatado"},"content":{"rendered":"<div class=\"wp-block-image\">\n<figure class=\"aligncenter size-full is-resized\"><img loading=\"lazy\" decoding=\"async\" width=\"380\" height=\"263\" src=\"https:\/\/ttemsa.com\/industria\/wp-content\/uploads\/2024\/03\/embotellado.jpg\" alt=\"\" class=\"wp-image-2384\" style=\"width:524px;height:auto\" srcset=\"https:\/\/ttemsa.com\/industria\/wp-content\/uploads\/2024\/03\/embotellado.jpg 380w, https:\/\/ttemsa.com\/industria\/wp-content\/uploads\/2024\/03\/embotellado-300x208.jpg 300w\" sizes=\"auto, (max-width: 380px) 100vw, 380px\" \/><\/figure>\n<\/div>\n\n\n<p>Paxton ha servido a la industria conservera y embotelladora desde hace m\u00e1s de medio siglo; y entiende la importancia de la tecnolog\u00eda de secado para mejorar la velocidad y la productividad en las instalaciones de embotellado y enlatado, garantizando al mismo tiempo la m\u00e1s alta calidad.<\/p>\n\n\n\n<p>Todos los sistemas Paxton est\u00e1n dise\u00f1ados a la medida para satisfacer las necesidades espec\u00edficas del tipo de paquete, la configuraci\u00f3n de la l\u00ednea y los est\u00e1ndares de calidad.<\/p>\n\n\n\n<p><strong>Beneficios:<\/strong><\/p>\n\n\n\n<p>Incrementar la velocidad de la l\u00ednea Reducir las devoluciones del cliente Mejora de la calidad de la codificaci\u00f3n por inyectado de tinta Evitar la corrosi\u00f3n y el crecimiento bacteriano bajo los tapones Garantizar la adhesi\u00f3n de termorretr\u00e1ctil y la presi\u00f3n en etiquetas sensibles Eliminar el aire comprimido o enjuague de agua Reducir el consumo de energ\u00eda hasta en un 80%<\/p>\n\n\n\n<p><strong>Paxton Products utilizados:<\/strong><\/p>\n\n\n<div class=\"wp-block-image\">\n<figure class=\"alignleft size-large is-resized\"><img loading=\"lazy\" decoding=\"async\" width=\"523\" height=\"1024\" src=\"https:\/\/ttemsa.com\/industria\/wp-content\/uploads\/2024\/03\/enlatado-523x1024.jpg\" alt=\"\" class=\"wp-image-2385\" style=\"width:175px;height:auto\" srcset=\"https:\/\/ttemsa.com\/industria\/wp-content\/uploads\/2024\/03\/enlatado-523x1024.jpg 523w, https:\/\/ttemsa.com\/industria\/wp-content\/uploads\/2024\/03\/enlatado-153x300.jpg 153w, https:\/\/ttemsa.com\/industria\/wp-content\/uploads\/2024\/03\/enlatado.jpg 549w\" sizes=\"auto, (max-width: 523px) 100vw, 523px\" \/><\/figure>\n<\/div>\n\n\n<ul class=\"wp-block-list\">\n<li>PowerDry sistema l\u00edder de la industria para aplicaciones de codificaci\u00f3n de fecha.<\/li>\n\n\n\n<li>AT-series y la serie XT sopladores Paxton est\u00e1n configurados con dispositivos de suministro de aire para dispersar y seco durante todo el proceso de embotellado y enlatado, y proporcionan aire ionizado para enjuagar.<\/li>\n\n\n\n<li>El Paxton CapDryier proporciona un secado completo del cuello de la botella y la tapa para mejorar la calidad de la codificaci\u00f3n, bandas de manipulaci\u00f3n, el etiquetado y los resultados del sistema de visi\u00f3n.<\/li>\n\n\n\n<li>Los Sistemas Paxton de aire ionizado maximizan el rendimiento de limpieza y reducen al m\u00ednimo el consumo de energ\u00eda para el enjuague eficiente de contenedores o para reemplazar el agua del enjuague.<\/li>\n<\/ul>\n\n\n\n<p><\/p>\n\n\n\n<figure class=\"wp-block-image size-large\"><img loading=\"lazy\" decoding=\"async\" width=\"1024\" height=\"510\" src=\"https:\/\/ttemsa.com\/industria\/wp-content\/uploads\/2024\/03\/aplicaciones-en-bebida-embotelladoras-1024x510.jpg\" alt=\"\" class=\"wp-image-2386\" srcset=\"https:\/\/ttemsa.com\/industria\/wp-content\/uploads\/2024\/03\/aplicaciones-en-bebida-embotelladoras-1024x510.jpg 1024w, https:\/\/ttemsa.com\/industria\/wp-content\/uploads\/2024\/03\/aplicaciones-en-bebida-embotelladoras-300x149.jpg 300w, https:\/\/ttemsa.com\/industria\/wp-content\/uploads\/2024\/03\/aplicaciones-en-bebida-embotelladoras-768x382.jpg 768w, https:\/\/ttemsa.com\/industria\/wp-content\/uploads\/2024\/03\/aplicaciones-en-bebida-embotelladoras-1536x765.jpg 1536w, https:\/\/ttemsa.com\/industria\/wp-content\/uploads\/2024\/03\/aplicaciones-en-bebida-embotelladoras.jpg 1663w\" sizes=\"auto, (max-width: 1024px) 100vw, 1024px\" \/><\/figure>\n\n\n\n<figure class=\"wp-block-table\"><table><tbody><tr><td><a href=\"https:\/\/ttemsa.com\/images\/pdf\/Embotellado-y-Enlatado.pdf\" target=\"_blank\" rel=\"noreferrer noopener\"><\/a>Ver PDF<a href=\"https:\/\/ttemsa.com\/images\/pdf\/Embotellado-y-Enlatado.pdf\" target=\"_blank\" rel=\"noreferrer noopener\">Cat\u00e1logo en Espa\u00f1ol<\/a><\/td><td>&nbsp;<a href=\"https:\/\/ttemsa.com\/images\/pdf\/aplicaciones.pdf\" target=\"_blank\" rel=\"noreferrer noopener\"><\/a>Ver PDF<a href=\"https:\/\/ttemsa.com\/images\/pdf\/aplicaciones.pdf\" target=\"_blank\" rel=\"noreferrer noopener\">Cat\u00e1logo General<\/a>&nbsp;<\/td><\/tr><\/tbody><\/table><\/figure>\n","protected":false},"excerpt":{"rendered":"<p>Paxton ha servido a la industria conservera y embotelladora desde hace m\u00e1s de medio siglo; y entiende la importancia de la tecnolog\u00eda de secado para mejorar la velocidad y la productividad en las instalaciones de embotellado y enlatado, garantizando al mismo tiempo la m\u00e1s alta calidad. Todos los sistemas Paxton est\u00e1n dise\u00f1ados a la medida [&hellip;]<\/p>\n","protected":false},"author":1,"featured_media":0,"parent":14,"menu_order":0,"comment_status":"closed","ping_status":"closed","template":"","meta":{"content-type":"","footnotes":""},"categories":[19],"tags":[],"class_list":["post-1740","page","type-page","status-publish","hentry","category-paxton-2018"],"yoast_head":"<!-- This site is optimized with the Yoast SEO plugin v26.6 - https:\/\/yoast.com\/wordpress\/plugins\/seo\/ -->\n<title>Embotellado y Enlatado - industria-de-la-conversion.ttemsa<\/title>\n<meta name=\"description\" content=\"Paxton ha servido a la industria conservera y embotelladora desde hace m\u00e1s de medio siglo; y entiende la importancia. En ttemsa ofrecemos Soluciones. Solicite + info Tel\u00e9fonos: + 52 (55) 5352-0191 5352-1301 5352-6070 5352-0593\" \/>\n<meta name=\"robots\" content=\"index, follow, max-snippet:-1, max-image-preview:large, max-video-preview:-1\" \/>\n<link rel=\"canonical\" href=\"https:\/\/ttemsa.com\/industria\/index.php\/paxton-2018\/aplicaciones\/\" \/>\n<meta property=\"og:locale\" content=\"es_MX\" \/>\n<meta property=\"og:type\" content=\"article\" \/>\n<meta property=\"og:title\" content=\"Paxton ha servido a la industria conservera y embotelladora desde hace m\u00e1s de medio siglo; y entiende la importancia.\" \/>\n<meta property=\"og:description\" content=\"En ttemsa ofrecemos Soluciones. Solicite + info Tel\u00e9fonos: + 52 (55) 5352-0191 5352-1301 5352-6070 5352-0593\" \/>\n<meta property=\"og:url\" content=\"https:\/\/ttemsa.com\/industria\/index.php\/paxton-2018\/aplicaciones\/\" \/>\n<meta property=\"og:site_name\" content=\"industria-de-la-conversion.ttemsa\" \/>\n<meta property=\"article:modified_time\" content=\"2024-03-06T13:58:09+00:00\" \/>\n<meta property=\"og:image\" content=\"https:\/\/ttemsa.com\/industria\/wp-content\/uploads\/2024\/03\/embotellado.jpg\" \/>\n\t<meta property=\"og:image:width\" content=\"380\" \/>\n\t<meta property=\"og:image:height\" content=\"263\" \/>\n\t<meta property=\"og:image:type\" content=\"image\/jpeg\" \/>\n<meta name=\"twitter:card\" content=\"summary_large_image\" \/>\n<meta name=\"twitter:label1\" content=\"Tiempo de lectura\" \/>\n\t<meta name=\"twitter:data1\" content=\"2 minutos\" \/>\n<script type=\"application\/ld+json\" class=\"yoast-schema-graph\">{\"@context\":\"https:\/\/schema.org\",\"@graph\":[{\"@type\":\"WebPage\",\"@id\":\"https:\/\/ttemsa.com\/industria\/index.php\/paxton-2018\/aplicaciones\/\",\"url\":\"https:\/\/ttemsa.com\/industria\/index.php\/paxton-2018\/aplicaciones\/\",\"name\":\"Embotellado y Enlatado - industria-de-la-conversion.ttemsa\",\"isPartOf\":{\"@id\":\"https:\/\/ttemsa.com\/industria\/#website\"},\"primaryImageOfPage\":{\"@id\":\"https:\/\/ttemsa.com\/industria\/index.php\/paxton-2018\/aplicaciones\/#primaryimage\"},\"image\":{\"@id\":\"https:\/\/ttemsa.com\/industria\/index.php\/paxton-2018\/aplicaciones\/#primaryimage\"},\"thumbnailUrl\":\"https:\/\/ttemsa.com\/industria\/wp-content\/uploads\/2024\/03\/embotellado.jpg\",\"datePublished\":\"2024-03-01T21:31:11+00:00\",\"dateModified\":\"2024-03-06T13:58:09+00:00\",\"description\":\"Paxton ha servido a la industria conservera y embotelladora desde hace m\u00e1s de medio siglo; y entiende la importancia. En ttemsa ofrecemos Soluciones. Solicite + info Tel\u00e9fonos: + 52 (55) 5352-0191 5352-1301 5352-6070 5352-0593\",\"breadcrumb\":{\"@id\":\"https:\/\/ttemsa.com\/industria\/index.php\/paxton-2018\/aplicaciones\/#breadcrumb\"},\"inLanguage\":\"es\",\"potentialAction\":[{\"@type\":\"ReadAction\",\"target\":[\"https:\/\/ttemsa.com\/industria\/index.php\/paxton-2018\/aplicaciones\/\"]}]},{\"@type\":\"ImageObject\",\"inLanguage\":\"es\",\"@id\":\"https:\/\/ttemsa.com\/industria\/index.php\/paxton-2018\/aplicaciones\/#primaryimage\",\"url\":\"https:\/\/ttemsa.com\/industria\/wp-content\/uploads\/2024\/03\/embotellado.jpg\",\"contentUrl\":\"https:\/\/ttemsa.com\/industria\/wp-content\/uploads\/2024\/03\/embotellado.jpg\",\"width\":380,\"height\":263},{\"@type\":\"BreadcrumbList\",\"@id\":\"https:\/\/ttemsa.com\/industria\/index.php\/paxton-2018\/aplicaciones\/#breadcrumb\",\"itemListElement\":[{\"@type\":\"ListItem\",\"position\":1,\"name\":\"Inicio\",\"item\":\"https:\/\/ttemsa.com\/industria\/\"},{\"@type\":\"ListItem\",\"position\":2,\"name\":\"PAXTON\",\"item\":\"https:\/\/ttemsa.com\/industria\/index.php\/paxton-2018\/\"},{\"@type\":\"ListItem\",\"position\":3,\"name\":\"Embotellado y Enlatado\"}]},{\"@type\":\"WebSite\",\"@id\":\"https:\/\/ttemsa.com\/industria\/#website\",\"url\":\"https:\/\/ttemsa.com\/industria\/\",\"name\":\"industria-de-la-conversion.ttemsa\",\"description\":\"Designed Dianalacazadora.com\",\"alternateName\":\"ttemsa l\u00edderes en la industria de la conversi\u00f3n\",\"potentialAction\":[{\"@type\":\"SearchAction\",\"target\":{\"@type\":\"EntryPoint\",\"urlTemplate\":\"https:\/\/ttemsa.com\/industria\/?s={search_term_string}\"},\"query-input\":{\"@type\":\"PropertyValueSpecification\",\"valueRequired\":true,\"valueName\":\"search_term_string\"}}],\"inLanguage\":\"es\"}]}<\/script>\n<!-- \/ Yoast SEO plugin. -->","yoast_head_json":{"title":"Embotellado y Enlatado - industria-de-la-conversion.ttemsa","description":"Paxton ha servido a la industria conservera y embotelladora desde hace m\u00e1s de medio siglo; y entiende la importancia. En ttemsa ofrecemos Soluciones. Solicite + info Tel\u00e9fonos: + 52 (55) 5352-0191 5352-1301 5352-6070 5352-0593","robots":{"index":"index","follow":"follow","max-snippet":"max-snippet:-1","max-image-preview":"max-image-preview:large","max-video-preview":"max-video-preview:-1"},"canonical":"https:\/\/ttemsa.com\/industria\/index.php\/paxton-2018\/aplicaciones\/","og_locale":"es_MX","og_type":"article","og_title":"Paxton ha servido a la industria conservera y embotelladora desde hace m\u00e1s de medio siglo; y entiende la importancia.","og_description":"En ttemsa ofrecemos Soluciones. Solicite + info Tel\u00e9fonos: + 52 (55) 5352-0191 5352-1301 5352-6070 5352-0593","og_url":"https:\/\/ttemsa.com\/industria\/index.php\/paxton-2018\/aplicaciones\/","og_site_name":"industria-de-la-conversion.ttemsa","article_modified_time":"2024-03-06T13:58:09+00:00","og_image":[{"width":380,"height":263,"url":"https:\/\/ttemsa.com\/industria\/wp-content\/uploads\/2024\/03\/embotellado.jpg","type":"image\/jpeg"}],"twitter_card":"summary_large_image","twitter_misc":{"Tiempo de lectura":"2 minutos"},"schema":{"@context":"https:\/\/schema.org","@graph":[{"@type":"WebPage","@id":"https:\/\/ttemsa.com\/industria\/index.php\/paxton-2018\/aplicaciones\/","url":"https:\/\/ttemsa.com\/industria\/index.php\/paxton-2018\/aplicaciones\/","name":"Embotellado y Enlatado - industria-de-la-conversion.ttemsa","isPartOf":{"@id":"https:\/\/ttemsa.com\/industria\/#website"},"primaryImageOfPage":{"@id":"https:\/\/ttemsa.com\/industria\/index.php\/paxton-2018\/aplicaciones\/#primaryimage"},"image":{"@id":"https:\/\/ttemsa.com\/industria\/index.php\/paxton-2018\/aplicaciones\/#primaryimage"},"thumbnailUrl":"https:\/\/ttemsa.com\/industria\/wp-content\/uploads\/2024\/03\/embotellado.jpg","datePublished":"2024-03-01T21:31:11+00:00","dateModified":"2024-03-06T13:58:09+00:00","description":"Paxton ha servido a la industria conservera y embotelladora desde hace m\u00e1s de medio siglo; y entiende la importancia. En ttemsa ofrecemos Soluciones. Solicite + info Tel\u00e9fonos: + 52 (55) 5352-0191 5352-1301 5352-6070 5352-0593","breadcrumb":{"@id":"https:\/\/ttemsa.com\/industria\/index.php\/paxton-2018\/aplicaciones\/#breadcrumb"},"inLanguage":"es","potentialAction":[{"@type":"ReadAction","target":["https:\/\/ttemsa.com\/industria\/index.php\/paxton-2018\/aplicaciones\/"]}]},{"@type":"ImageObject","inLanguage":"es","@id":"https:\/\/ttemsa.com\/industria\/index.php\/paxton-2018\/aplicaciones\/#primaryimage","url":"https:\/\/ttemsa.com\/industria\/wp-content\/uploads\/2024\/03\/embotellado.jpg","contentUrl":"https:\/\/ttemsa.com\/industria\/wp-content\/uploads\/2024\/03\/embotellado.jpg","width":380,"height":263},{"@type":"BreadcrumbList","@id":"https:\/\/ttemsa.com\/industria\/index.php\/paxton-2018\/aplicaciones\/#breadcrumb","itemListElement":[{"@type":"ListItem","position":1,"name":"Inicio","item":"https:\/\/ttemsa.com\/industria\/"},{"@type":"ListItem","position":2,"name":"PAXTON","item":"https:\/\/ttemsa.com\/industria\/index.php\/paxton-2018\/"},{"@type":"ListItem","position":3,"name":"Embotellado y Enlatado"}]},{"@type":"WebSite","@id":"https:\/\/ttemsa.com\/industria\/#website","url":"https:\/\/ttemsa.com\/industria\/","name":"industria-de-la-conversion.ttemsa","description":"Designed Dianalacazadora.com","alternateName":"ttemsa l\u00edderes en la industria de la conversi\u00f3n","potentialAction":[{"@type":"SearchAction","target":{"@type":"EntryPoint","urlTemplate":"https:\/\/ttemsa.com\/industria\/?s={search_term_string}"},"query-input":{"@type":"PropertyValueSpecification","valueRequired":true,"valueName":"search_term_string"}}],"inLanguage":"es"}]}},"_links":{"self":[{"href":"https:\/\/ttemsa.com\/industria\/index.php\/wp-json\/wp\/v2\/pages\/1740","targetHints":{"allow":["GET"]}}],"collection":[{"href":"https:\/\/ttemsa.com\/industria\/index.php\/wp-json\/wp\/v2\/pages"}],"about":[{"href":"https:\/\/ttemsa.com\/industria\/index.php\/wp-json\/wp\/v2\/types\/page"}],"author":[{"embeddable":true,"href":"https:\/\/ttemsa.com\/industria\/index.php\/wp-json\/wp\/v2\/users\/1"}],"replies":[{"embeddable":true,"href":"https:\/\/ttemsa.com\/industria\/index.php\/wp-json\/wp\/v2\/comments?post=1740"}],"version-history":[{"count":2,"href":"https:\/\/ttemsa.com\/industria\/index.php\/wp-json\/wp\/v2\/pages\/1740\/revisions"}],"predecessor-version":[{"id":2387,"href":"https:\/\/ttemsa.com\/industria\/index.php\/wp-json\/wp\/v2\/pages\/1740\/revisions\/2387"}],"up":[{"embeddable":true,"href":"https:\/\/ttemsa.com\/industria\/index.php\/wp-json\/wp\/v2\/pages\/14"}],"wp:attachment":[{"href":"https:\/\/ttemsa.com\/industria\/index.php\/wp-json\/wp\/v2\/media?parent=1740"}],"wp:term":[{"taxonomy":"category","embeddable":true,"href":"https:\/\/ttemsa.com\/industria\/index.php\/wp-json\/wp\/v2\/categories?post=1740"},{"taxonomy":"post_tag","embeddable":true,"href":"https:\/\/ttemsa.com\/industria\/index.php\/wp-json\/wp\/v2\/tags?post=1740"}],"curies":[{"name":"wp","href":"https:\/\/api.w.org\/{rel}","templated":true}]}}