{"id":1742,"date":"2024-03-01T21:31:24","date_gmt":"2024-03-01T21:31:24","guid":{"rendered":"https:\/\/ttemsa.com\/industria\/index.php\/paxton\/paxton-copy-copy-copy-copy-copy-copy-copy-copy-copy\/"},"modified":"2024-03-06T13:11:13","modified_gmt":"2024-03-06T13:11:13","slug":"soluciones-ahorro-de-energia","status":"publish","type":"page","link":"https:\/\/ttemsa.com\/industria\/index.php\/paxton-2018\/soluciones-ahorro-de-energia\/","title":{"rendered":"SOLUCIONES AHORRO DE ENERG\u00cdA"},"content":{"rendered":"\n<figure class=\"wp-block-image size-large\"><img loading=\"lazy\" decoding=\"async\" width=\"1024\" height=\"410\" src=\"https:\/\/ttemsa.com\/industria\/wp-content\/uploads\/2024\/03\/ahorro-de-energia-paxton-1024x410.jpg\" alt=\"\" class=\"wp-image-2349\" srcset=\"https:\/\/ttemsa.com\/industria\/wp-content\/uploads\/2024\/03\/ahorro-de-energia-paxton-1024x410.jpg 1024w, https:\/\/ttemsa.com\/industria\/wp-content\/uploads\/2024\/03\/ahorro-de-energia-paxton-300x120.jpg 300w, https:\/\/ttemsa.com\/industria\/wp-content\/uploads\/2024\/03\/ahorro-de-energia-paxton-768x308.jpg 768w, https:\/\/ttemsa.com\/industria\/wp-content\/uploads\/2024\/03\/ahorro-de-energia-paxton.jpg 1280w\" sizes=\"auto, (max-width: 1024px) 100vw, 1024px\" \/><\/figure>\n\n\n<div class=\"wp-block-image\">\n<figure class=\"aligncenter size-full is-resized\"><img loading=\"lazy\" decoding=\"async\" width=\"410\" height=\"123\" src=\"https:\/\/ttemsa.com\/industria\/wp-content\/uploads\/2024\/03\/paxtonlogo.jpg\" alt=\"\" class=\"wp-image-2334\" style=\"width:216px;height:auto\" srcset=\"https:\/\/ttemsa.com\/industria\/wp-content\/uploads\/2024\/03\/paxtonlogo.jpg 410w, https:\/\/ttemsa.com\/industria\/wp-content\/uploads\/2024\/03\/paxtonlogo-300x90.jpg 300w\" sizes=\"auto, (max-width: 410px) 100vw, 410px\" \/><\/figure>\n<\/div>\n\n\n<p>&nbsp;<strong>\u00bfUtiliza Aire comprimido?<\/strong><\/p>\n\n\n\n<p>80-90% de la energ\u00eda utilizada con aire comprimido se utiliza para comprimir, y transportar y expandir el aire para el sitio donde se necesita. Si est\u00e1 secando el aire antes de la compresi\u00f3n, a\u00fan se desperdicia m\u00e1s energ\u00eda.<\/p>\n\n\n\n<p>Con los sopladores Paxton, toda la energ\u00eda se utiliza en el secado y soplado.<\/p>\n\n\n\n<p><strong>\u00bfUtiliza otros sopladores?<\/strong><\/p>\n\n\n\n<p>El calor generado por un soplador se desperdicia.<\/p>\n\n\n\n<p>Los sopladores Paxton operan a 11\u00baC m\u00e1s fr\u00edo que otros sopladores y utilizan alrededor de 50% menos de energ\u00eda..<\/p>\n\n\n\n<p>Paxton sopladores centr\u00edfugos ofrecen un mayor volumen de aire por kW de energ\u00eda para secar y soplar m\u00e1s r\u00e1pido y m\u00e1s eficientemente. Paxton Productos dise\u00f1a dispositivos de suministro de aire para requisitos particulares para su aplicaci\u00f3n espec\u00edfica por lo que el volumen correcto de aire se dirige cuando y donde lo necesitan. Bien sea para el secado de las tapas, los lados o todo el producto, tenemos dispositivos de suministro de aire Paxton para que alcance su objetivo.<\/p>\n\n\n\n<h2 class=\"wp-block-heading\">Sistemas de aire Paxton<\/h2>\n\n\n\n<figure class=\"wp-block-table\"><table><tbody><tr><td>&nbsp;<strong>Caracter\u00edsticas :<\/strong><\/td><\/tr><tr><td>&nbsp;\u2022&nbsp;Los sistemas de aire Paxton reducen costes de energ\u00eda hasta en un 80% mediante el uso reducido de aire comprimido en el embotellado, enlatado y otras operaciones de envasado.Recupera la inversi\u00f3n por s\u00ed mismo gracias al ahorro de energ\u00edaElimina los desechos y la humedad de manera efectiva con los flujos de aire de alta velocidadElimina la contaminaci\u00f3n de aceites y la escala<\/td><\/tr><\/tbody><\/table><\/figure>\n\n\n\n<figure class=\"wp-block-image size-full\"><img loading=\"lazy\" decoding=\"async\" width=\"486\" height=\"456\" src=\"https:\/\/ttemsa.com\/industria\/wp-content\/uploads\/2024\/03\/1ahorro.png\" alt=\"\" class=\"wp-image-2351\" srcset=\"https:\/\/ttemsa.com\/industria\/wp-content\/uploads\/2024\/03\/1ahorro.png 486w, https:\/\/ttemsa.com\/industria\/wp-content\/uploads\/2024\/03\/1ahorro-300x281.png 300w\" sizes=\"auto, (max-width: 486px) 100vw, 486px\" \/><\/figure>\n\n\n\n<h4 class=\"wp-block-heading\">Ver PDF<\/h4>\n\n\n\n<p><a href=\"https:\/\/ttemsa.com\/images\/pdf\/ahorro-de-energia-paxton.pdf\" target=\"_blank\" rel=\"noreferrer noopener\">Cat\u00e1logo en Espa\u00f1ol<\/a><\/p>\n","protected":false},"excerpt":{"rendered":"<p>&nbsp;\u00bfUtiliza Aire comprimido? 80-90% de la energ\u00eda utilizada con aire comprimido se utiliza para comprimir, y transportar y expandir el aire para el sitio donde se necesita. Si est\u00e1 secando el aire antes de la compresi\u00f3n, a\u00fan se desperdicia m\u00e1s energ\u00eda. Con los sopladores Paxton, toda la energ\u00eda se utiliza en el secado y soplado. [&hellip;]<\/p>\n","protected":false},"author":1,"featured_media":0,"parent":14,"menu_order":0,"comment_status":"closed","ping_status":"closed","template":"","meta":{"content-type":"","footnotes":""},"categories":[19],"tags":[],"class_list":["post-1742","page","type-page","status-publish","hentry","category-paxton-2018"],"yoast_head":"<!-- This site is optimized with the Yoast SEO plugin v26.6 - https:\/\/yoast.com\/wordpress\/plugins\/seo\/ -->\n<title>SOLUCIONES AHORRO DE ENERG\u00cdA - industria-de-la-conversion.ttemsa<\/title>\n<meta name=\"description\" content=\"\u00bfUtiliza Aire comprimido? 80-90% de la energ\u00eda utilizada con aire comprimido se utiliza para comprimir, y transportar y expandir el aire para el sitio donde se necesita. En ttemsa ofrecemos Soluciones. Solicite + info Tel\u00e9fonos: + 52 (55) 5352-0191 5352-1301 5352-6070 5352-0593\" \/>\n<meta name=\"robots\" content=\"index, follow, max-snippet:-1, max-image-preview:large, max-video-preview:-1\" \/>\n<link rel=\"canonical\" href=\"https:\/\/ttemsa.com\/industria\/index.php\/paxton-2018\/soluciones-ahorro-de-energia\/\" \/>\n<meta property=\"og:locale\" content=\"es_MX\" \/>\n<meta property=\"og:type\" content=\"article\" \/>\n<meta property=\"og:title\" content=\"\u00bfUtiliza Aire comprimido? 80-90% de la energ\u00eda utilizada con aire comprimido se utiliza para comprimir, y transportar y expandir el aire para el sitio donde se necesita\" \/>\n<meta property=\"og:description\" content=\"En ttemsa ofrecemos Soluciones. Solicite + info Tel\u00e9fonos: + 52 (55) 5352-0191 5352-1301 5352-6070 5352-0593\" \/>\n<meta property=\"og:url\" content=\"https:\/\/ttemsa.com\/industria\/index.php\/paxton-2018\/soluciones-ahorro-de-energia\/\" \/>\n<meta property=\"og:site_name\" content=\"industria-de-la-conversion.ttemsa\" \/>\n<meta property=\"article:modified_time\" content=\"2024-03-06T13:11:13+00:00\" \/>\n<meta property=\"og:image\" content=\"https:\/\/ttemsa.com\/industria\/wp-content\/uploads\/2024\/03\/ahorro-de-energia-paxton.jpg\" \/>\n\t<meta property=\"og:image:width\" content=\"1280\" \/>\n\t<meta property=\"og:image:height\" content=\"513\" \/>\n\t<meta property=\"og:image:type\" content=\"image\/jpeg\" \/>\n<meta name=\"twitter:card\" content=\"summary_large_image\" \/>\n<meta name=\"twitter:label1\" content=\"Tiempo de lectura\" \/>\n\t<meta name=\"twitter:data1\" content=\"2 minutos\" \/>\n<script type=\"application\/ld+json\" class=\"yoast-schema-graph\">{\"@context\":\"https:\/\/schema.org\",\"@graph\":[{\"@type\":\"WebPage\",\"@id\":\"https:\/\/ttemsa.com\/industria\/index.php\/paxton-2018\/soluciones-ahorro-de-energia\/\",\"url\":\"https:\/\/ttemsa.com\/industria\/index.php\/paxton-2018\/soluciones-ahorro-de-energia\/\",\"name\":\"SOLUCIONES AHORRO DE ENERG\u00cdA - industria-de-la-conversion.ttemsa\",\"isPartOf\":{\"@id\":\"https:\/\/ttemsa.com\/industria\/#website\"},\"primaryImageOfPage\":{\"@id\":\"https:\/\/ttemsa.com\/industria\/index.php\/paxton-2018\/soluciones-ahorro-de-energia\/#primaryimage\"},\"image\":{\"@id\":\"https:\/\/ttemsa.com\/industria\/index.php\/paxton-2018\/soluciones-ahorro-de-energia\/#primaryimage\"},\"thumbnailUrl\":\"https:\/\/ttemsa.com\/industria\/wp-content\/uploads\/2024\/03\/ahorro-de-energia-paxton-1024x410.jpg\",\"datePublished\":\"2024-03-01T21:31:24+00:00\",\"dateModified\":\"2024-03-06T13:11:13+00:00\",\"description\":\"\u00bfUtiliza Aire comprimido? 80-90% de la energ\u00eda utilizada con aire comprimido se utiliza para comprimir, y transportar y expandir el aire para el sitio donde se necesita. En ttemsa ofrecemos Soluciones. Solicite + info Tel\u00e9fonos: + 52 (55) 5352-0191 5352-1301 5352-6070 5352-0593\",\"breadcrumb\":{\"@id\":\"https:\/\/ttemsa.com\/industria\/index.php\/paxton-2018\/soluciones-ahorro-de-energia\/#breadcrumb\"},\"inLanguage\":\"es\",\"potentialAction\":[{\"@type\":\"ReadAction\",\"target\":[\"https:\/\/ttemsa.com\/industria\/index.php\/paxton-2018\/soluciones-ahorro-de-energia\/\"]}]},{\"@type\":\"ImageObject\",\"inLanguage\":\"es\",\"@id\":\"https:\/\/ttemsa.com\/industria\/index.php\/paxton-2018\/soluciones-ahorro-de-energia\/#primaryimage\",\"url\":\"https:\/\/ttemsa.com\/industria\/wp-content\/uploads\/2024\/03\/ahorro-de-energia-paxton.jpg\",\"contentUrl\":\"https:\/\/ttemsa.com\/industria\/wp-content\/uploads\/2024\/03\/ahorro-de-energia-paxton.jpg\",\"width\":1280,\"height\":513},{\"@type\":\"BreadcrumbList\",\"@id\":\"https:\/\/ttemsa.com\/industria\/index.php\/paxton-2018\/soluciones-ahorro-de-energia\/#breadcrumb\",\"itemListElement\":[{\"@type\":\"ListItem\",\"position\":1,\"name\":\"Inicio\",\"item\":\"https:\/\/ttemsa.com\/industria\/\"},{\"@type\":\"ListItem\",\"position\":2,\"name\":\"PAXTON\",\"item\":\"https:\/\/ttemsa.com\/industria\/index.php\/paxton-2018\/\"},{\"@type\":\"ListItem\",\"position\":3,\"name\":\"SOLUCIONES AHORRO DE ENERG\u00cdA\"}]},{\"@type\":\"WebSite\",\"@id\":\"https:\/\/ttemsa.com\/industria\/#website\",\"url\":\"https:\/\/ttemsa.com\/industria\/\",\"name\":\"industria-de-la-conversion.ttemsa\",\"description\":\"Designed Dianalacazadora.com\",\"alternateName\":\"ttemsa l\u00edderes en la industria de la conversi\u00f3n\",\"potentialAction\":[{\"@type\":\"SearchAction\",\"target\":{\"@type\":\"EntryPoint\",\"urlTemplate\":\"https:\/\/ttemsa.com\/industria\/?s={search_term_string}\"},\"query-input\":{\"@type\":\"PropertyValueSpecification\",\"valueRequired\":true,\"valueName\":\"search_term_string\"}}],\"inLanguage\":\"es\"}]}<\/script>\n<!-- \/ Yoast SEO plugin. -->","yoast_head_json":{"title":"SOLUCIONES AHORRO DE ENERG\u00cdA - industria-de-la-conversion.ttemsa","description":"\u00bfUtiliza Aire comprimido? 80-90% de la energ\u00eda utilizada con aire comprimido se utiliza para comprimir, y transportar y expandir el aire para el sitio donde se necesita. En ttemsa ofrecemos Soluciones. Solicite + info Tel\u00e9fonos: + 52 (55) 5352-0191 5352-1301 5352-6070 5352-0593","robots":{"index":"index","follow":"follow","max-snippet":"max-snippet:-1","max-image-preview":"max-image-preview:large","max-video-preview":"max-video-preview:-1"},"canonical":"https:\/\/ttemsa.com\/industria\/index.php\/paxton-2018\/soluciones-ahorro-de-energia\/","og_locale":"es_MX","og_type":"article","og_title":"\u00bfUtiliza Aire comprimido? 80-90% de la energ\u00eda utilizada con aire comprimido se utiliza para comprimir, y transportar y expandir el aire para el sitio donde se necesita","og_description":"En ttemsa ofrecemos Soluciones. Solicite + info Tel\u00e9fonos: + 52 (55) 5352-0191 5352-1301 5352-6070 5352-0593","og_url":"https:\/\/ttemsa.com\/industria\/index.php\/paxton-2018\/soluciones-ahorro-de-energia\/","og_site_name":"industria-de-la-conversion.ttemsa","article_modified_time":"2024-03-06T13:11:13+00:00","og_image":[{"width":1280,"height":513,"url":"https:\/\/ttemsa.com\/industria\/wp-content\/uploads\/2024\/03\/ahorro-de-energia-paxton.jpg","type":"image\/jpeg"}],"twitter_card":"summary_large_image","twitter_misc":{"Tiempo de lectura":"2 minutos"},"schema":{"@context":"https:\/\/schema.org","@graph":[{"@type":"WebPage","@id":"https:\/\/ttemsa.com\/industria\/index.php\/paxton-2018\/soluciones-ahorro-de-energia\/","url":"https:\/\/ttemsa.com\/industria\/index.php\/paxton-2018\/soluciones-ahorro-de-energia\/","name":"SOLUCIONES AHORRO DE ENERG\u00cdA - industria-de-la-conversion.ttemsa","isPartOf":{"@id":"https:\/\/ttemsa.com\/industria\/#website"},"primaryImageOfPage":{"@id":"https:\/\/ttemsa.com\/industria\/index.php\/paxton-2018\/soluciones-ahorro-de-energia\/#primaryimage"},"image":{"@id":"https:\/\/ttemsa.com\/industria\/index.php\/paxton-2018\/soluciones-ahorro-de-energia\/#primaryimage"},"thumbnailUrl":"https:\/\/ttemsa.com\/industria\/wp-content\/uploads\/2024\/03\/ahorro-de-energia-paxton-1024x410.jpg","datePublished":"2024-03-01T21:31:24+00:00","dateModified":"2024-03-06T13:11:13+00:00","description":"\u00bfUtiliza Aire comprimido? 80-90% de la energ\u00eda utilizada con aire comprimido se utiliza para comprimir, y transportar y expandir el aire para el sitio donde se necesita. En ttemsa ofrecemos Soluciones. Solicite + info Tel\u00e9fonos: + 52 (55) 5352-0191 5352-1301 5352-6070 5352-0593","breadcrumb":{"@id":"https:\/\/ttemsa.com\/industria\/index.php\/paxton-2018\/soluciones-ahorro-de-energia\/#breadcrumb"},"inLanguage":"es","potentialAction":[{"@type":"ReadAction","target":["https:\/\/ttemsa.com\/industria\/index.php\/paxton-2018\/soluciones-ahorro-de-energia\/"]}]},{"@type":"ImageObject","inLanguage":"es","@id":"https:\/\/ttemsa.com\/industria\/index.php\/paxton-2018\/soluciones-ahorro-de-energia\/#primaryimage","url":"https:\/\/ttemsa.com\/industria\/wp-content\/uploads\/2024\/03\/ahorro-de-energia-paxton.jpg","contentUrl":"https:\/\/ttemsa.com\/industria\/wp-content\/uploads\/2024\/03\/ahorro-de-energia-paxton.jpg","width":1280,"height":513},{"@type":"BreadcrumbList","@id":"https:\/\/ttemsa.com\/industria\/index.php\/paxton-2018\/soluciones-ahorro-de-energia\/#breadcrumb","itemListElement":[{"@type":"ListItem","position":1,"name":"Inicio","item":"https:\/\/ttemsa.com\/industria\/"},{"@type":"ListItem","position":2,"name":"PAXTON","item":"https:\/\/ttemsa.com\/industria\/index.php\/paxton-2018\/"},{"@type":"ListItem","position":3,"name":"SOLUCIONES AHORRO DE ENERG\u00cdA"}]},{"@type":"WebSite","@id":"https:\/\/ttemsa.com\/industria\/#website","url":"https:\/\/ttemsa.com\/industria\/","name":"industria-de-la-conversion.ttemsa","description":"Designed Dianalacazadora.com","alternateName":"ttemsa l\u00edderes en la industria de la conversi\u00f3n","potentialAction":[{"@type":"SearchAction","target":{"@type":"EntryPoint","urlTemplate":"https:\/\/ttemsa.com\/industria\/?s={search_term_string}"},"query-input":{"@type":"PropertyValueSpecification","valueRequired":true,"valueName":"search_term_string"}}],"inLanguage":"es"}]}},"_links":{"self":[{"href":"https:\/\/ttemsa.com\/industria\/index.php\/wp-json\/wp\/v2\/pages\/1742","targetHints":{"allow":["GET"]}}],"collection":[{"href":"https:\/\/ttemsa.com\/industria\/index.php\/wp-json\/wp\/v2\/pages"}],"about":[{"href":"https:\/\/ttemsa.com\/industria\/index.php\/wp-json\/wp\/v2\/types\/page"}],"author":[{"embeddable":true,"href":"https:\/\/ttemsa.com\/industria\/index.php\/wp-json\/wp\/v2\/users\/1"}],"replies":[{"embeddable":true,"href":"https:\/\/ttemsa.com\/industria\/index.php\/wp-json\/wp\/v2\/comments?post=1742"}],"version-history":[{"count":2,"href":"https:\/\/ttemsa.com\/industria\/index.php\/wp-json\/wp\/v2\/pages\/1742\/revisions"}],"predecessor-version":[{"id":2352,"href":"https:\/\/ttemsa.com\/industria\/index.php\/wp-json\/wp\/v2\/pages\/1742\/revisions\/2352"}],"up":[{"embeddable":true,"href":"https:\/\/ttemsa.com\/industria\/index.php\/wp-json\/wp\/v2\/pages\/14"}],"wp:attachment":[{"href":"https:\/\/ttemsa.com\/industria\/index.php\/wp-json\/wp\/v2\/media?parent=1742"}],"wp:term":[{"taxonomy":"category","embeddable":true,"href":"https:\/\/ttemsa.com\/industria\/index.php\/wp-json\/wp\/v2\/categories?post=1742"},{"taxonomy":"post_tag","embeddable":true,"href":"https:\/\/ttemsa.com\/industria\/index.php\/wp-json\/wp\/v2\/tags?post=1742"}],"curies":[{"name":"wp","href":"https:\/\/api.w.org\/{rel}","templated":true}]}}