{"id":1787,"date":"2024-03-01T21:43:16","date_gmt":"2024-03-01T21:43:16","guid":{"rendered":"https:\/\/ttemsa.com\/industria\/index.php\/paxton\/sopladores-centrifugos-xt-series-copy\/"},"modified":"2024-03-06T14:12:11","modified_gmt":"2024-03-06T14:12:11","slug":"procesamiento-de-alimentos","status":"publish","type":"page","link":"https:\/\/ttemsa.com\/industria\/index.php\/paxton-2018\/procesamiento-de-alimentos\/","title":{"rendered":"PROCESAMIENTO DE ALIMENTOS"},"content":{"rendered":"<div class=\"wp-block-image\">\n<figure class=\"aligncenter size-full is-resized\"><img loading=\"lazy\" decoding=\"async\" width=\"1012\" height=\"942\" src=\"https:\/\/ttemsa.com\/industria\/wp-content\/uploads\/2024\/03\/procesamiento-de-alimentos-y-empaquetado.jpg\" alt=\"\" class=\"wp-image-2398\" style=\"width:378px;height:auto\" srcset=\"https:\/\/ttemsa.com\/industria\/wp-content\/uploads\/2024\/03\/procesamiento-de-alimentos-y-empaquetado.jpg 1012w, https:\/\/ttemsa.com\/industria\/wp-content\/uploads\/2024\/03\/procesamiento-de-alimentos-y-empaquetado-300x279.jpg 300w, https:\/\/ttemsa.com\/industria\/wp-content\/uploads\/2024\/03\/procesamiento-de-alimentos-y-empaquetado-768x715.jpg 768w\" sizes=\"auto, (max-width: 1012px) 100vw, 1012px\" \/><\/figure>\n<\/div>\n\n<div class=\"wp-block-image\">\n<figure class=\"aligncenter size-full is-resized\"><img loading=\"lazy\" decoding=\"async\" width=\"410\" height=\"123\" src=\"https:\/\/ttemsa.com\/industria\/wp-content\/uploads\/2024\/03\/paxtonlogo.jpg\" alt=\"\" class=\"wp-image-2334\" style=\"width:209px;height:auto\" srcset=\"https:\/\/ttemsa.com\/industria\/wp-content\/uploads\/2024\/03\/paxtonlogo.jpg 410w, https:\/\/ttemsa.com\/industria\/wp-content\/uploads\/2024\/03\/paxtonlogo-300x90.jpg 300w\" sizes=\"auto, (max-width: 410px) 100vw, 410px\" \/><\/figure>\n<\/div>\n\n\n<p>Procesamiento de Alimentos y Empaquetado Para la limpieza, secado, recubrimiento o de transporte, los procesadores de alimentos y envasado conf\u00edan en los sistemas de aire Paxton para mejorar su producci\u00f3n.<\/p>\n\n\n\n<p><strong>Beneficios:<\/strong><\/p>\n\n\n<div class=\"wp-block-image\">\n<figure class=\"alignleft size-full\"><img loading=\"lazy\" decoding=\"async\" width=\"395\" height=\"516\" src=\"https:\/\/ttemsa.com\/industria\/wp-content\/uploads\/2024\/03\/procesamiento-de-alimentos.jpg\" alt=\"\" class=\"wp-image-2400\" srcset=\"https:\/\/ttemsa.com\/industria\/wp-content\/uploads\/2024\/03\/procesamiento-de-alimentos.jpg 395w, https:\/\/ttemsa.com\/industria\/wp-content\/uploads\/2024\/03\/procesamiento-de-alimentos-230x300.jpg 230w\" sizes=\"auto, (max-width: 395px) 100vw, 395px\" \/><\/figure>\n<\/div>\n\n\n<ul class=\"wp-block-list\">\n<li>Reemplaza los sistemas de aire comprimido con 1\/5 del consumo de energ\u00eda.<\/li>\n\n\n\n<li>Reduce el calor en comparaci\u00f3n con otros tipos de sopladores.<\/li>\n\n\n\n<li>Mejor eliminaci\u00f3n de agua para obtener un peso preciso.<\/li>\n\n\n\n<li>Mayor revestimiento de quesos, productos de panader\u00eda, etc.<\/li>\n\n\n\n<li>Mejora del saneamiento de las cajas, bandejas, sartenes y transportadores.<\/li>\n\n\n\n<li>Los sopladores Paxton de la serie AT y la serie XT est\u00e1n configurados con dispositivos de entrega de aire para el soplado, secado, transporte, limpieza y enjuague.<\/li>\n\n\n\n<li>Los Sistemas PowerDry secan la parte superior y debajo de los bordes de latas, tarros y botellas.<\/li>\n\n\n\n<li>Los sistemas Paxton de aire ionizado eliminan la suciedad y las part\u00edculas adheridas de los envases y contenedores.<\/li>\n<\/ul>\n\n\n\n<figure class=\"wp-block-image size-large\"><img loading=\"lazy\" decoding=\"async\" width=\"1024\" height=\"489\" src=\"https:\/\/ttemsa.com\/industria\/wp-content\/uploads\/2024\/03\/tabla-procesamiento-de-alimentos-paxton-1024x489.jpg\" alt=\"\" class=\"wp-image-2401\" srcset=\"https:\/\/ttemsa.com\/industria\/wp-content\/uploads\/2024\/03\/tabla-procesamiento-de-alimentos-paxton-1024x489.jpg 1024w, https:\/\/ttemsa.com\/industria\/wp-content\/uploads\/2024\/03\/tabla-procesamiento-de-alimentos-paxton-300x143.jpg 300w, https:\/\/ttemsa.com\/industria\/wp-content\/uploads\/2024\/03\/tabla-procesamiento-de-alimentos-paxton-768x367.jpg 768w, https:\/\/ttemsa.com\/industria\/wp-content\/uploads\/2024\/03\/tabla-procesamiento-de-alimentos-paxton-1536x734.jpg 1536w, https:\/\/ttemsa.com\/industria\/wp-content\/uploads\/2024\/03\/tabla-procesamiento-de-alimentos-paxton-2048x978.jpg 2048w\" sizes=\"auto, (max-width: 1024px) 100vw, 1024px\" \/><\/figure>\n\n\n\n<figure class=\"wp-block-table\"><table><tbody><tr><td><a href=\"https:\/\/ttemsa.com\/images\/pdf\/Procesamiento-de-Alimentos-Empaquetado.pdf\" target=\"_blank\" rel=\"noreferrer noopener\"><\/a>Ver PDF<a href=\"https:\/\/ttemsa.com\/images\/pdf\/Procesamiento-de-Alimentos-Empaquetado.pdf\" target=\"_blank\" rel=\"noreferrer noopener\">Cat\u00e1logo en Espa\u00f1ol<\/a><\/td><td><a href=\"https:\/\/ttemsa.com\/images\/pdf\/aplicaciones.pdf\" target=\"_blank\" rel=\"noreferrer noopener\"><\/a>Ver PDF<a href=\"https:\/\/ttemsa.com\/images\/pdf\/aplicaciones.pdf\" target=\"_blank\" rel=\"noreferrer noopener\">Cat\u00e1logo General<\/a>&nbsp;<\/td><\/tr><\/tbody><\/table><\/figure>\n","protected":false},"excerpt":{"rendered":"<p>Procesamiento de Alimentos y Empaquetado Para la limpieza, secado, recubrimiento o de transporte, los procesadores de alimentos y envasado conf\u00edan en los sistemas de aire Paxton para mejorar su producci\u00f3n. Beneficios: Ver PDFCat\u00e1logo en Espa\u00f1ol Ver PDFCat\u00e1logo General&nbsp;<\/p>\n","protected":false},"author":1,"featured_media":0,"parent":14,"menu_order":0,"comment_status":"closed","ping_status":"closed","template":"","meta":{"content-type":"","footnotes":""},"categories":[19],"tags":[],"class_list":["post-1787","page","type-page","status-publish","hentry","category-paxton-2018"],"yoast_head":"<!-- This site is optimized with the Yoast SEO plugin v26.6 - https:\/\/yoast.com\/wordpress\/plugins\/seo\/ -->\n<title>PROCESAMIENTO DE ALIMENTOS - industria-de-la-conversion.ttemsa<\/title>\n<meta name=\"description\" content=\"Procesamiento de Alimentos y Empaquetado Para la limpieza, secado, recubrimiento o de transporte, los procesadores de alimentos y envasado conf\u00edan en los sistemas de aire Paxton para mejorar su producci\u00f3n.\" \/>\n<meta name=\"robots\" content=\"index, follow, max-snippet:-1, max-image-preview:large, max-video-preview:-1\" \/>\n<link rel=\"canonical\" href=\"https:\/\/ttemsa.com\/industria\/index.php\/paxton-2018\/procesamiento-de-alimentos\/\" \/>\n<meta property=\"og:locale\" content=\"es_MX\" \/>\n<meta property=\"og:type\" content=\"article\" \/>\n<meta property=\"og:title\" content=\"Procesamiento de Alimentosy Empaquetado Para la limpieza, secado, recubrimiento o de transporte, los procesadores de alimentos y envasado.\" \/>\n<meta property=\"og:description\" content=\"En ttemsa ofrecemos Soluciones. Solicite + info Tel\u00e9fonos: + 52 (55) 5352-0191 5352-1301 5352-6070 5352-0593\" \/>\n<meta property=\"og:url\" content=\"https:\/\/ttemsa.com\/industria\/index.php\/paxton-2018\/procesamiento-de-alimentos\/\" \/>\n<meta property=\"og:site_name\" content=\"industria-de-la-conversion.ttemsa\" \/>\n<meta property=\"article:modified_time\" content=\"2024-03-06T14:12:11+00:00\" \/>\n<meta property=\"og:image\" content=\"https:\/\/ttemsa.com\/industria\/wp-content\/uploads\/2024\/03\/procesamiento-de-alimentos-y-empaquetado.jpg\" \/>\n\t<meta property=\"og:image:width\" content=\"1012\" \/>\n\t<meta property=\"og:image:height\" content=\"942\" \/>\n\t<meta property=\"og:image:type\" content=\"image\/jpeg\" \/>\n<meta name=\"twitter:card\" content=\"summary_large_image\" \/>\n<meta name=\"twitter:label1\" content=\"Tiempo de lectura\" \/>\n\t<meta name=\"twitter:data1\" content=\"2 minutos\" \/>\n<script type=\"application\/ld+json\" class=\"yoast-schema-graph\">{\"@context\":\"https:\/\/schema.org\",\"@graph\":[{\"@type\":\"WebPage\",\"@id\":\"https:\/\/ttemsa.com\/industria\/index.php\/paxton-2018\/procesamiento-de-alimentos\/\",\"url\":\"https:\/\/ttemsa.com\/industria\/index.php\/paxton-2018\/procesamiento-de-alimentos\/\",\"name\":\"PROCESAMIENTO DE ALIMENTOS - industria-de-la-conversion.ttemsa\",\"isPartOf\":{\"@id\":\"https:\/\/ttemsa.com\/industria\/#website\"},\"primaryImageOfPage\":{\"@id\":\"https:\/\/ttemsa.com\/industria\/index.php\/paxton-2018\/procesamiento-de-alimentos\/#primaryimage\"},\"image\":{\"@id\":\"https:\/\/ttemsa.com\/industria\/index.php\/paxton-2018\/procesamiento-de-alimentos\/#primaryimage\"},\"thumbnailUrl\":\"https:\/\/ttemsa.com\/industria\/wp-content\/uploads\/2024\/03\/procesamiento-de-alimentos-y-empaquetado.jpg\",\"datePublished\":\"2024-03-01T21:43:16+00:00\",\"dateModified\":\"2024-03-06T14:12:11+00:00\",\"description\":\"Procesamiento de Alimentos y Empaquetado Para la limpieza, secado, recubrimiento o de transporte, los procesadores de alimentos y envasado conf\u00edan en los sistemas de aire Paxton para mejorar su producci\u00f3n.\",\"breadcrumb\":{\"@id\":\"https:\/\/ttemsa.com\/industria\/index.php\/paxton-2018\/procesamiento-de-alimentos\/#breadcrumb\"},\"inLanguage\":\"es\",\"potentialAction\":[{\"@type\":\"ReadAction\",\"target\":[\"https:\/\/ttemsa.com\/industria\/index.php\/paxton-2018\/procesamiento-de-alimentos\/\"]}]},{\"@type\":\"ImageObject\",\"inLanguage\":\"es\",\"@id\":\"https:\/\/ttemsa.com\/industria\/index.php\/paxton-2018\/procesamiento-de-alimentos\/#primaryimage\",\"url\":\"https:\/\/ttemsa.com\/industria\/wp-content\/uploads\/2024\/03\/procesamiento-de-alimentos-y-empaquetado.jpg\",\"contentUrl\":\"https:\/\/ttemsa.com\/industria\/wp-content\/uploads\/2024\/03\/procesamiento-de-alimentos-y-empaquetado.jpg\",\"width\":1012,\"height\":942},{\"@type\":\"BreadcrumbList\",\"@id\":\"https:\/\/ttemsa.com\/industria\/index.php\/paxton-2018\/procesamiento-de-alimentos\/#breadcrumb\",\"itemListElement\":[{\"@type\":\"ListItem\",\"position\":1,\"name\":\"Inicio\",\"item\":\"https:\/\/ttemsa.com\/industria\/\"},{\"@type\":\"ListItem\",\"position\":2,\"name\":\"PAXTON\",\"item\":\"https:\/\/ttemsa.com\/industria\/index.php\/paxton-2018\/\"},{\"@type\":\"ListItem\",\"position\":3,\"name\":\"PROCESAMIENTO DE ALIMENTOS\"}]},{\"@type\":\"WebSite\",\"@id\":\"https:\/\/ttemsa.com\/industria\/#website\",\"url\":\"https:\/\/ttemsa.com\/industria\/\",\"name\":\"industria-de-la-conversion.ttemsa\",\"description\":\"Designed Dianalacazadora.com\",\"alternateName\":\"ttemsa l\u00edderes en la industria de la conversi\u00f3n\",\"potentialAction\":[{\"@type\":\"SearchAction\",\"target\":{\"@type\":\"EntryPoint\",\"urlTemplate\":\"https:\/\/ttemsa.com\/industria\/?s={search_term_string}\"},\"query-input\":{\"@type\":\"PropertyValueSpecification\",\"valueRequired\":true,\"valueName\":\"search_term_string\"}}],\"inLanguage\":\"es\"}]}<\/script>\n<!-- \/ Yoast SEO plugin. -->","yoast_head_json":{"title":"PROCESAMIENTO DE ALIMENTOS - industria-de-la-conversion.ttemsa","description":"Procesamiento de Alimentos y Empaquetado Para la limpieza, secado, recubrimiento o de transporte, los procesadores de alimentos y envasado conf\u00edan en los sistemas de aire Paxton para mejorar su producci\u00f3n.","robots":{"index":"index","follow":"follow","max-snippet":"max-snippet:-1","max-image-preview":"max-image-preview:large","max-video-preview":"max-video-preview:-1"},"canonical":"https:\/\/ttemsa.com\/industria\/index.php\/paxton-2018\/procesamiento-de-alimentos\/","og_locale":"es_MX","og_type":"article","og_title":"Procesamiento de Alimentosy Empaquetado Para la limpieza, secado, recubrimiento o de transporte, los procesadores de alimentos y envasado.","og_description":"En ttemsa ofrecemos Soluciones. Solicite + info Tel\u00e9fonos: + 52 (55) 5352-0191 5352-1301 5352-6070 5352-0593","og_url":"https:\/\/ttemsa.com\/industria\/index.php\/paxton-2018\/procesamiento-de-alimentos\/","og_site_name":"industria-de-la-conversion.ttemsa","article_modified_time":"2024-03-06T14:12:11+00:00","og_image":[{"width":1012,"height":942,"url":"https:\/\/ttemsa.com\/industria\/wp-content\/uploads\/2024\/03\/procesamiento-de-alimentos-y-empaquetado.jpg","type":"image\/jpeg"}],"twitter_card":"summary_large_image","twitter_misc":{"Tiempo de lectura":"2 minutos"},"schema":{"@context":"https:\/\/schema.org","@graph":[{"@type":"WebPage","@id":"https:\/\/ttemsa.com\/industria\/index.php\/paxton-2018\/procesamiento-de-alimentos\/","url":"https:\/\/ttemsa.com\/industria\/index.php\/paxton-2018\/procesamiento-de-alimentos\/","name":"PROCESAMIENTO DE ALIMENTOS - industria-de-la-conversion.ttemsa","isPartOf":{"@id":"https:\/\/ttemsa.com\/industria\/#website"},"primaryImageOfPage":{"@id":"https:\/\/ttemsa.com\/industria\/index.php\/paxton-2018\/procesamiento-de-alimentos\/#primaryimage"},"image":{"@id":"https:\/\/ttemsa.com\/industria\/index.php\/paxton-2018\/procesamiento-de-alimentos\/#primaryimage"},"thumbnailUrl":"https:\/\/ttemsa.com\/industria\/wp-content\/uploads\/2024\/03\/procesamiento-de-alimentos-y-empaquetado.jpg","datePublished":"2024-03-01T21:43:16+00:00","dateModified":"2024-03-06T14:12:11+00:00","description":"Procesamiento de Alimentos y Empaquetado Para la limpieza, secado, recubrimiento o de transporte, los procesadores de alimentos y envasado conf\u00edan en los sistemas de aire Paxton para mejorar su producci\u00f3n.","breadcrumb":{"@id":"https:\/\/ttemsa.com\/industria\/index.php\/paxton-2018\/procesamiento-de-alimentos\/#breadcrumb"},"inLanguage":"es","potentialAction":[{"@type":"ReadAction","target":["https:\/\/ttemsa.com\/industria\/index.php\/paxton-2018\/procesamiento-de-alimentos\/"]}]},{"@type":"ImageObject","inLanguage":"es","@id":"https:\/\/ttemsa.com\/industria\/index.php\/paxton-2018\/procesamiento-de-alimentos\/#primaryimage","url":"https:\/\/ttemsa.com\/industria\/wp-content\/uploads\/2024\/03\/procesamiento-de-alimentos-y-empaquetado.jpg","contentUrl":"https:\/\/ttemsa.com\/industria\/wp-content\/uploads\/2024\/03\/procesamiento-de-alimentos-y-empaquetado.jpg","width":1012,"height":942},{"@type":"BreadcrumbList","@id":"https:\/\/ttemsa.com\/industria\/index.php\/paxton-2018\/procesamiento-de-alimentos\/#breadcrumb","itemListElement":[{"@type":"ListItem","position":1,"name":"Inicio","item":"https:\/\/ttemsa.com\/industria\/"},{"@type":"ListItem","position":2,"name":"PAXTON","item":"https:\/\/ttemsa.com\/industria\/index.php\/paxton-2018\/"},{"@type":"ListItem","position":3,"name":"PROCESAMIENTO DE ALIMENTOS"}]},{"@type":"WebSite","@id":"https:\/\/ttemsa.com\/industria\/#website","url":"https:\/\/ttemsa.com\/industria\/","name":"industria-de-la-conversion.ttemsa","description":"Designed Dianalacazadora.com","alternateName":"ttemsa l\u00edderes en la industria de la conversi\u00f3n","potentialAction":[{"@type":"SearchAction","target":{"@type":"EntryPoint","urlTemplate":"https:\/\/ttemsa.com\/industria\/?s={search_term_string}"},"query-input":{"@type":"PropertyValueSpecification","valueRequired":true,"valueName":"search_term_string"}}],"inLanguage":"es"}]}},"_links":{"self":[{"href":"https:\/\/ttemsa.com\/industria\/index.php\/wp-json\/wp\/v2\/pages\/1787","targetHints":{"allow":["GET"]}}],"collection":[{"href":"https:\/\/ttemsa.com\/industria\/index.php\/wp-json\/wp\/v2\/pages"}],"about":[{"href":"https:\/\/ttemsa.com\/industria\/index.php\/wp-json\/wp\/v2\/types\/page"}],"author":[{"embeddable":true,"href":"https:\/\/ttemsa.com\/industria\/index.php\/wp-json\/wp\/v2\/users\/1"}],"replies":[{"embeddable":true,"href":"https:\/\/ttemsa.com\/industria\/index.php\/wp-json\/wp\/v2\/comments?post=1787"}],"version-history":[{"count":2,"href":"https:\/\/ttemsa.com\/industria\/index.php\/wp-json\/wp\/v2\/pages\/1787\/revisions"}],"predecessor-version":[{"id":2402,"href":"https:\/\/ttemsa.com\/industria\/index.php\/wp-json\/wp\/v2\/pages\/1787\/revisions\/2402"}],"up":[{"embeddable":true,"href":"https:\/\/ttemsa.com\/industria\/index.php\/wp-json\/wp\/v2\/pages\/14"}],"wp:attachment":[{"href":"https:\/\/ttemsa.com\/industria\/index.php\/wp-json\/wp\/v2\/media?parent=1787"}],"wp:term":[{"taxonomy":"category","embeddable":true,"href":"https:\/\/ttemsa.com\/industria\/index.php\/wp-json\/wp\/v2\/categories?post=1787"},{"taxonomy":"post_tag","embeddable":true,"href":"https:\/\/ttemsa.com\/industria\/index.php\/wp-json\/wp\/v2\/tags?post=1787"}],"curies":[{"name":"wp","href":"https:\/\/api.w.org\/{rel}","templated":true}]}}