{"id":2059,"date":"2024-03-02T19:48:14","date_gmt":"2024-03-02T19:48:14","guid":{"rendered":"https:\/\/ttemsa.com\/industria\/index.php\/fife\/fife-sensores-de-alineacionp-copy-copy-copy-copy-copy\/"},"modified":"2024-09-09T20:39:42","modified_gmt":"2024-09-09T20:39:42","slug":"115-sensor-se-31","status":"publish","type":"page","link":"https:\/\/ttemsa.com\/industria\/index.php\/fife\/32-fife-sensores\/115-sensor-se-31\/","title":{"rendered":"Sensor Ultras\u00f3nico SE-31"},"content":{"rendered":"<div class=\"wp-block-image\">\n<figure class=\"aligncenter size-full is-resized\"><img loading=\"lazy\" decoding=\"async\" width=\"312\" height=\"193\" src=\"https:\/\/ttemsa.com\/industria\/wp-content\/uploads\/2024\/03\/fife-SE31.jpg\" alt=\"\" class=\"wp-image-2103\" style=\"width:544px;height:auto\" srcset=\"https:\/\/ttemsa.com\/industria\/wp-content\/uploads\/2024\/03\/fife-SE31.jpg 312w, https:\/\/ttemsa.com\/industria\/wp-content\/uploads\/2024\/03\/fife-SE31-300x186.jpg 300w\" sizes=\"auto, (max-width: 312px) 100vw, 312px\" \/><\/figure>\n<\/div>\n\n<div class=\"wp-block-image\">\n<figure class=\"alignright size-full\"><img loading=\"lazy\" decoding=\"async\" width=\"456\" height=\"48\" src=\"https:\/\/ttemsa.com\/industria\/wp-content\/uploads\/2024\/03\/se31.png\" alt=\"\" class=\"wp-image-2100\" srcset=\"https:\/\/ttemsa.com\/industria\/wp-content\/uploads\/2024\/03\/se31.png 456w, https:\/\/ttemsa.com\/industria\/wp-content\/uploads\/2024\/03\/se31-300x32.png 300w\" sizes=\"auto, (max-width: 456px) 100vw, 456px\" \/><\/figure>\n<\/div>\n\n\n<figure class=\"wp-block-image size-full\"><img loading=\"lazy\" decoding=\"async\" width=\"147\" height=\"90\" src=\"https:\/\/ttemsa.com\/industria\/wp-content\/uploads\/2024\/03\/Ultrashaftimage006-1.png\" alt=\"\" class=\"wp-image-2079\"\/><\/figure>\n\n\n\n<p>Nuestro sensor ultras\u00f3nico m\u00e1s peque\u00f1o, el&nbsp;SE-31&nbsp;es ideal para guiar materiales Transparentes y Opacos.<\/p>\n\n\n\n<p>Este sensor estabilizado a la temperatura no se ve afectado por la variaci\u00f3n \u00f3ptica o la luz ambiente, eliminando la necesidad de m\u00faltiples sensores y aumentando la productividad.<\/p>\n\n\n\n<p>El SE-31 tiene un rango de control de 7,62 mm (0,3 pulgadas), y un espacio de detecci\u00f3n de 25,4 mm o 50,8 mm (1 pulgada o 2 pulgadas).<\/p>\n\n\n\n<p>Un circuito mejorado reduce el efecto de las ondas estacionarias y las variaciones de temperatura, lo que mejora el rendimiento operativo general de este sensor.<\/p>\n\n\n\n<p><strong>Especificaciones: SE-31&nbsp;<\/strong><\/p>\n\n\n\n<figure class=\"wp-block-image size-large\"><img loading=\"lazy\" decoding=\"async\" width=\"1024\" height=\"674\" src=\"https:\/\/ttemsa.com\/industria\/wp-content\/uploads\/2024\/05\/1se31a-1024x674.png\" alt=\"\" class=\"wp-image-3063\" srcset=\"https:\/\/ttemsa.com\/industria\/wp-content\/uploads\/2024\/05\/1se31a-1024x674.png 1024w, https:\/\/ttemsa.com\/industria\/wp-content\/uploads\/2024\/05\/1se31a-300x197.png 300w, https:\/\/ttemsa.com\/industria\/wp-content\/uploads\/2024\/05\/1se31a-768x505.png 768w, https:\/\/ttemsa.com\/industria\/wp-content\/uploads\/2024\/05\/1se31a.png 1157w\" sizes=\"auto, (max-width: 1024px) 100vw, 1024px\" \/><\/figure>\n\n\n\n<figure class=\"wp-block-image size-full\"><img loading=\"lazy\" decoding=\"async\" width=\"690\" height=\"451\" src=\"https:\/\/ttemsa.com\/industria\/wp-content\/uploads\/2024\/05\/1se31b.png\" alt=\"\" class=\"wp-image-3064\" srcset=\"https:\/\/ttemsa.com\/industria\/wp-content\/uploads\/2024\/05\/1se31b.png 690w, https:\/\/ttemsa.com\/industria\/wp-content\/uploads\/2024\/05\/1se31b-300x196.png 300w\" sizes=\"auto, (max-width: 690px) 100vw, 690px\" \/><\/figure>\n","protected":false},"excerpt":{"rendered":"<p>Nuestro sensor ultras\u00f3nico m\u00e1s peque\u00f1o, el&nbsp;SE-31&nbsp;es ideal para guiar materiales Transparentes y Opacos. Este sensor estabilizado a la temperatura no se ve afectado por la variaci\u00f3n \u00f3ptica o la luz ambiente, eliminando la necesidad de m\u00faltiples sensores y aumentando la productividad. El SE-31 tiene un rango de control de 7,62 mm (0,3 pulgadas), y un [&hellip;]<\/p>\n","protected":false},"author":1,"featured_media":0,"parent":3520,"menu_order":0,"comment_status":"closed","ping_status":"closed","template":"","meta":{"content-type":"","footnotes":""},"categories":[15],"tags":[],"class_list":["post-2059","page","type-page","status-publish","hentry","category-fifecat"],"yoast_head":"<!-- This site is optimized with the Yoast SEO plugin v26.6 - https:\/\/yoast.com\/wordpress\/plugins\/seo\/ -->\n<title>Sensor Ultras\u00f3nico SE-31 - industria-de-la-conversion.ttemsa<\/title>\n<meta name=\"description\" content=\"Nuestro sensor ultras\u00f3nico m\u00e1s peque\u00f1o, el SE-31 es ideal para guiar materiales Transparentes y Opacos. en ttemsa ofrecemos Soluciones. Solicite + info Tel\u00e9fonos: + 52 (55) 5352-0191 5352-1301 5352-6070 5352-0593\" \/>\n<meta name=\"robots\" content=\"index, follow, max-snippet:-1, max-image-preview:large, max-video-preview:-1\" \/>\n<link rel=\"canonical\" href=\"https:\/\/ttemsa.com\/industria\/index.php\/fife\/32-fife-sensores\/115-sensor-se-31\/\" \/>\n<meta property=\"og:locale\" content=\"es_MX\" \/>\n<meta property=\"og:type\" content=\"article\" \/>\n<meta property=\"og:title\" content=\"Nuestro sensor ultras\u00f3nico m\u00e1s peque\u00f1o, el SE-31 es ideal para guiar materiales Transparentes y Opacos.\" \/>\n<meta property=\"og:description\" content=\"en ttemsa ofrecemos Soluciones. Solicite + info Tel\u00e9fonos: + 52 (55) 5352-0191 5352-1301 5352-6070 5352-0593\" \/>\n<meta property=\"og:url\" content=\"https:\/\/ttemsa.com\/industria\/index.php\/fife\/32-fife-sensores\/115-sensor-se-31\/\" \/>\n<meta property=\"og:site_name\" content=\"industria-de-la-conversion.ttemsa\" \/>\n<meta property=\"article:modified_time\" content=\"2024-09-09T20:39:42+00:00\" \/>\n<meta property=\"og:image\" content=\"https:\/\/ttemsa.com\/industria\/wp-content\/uploads\/2024\/03\/se31a.png\" \/>\n\t<meta property=\"og:image:width\" content=\"294\" \/>\n\t<meta property=\"og:image:height\" content=\"352\" \/>\n\t<meta property=\"og:image:type\" content=\"image\/png\" \/>\n<meta name=\"twitter:card\" content=\"summary_large_image\" \/>\n<meta name=\"twitter:label1\" content=\"Tiempo de lectura\" \/>\n\t<meta name=\"twitter:data1\" content=\"2 minutos\" \/>\n<script type=\"application\/ld+json\" class=\"yoast-schema-graph\">{\"@context\":\"https:\/\/schema.org\",\"@graph\":[{\"@type\":\"WebPage\",\"@id\":\"https:\/\/ttemsa.com\/industria\/index.php\/fife\/32-fife-sensores\/115-sensor-se-31\/\",\"url\":\"https:\/\/ttemsa.com\/industria\/index.php\/fife\/32-fife-sensores\/115-sensor-se-31\/\",\"name\":\"Sensor Ultras\u00f3nico SE-31 - industria-de-la-conversion.ttemsa\",\"isPartOf\":{\"@id\":\"https:\/\/ttemsa.com\/industria\/#website\"},\"primaryImageOfPage\":{\"@id\":\"https:\/\/ttemsa.com\/industria\/index.php\/fife\/32-fife-sensores\/115-sensor-se-31\/#primaryimage\"},\"image\":{\"@id\":\"https:\/\/ttemsa.com\/industria\/index.php\/fife\/32-fife-sensores\/115-sensor-se-31\/#primaryimage\"},\"thumbnailUrl\":\"https:\/\/ttemsa.com\/industria\/wp-content\/uploads\/2024\/03\/fife-SE31.jpg\",\"datePublished\":\"2024-03-02T19:48:14+00:00\",\"dateModified\":\"2024-09-09T20:39:42+00:00\",\"description\":\"Nuestro sensor ultras\u00f3nico m\u00e1s peque\u00f1o, el SE-31 es ideal para guiar materiales Transparentes y Opacos. en ttemsa ofrecemos Soluciones. Solicite + info Tel\u00e9fonos: + 52 (55) 5352-0191 5352-1301 5352-6070 5352-0593\",\"breadcrumb\":{\"@id\":\"https:\/\/ttemsa.com\/industria\/index.php\/fife\/32-fife-sensores\/115-sensor-se-31\/#breadcrumb\"},\"inLanguage\":\"es\",\"potentialAction\":[{\"@type\":\"ReadAction\",\"target\":[\"https:\/\/ttemsa.com\/industria\/index.php\/fife\/32-fife-sensores\/115-sensor-se-31\/\"]}]},{\"@type\":\"ImageObject\",\"inLanguage\":\"es\",\"@id\":\"https:\/\/ttemsa.com\/industria\/index.php\/fife\/32-fife-sensores\/115-sensor-se-31\/#primaryimage\",\"url\":\"https:\/\/ttemsa.com\/industria\/wp-content\/uploads\/2024\/03\/fife-SE31.jpg\",\"contentUrl\":\"https:\/\/ttemsa.com\/industria\/wp-content\/uploads\/2024\/03\/fife-SE31.jpg\",\"width\":312,\"height\":193},{\"@type\":\"BreadcrumbList\",\"@id\":\"https:\/\/ttemsa.com\/industria\/index.php\/fife\/32-fife-sensores\/115-sensor-se-31\/#breadcrumb\",\"itemListElement\":[{\"@type\":\"ListItem\",\"position\":1,\"name\":\"Inicio\",\"item\":\"https:\/\/ttemsa.com\/industria\/\"},{\"@type\":\"ListItem\",\"position\":2,\"name\":\"FIFE\",\"item\":\"https:\/\/ttemsa.com\/industria\/index.php\/fife\/\"},{\"@type\":\"ListItem\",\"position\":3,\"name\":\"32- Sensores de Alineaci\u00f3n FIFE\",\"item\":\"https:\/\/ttemsa.com\/industria\/index.php\/fife\/32-fife-sensores\/\"},{\"@type\":\"ListItem\",\"position\":4,\"name\":\"Sensor Ultras\u00f3nico SE-31\"}]},{\"@type\":\"WebSite\",\"@id\":\"https:\/\/ttemsa.com\/industria\/#website\",\"url\":\"https:\/\/ttemsa.com\/industria\/\",\"name\":\"industria-de-la-conversion.ttemsa\",\"description\":\"Designed Dianalacazadora.com\",\"alternateName\":\"ttemsa l\u00edderes en la industria de la conversi\u00f3n\",\"potentialAction\":[{\"@type\":\"SearchAction\",\"target\":{\"@type\":\"EntryPoint\",\"urlTemplate\":\"https:\/\/ttemsa.com\/industria\/?s={search_term_string}\"},\"query-input\":{\"@type\":\"PropertyValueSpecification\",\"valueRequired\":true,\"valueName\":\"search_term_string\"}}],\"inLanguage\":\"es\"}]}<\/script>\n<!-- \/ Yoast SEO plugin. -->","yoast_head_json":{"title":"Sensor Ultras\u00f3nico SE-31 - industria-de-la-conversion.ttemsa","description":"Nuestro sensor ultras\u00f3nico m\u00e1s peque\u00f1o, el SE-31 es ideal para guiar materiales Transparentes y Opacos. en ttemsa ofrecemos Soluciones. Solicite + info Tel\u00e9fonos: + 52 (55) 5352-0191 5352-1301 5352-6070 5352-0593","robots":{"index":"index","follow":"follow","max-snippet":"max-snippet:-1","max-image-preview":"max-image-preview:large","max-video-preview":"max-video-preview:-1"},"canonical":"https:\/\/ttemsa.com\/industria\/index.php\/fife\/32-fife-sensores\/115-sensor-se-31\/","og_locale":"es_MX","og_type":"article","og_title":"Nuestro sensor ultras\u00f3nico m\u00e1s peque\u00f1o, el SE-31 es ideal para guiar materiales Transparentes y Opacos.","og_description":"en ttemsa ofrecemos Soluciones. Solicite + info Tel\u00e9fonos: + 52 (55) 5352-0191 5352-1301 5352-6070 5352-0593","og_url":"https:\/\/ttemsa.com\/industria\/index.php\/fife\/32-fife-sensores\/115-sensor-se-31\/","og_site_name":"industria-de-la-conversion.ttemsa","article_modified_time":"2024-09-09T20:39:42+00:00","og_image":[{"width":294,"height":352,"url":"https:\/\/ttemsa.com\/industria\/wp-content\/uploads\/2024\/03\/se31a.png","type":"image\/png"}],"twitter_card":"summary_large_image","twitter_misc":{"Tiempo de lectura":"2 minutos"},"schema":{"@context":"https:\/\/schema.org","@graph":[{"@type":"WebPage","@id":"https:\/\/ttemsa.com\/industria\/index.php\/fife\/32-fife-sensores\/115-sensor-se-31\/","url":"https:\/\/ttemsa.com\/industria\/index.php\/fife\/32-fife-sensores\/115-sensor-se-31\/","name":"Sensor Ultras\u00f3nico SE-31 - industria-de-la-conversion.ttemsa","isPartOf":{"@id":"https:\/\/ttemsa.com\/industria\/#website"},"primaryImageOfPage":{"@id":"https:\/\/ttemsa.com\/industria\/index.php\/fife\/32-fife-sensores\/115-sensor-se-31\/#primaryimage"},"image":{"@id":"https:\/\/ttemsa.com\/industria\/index.php\/fife\/32-fife-sensores\/115-sensor-se-31\/#primaryimage"},"thumbnailUrl":"https:\/\/ttemsa.com\/industria\/wp-content\/uploads\/2024\/03\/fife-SE31.jpg","datePublished":"2024-03-02T19:48:14+00:00","dateModified":"2024-09-09T20:39:42+00:00","description":"Nuestro sensor ultras\u00f3nico m\u00e1s peque\u00f1o, el SE-31 es ideal para guiar materiales Transparentes y Opacos. en ttemsa ofrecemos Soluciones. Solicite + info Tel\u00e9fonos: + 52 (55) 5352-0191 5352-1301 5352-6070 5352-0593","breadcrumb":{"@id":"https:\/\/ttemsa.com\/industria\/index.php\/fife\/32-fife-sensores\/115-sensor-se-31\/#breadcrumb"},"inLanguage":"es","potentialAction":[{"@type":"ReadAction","target":["https:\/\/ttemsa.com\/industria\/index.php\/fife\/32-fife-sensores\/115-sensor-se-31\/"]}]},{"@type":"ImageObject","inLanguage":"es","@id":"https:\/\/ttemsa.com\/industria\/index.php\/fife\/32-fife-sensores\/115-sensor-se-31\/#primaryimage","url":"https:\/\/ttemsa.com\/industria\/wp-content\/uploads\/2024\/03\/fife-SE31.jpg","contentUrl":"https:\/\/ttemsa.com\/industria\/wp-content\/uploads\/2024\/03\/fife-SE31.jpg","width":312,"height":193},{"@type":"BreadcrumbList","@id":"https:\/\/ttemsa.com\/industria\/index.php\/fife\/32-fife-sensores\/115-sensor-se-31\/#breadcrumb","itemListElement":[{"@type":"ListItem","position":1,"name":"Inicio","item":"https:\/\/ttemsa.com\/industria\/"},{"@type":"ListItem","position":2,"name":"FIFE","item":"https:\/\/ttemsa.com\/industria\/index.php\/fife\/"},{"@type":"ListItem","position":3,"name":"32- Sensores de Alineaci\u00f3n FIFE","item":"https:\/\/ttemsa.com\/industria\/index.php\/fife\/32-fife-sensores\/"},{"@type":"ListItem","position":4,"name":"Sensor Ultras\u00f3nico SE-31"}]},{"@type":"WebSite","@id":"https:\/\/ttemsa.com\/industria\/#website","url":"https:\/\/ttemsa.com\/industria\/","name":"industria-de-la-conversion.ttemsa","description":"Designed Dianalacazadora.com","alternateName":"ttemsa l\u00edderes en la industria de la conversi\u00f3n","potentialAction":[{"@type":"SearchAction","target":{"@type":"EntryPoint","urlTemplate":"https:\/\/ttemsa.com\/industria\/?s={search_term_string}"},"query-input":{"@type":"PropertyValueSpecification","valueRequired":true,"valueName":"search_term_string"}}],"inLanguage":"es"}]}},"_links":{"self":[{"href":"https:\/\/ttemsa.com\/industria\/index.php\/wp-json\/wp\/v2\/pages\/2059","targetHints":{"allow":["GET"]}}],"collection":[{"href":"https:\/\/ttemsa.com\/industria\/index.php\/wp-json\/wp\/v2\/pages"}],"about":[{"href":"https:\/\/ttemsa.com\/industria\/index.php\/wp-json\/wp\/v2\/types\/page"}],"author":[{"embeddable":true,"href":"https:\/\/ttemsa.com\/industria\/index.php\/wp-json\/wp\/v2\/users\/1"}],"replies":[{"embeddable":true,"href":"https:\/\/ttemsa.com\/industria\/index.php\/wp-json\/wp\/v2\/comments?post=2059"}],"version-history":[{"count":2,"href":"https:\/\/ttemsa.com\/industria\/index.php\/wp-json\/wp\/v2\/pages\/2059\/revisions"}],"predecessor-version":[{"id":3065,"href":"https:\/\/ttemsa.com\/industria\/index.php\/wp-json\/wp\/v2\/pages\/2059\/revisions\/3065"}],"up":[{"embeddable":true,"href":"https:\/\/ttemsa.com\/industria\/index.php\/wp-json\/wp\/v2\/pages\/3520"}],"wp:attachment":[{"href":"https:\/\/ttemsa.com\/industria\/index.php\/wp-json\/wp\/v2\/media?parent=2059"}],"wp:term":[{"taxonomy":"category","embeddable":true,"href":"https:\/\/ttemsa.com\/industria\/index.php\/wp-json\/wp\/v2\/categories?post=2059"},{"taxonomy":"post_tag","embeddable":true,"href":"https:\/\/ttemsa.com\/industria\/index.php\/wp-json\/wp\/v2\/tags?post=2059"}],"curies":[{"name":"wp","href":"https:\/\/api.w.org\/{rel}","templated":true}]}}