{"id":2061,"date":"2024-03-02T19:48:31","date_gmt":"2024-03-02T19:48:31","guid":{"rendered":"https:\/\/ttemsa.com\/industria\/index.php\/fife\/fife-sensores-de-alineacionp-copy-copy-copy-copy-copy-copy-copy\/"},"modified":"2024-09-09T19:10:22","modified_gmt":"2024-09-09T19:10:22","slug":"se-44-sensor-de-ultrasonidos","status":"publish","type":"page","link":"https:\/\/ttemsa.com\/industria\/index.php\/fife-alineacion\/fife-sensores-de-alineacion\/se-44-sensor-de-ultrasonidos\/","title":{"rendered":"SE-44 Sensor Ultrasonido materiales transparentes u opacos"},"content":{"rendered":"<div class=\"wp-block-image\">\n<figure class=\"aligncenter size-full is-resized\"><img loading=\"lazy\" decoding=\"async\" width=\"284\" height=\"408\" src=\"https:\/\/ttemsa.com\/industria\/wp-content\/uploads\/2024\/03\/SE-44b.png\" alt=\"\" class=\"wp-image-2110\" style=\"width:386px;height:auto\" srcset=\"https:\/\/ttemsa.com\/industria\/wp-content\/uploads\/2024\/03\/SE-44b.png 284w, https:\/\/ttemsa.com\/industria\/wp-content\/uploads\/2024\/03\/SE-44b-209x300.png 209w\" sizes=\"auto, (max-width: 284px) 100vw, 284px\" \/><\/figure>\n<\/div>\n\n<div class=\"wp-block-image\">\n<figure class=\"alignleft size-full\"><img loading=\"lazy\" decoding=\"async\" width=\"147\" height=\"90\" src=\"https:\/\/ttemsa.com\/industria\/wp-content\/uploads\/2024\/03\/Ultrashaftimage006-1.png\" alt=\"\" class=\"wp-image-2079\"\/><\/figure>\n<\/div>\n\n\n<figure class=\"wp-block-image size-full\"><img loading=\"lazy\" decoding=\"async\" width=\"495\" height=\"52\" src=\"https:\/\/ttemsa.com\/industria\/wp-content\/uploads\/2024\/03\/SE-44a.png\" alt=\"\" class=\"wp-image-2111\" srcset=\"https:\/\/ttemsa.com\/industria\/wp-content\/uploads\/2024\/03\/SE-44a.png 495w, https:\/\/ttemsa.com\/industria\/wp-content\/uploads\/2024\/03\/SE-44a-300x32.png 300w\" sizes=\"auto, (max-width: 495px) 100vw, 495px\" \/><\/figure>\n\n\n\n<p><\/p>\n\n\n\n<p>El sensor de bordes modelo SE-44 de ultrasonido para materiales transparentes u opacos.<\/p>\n\n\n\n<p>El SE-44 utiliza ultrasonidos para medir la posici\u00f3n de la banda, y envia una se\u00f1al lineal basada en la posici\u00f3n de esta.<\/p>\n\n\n\n<p>La zona de medici\u00f3n (banda proporcional) es de 10\u2009mm y permite un ajuste importante del punto de guiado. Utilizando dos sensores SE-44 se puede guiar por el centro de una banda con una d\u00e9bil variaci\u00f3n de ancho.<\/p>\n\n\n\n<p>El SE-44 se utiliza para materiales transparentes y la mayoria de los materiales opacos.<\/p>\n\n\n\n<p>Fife ofrece una gran variedad de soportes y posicionadores para utilizar con el SE-44. Dependiendo de la aplicaci\u00f3n, se pueden suministrar soportes estandar o a medida, para asegurar una instalaci\u00f3n r\u00e1pida y f\u00e1cil.<\/p>\n\n\n\n<p>El sensor SE-44 puede utilizarse con cualquiera de nuestros sistemas de guiado nuevos o para mejorar los existentes.<\/p>\n\n\n\n<p>El sensor SE-44 puede utilizarse con todos los procesadores de se\u00f1al de Fife.<\/p>\n\n\n\n<figure class=\"wp-block-image size-large\"><img loading=\"lazy\" decoding=\"async\" width=\"1024\" height=\"609\" src=\"https:\/\/ttemsa.com\/industria\/wp-content\/uploads\/2024\/05\/SENSOR-SE-44a-1024x609.png\" alt=\"\" class=\"wp-image-3056\" srcset=\"https:\/\/ttemsa.com\/industria\/wp-content\/uploads\/2024\/05\/SENSOR-SE-44a-1024x609.png 1024w, https:\/\/ttemsa.com\/industria\/wp-content\/uploads\/2024\/05\/SENSOR-SE-44a-300x178.png 300w, https:\/\/ttemsa.com\/industria\/wp-content\/uploads\/2024\/05\/SENSOR-SE-44a-768x456.png 768w, https:\/\/ttemsa.com\/industria\/wp-content\/uploads\/2024\/05\/SENSOR-SE-44a.png 1134w\" sizes=\"auto, (max-width: 1024px) 100vw, 1024px\" \/><\/figure>\n\n\n\n<figure class=\"wp-block-image size-large\"><img loading=\"lazy\" decoding=\"async\" width=\"1024\" height=\"533\" src=\"https:\/\/ttemsa.com\/industria\/wp-content\/uploads\/2024\/05\/SENSOR-SE-44b-1024x533.png\" alt=\"\" class=\"wp-image-3057\" srcset=\"https:\/\/ttemsa.com\/industria\/wp-content\/uploads\/2024\/05\/SENSOR-SE-44b-1024x533.png 1024w, https:\/\/ttemsa.com\/industria\/wp-content\/uploads\/2024\/05\/SENSOR-SE-44b-300x156.png 300w, https:\/\/ttemsa.com\/industria\/wp-content\/uploads\/2024\/05\/SENSOR-SE-44b-768x400.png 768w, https:\/\/ttemsa.com\/industria\/wp-content\/uploads\/2024\/05\/SENSOR-SE-44b.png 1111w\" sizes=\"auto, (max-width: 1024px) 100vw, 1024px\" \/><\/figure>\n","protected":false},"excerpt":{"rendered":"<p>El sensor de bordes modelo SE-44 de ultrasonido para materiales transparentes u opacos. El SE-44 utiliza ultrasonidos para medir la posici\u00f3n de la banda, y envia una se\u00f1al lineal basada en la posici\u00f3n de esta. La zona de medici\u00f3n (banda proporcional) es de 10\u2009mm y permite un ajuste importante del punto de guiado. Utilizando dos [&hellip;]<\/p>\n","protected":false},"author":1,"featured_media":0,"parent":1531,"menu_order":0,"comment_status":"closed","ping_status":"closed","template":"","meta":{"content-type":"","footnotes":""},"categories":[15],"tags":[],"class_list":["post-2061","page","type-page","status-publish","hentry","category-fifecat"],"yoast_head":"<!-- This site is optimized with the Yoast SEO plugin v26.6 - https:\/\/yoast.com\/wordpress\/plugins\/seo\/ -->\n<title>SE-44 Sensor Ultrasonido materiales transparentes u opacos - industria-de-la-conversion.ttemsa<\/title>\n<meta name=\"description\" content=\"Sensor Ultrasonido materiales transparentes u opacos. En ttemsa ofrecemos Soluciones. Solicite + info Tel\u00e9fonos: + 52 (55) 5352-0191 5352-1301 5352-6070 5352-0593\" \/>\n<meta name=\"robots\" content=\"index, follow, max-snippet:-1, max-image-preview:large, max-video-preview:-1\" \/>\n<link rel=\"canonical\" href=\"https:\/\/ttemsa.com\/industria\/index.php\/fife-alineacion\/fife-sensores-de-alineacion\/se-44-sensor-de-ultrasonidos\/\" \/>\n<meta property=\"og:locale\" content=\"es_MX\" \/>\n<meta property=\"og:type\" content=\"article\" \/>\n<meta property=\"og:title\" content=\"Sensor Ultrasonido materiales transparentes u opacos\" \/>\n<meta property=\"og:description\" content=\"en ttemsa ofrecemos Soluciones. Solicite + info Tel\u00e9fonos: + 52 (55) 5352-0191 5352-1301 5352-6070 5352-0593\" \/>\n<meta property=\"og:url\" content=\"https:\/\/ttemsa.com\/industria\/index.php\/fife-alineacion\/fife-sensores-de-alineacion\/se-44-sensor-de-ultrasonidos\/\" \/>\n<meta property=\"og:site_name\" content=\"industria-de-la-conversion.ttemsa\" \/>\n<meta property=\"article:modified_time\" content=\"2024-09-09T19:10:22+00:00\" \/>\n<meta property=\"og:image\" content=\"https:\/\/ttemsa.com\/industria\/wp-content\/uploads\/2024\/03\/SE-44b.png\" \/>\n\t<meta property=\"og:image:width\" content=\"284\" \/>\n\t<meta property=\"og:image:height\" content=\"408\" \/>\n\t<meta property=\"og:image:type\" content=\"image\/png\" \/>\n<meta name=\"twitter:card\" content=\"summary_large_image\" \/>\n<meta name=\"twitter:label1\" content=\"Tiempo de lectura\" \/>\n\t<meta name=\"twitter:data1\" content=\"2 minutos\" \/>\n<script type=\"application\/ld+json\" class=\"yoast-schema-graph\">{\"@context\":\"https:\/\/schema.org\",\"@graph\":[{\"@type\":\"WebPage\",\"@id\":\"https:\/\/ttemsa.com\/industria\/index.php\/fife-alineacion\/fife-sensores-de-alineacion\/se-44-sensor-de-ultrasonidos\/\",\"url\":\"https:\/\/ttemsa.com\/industria\/index.php\/fife-alineacion\/fife-sensores-de-alineacion\/se-44-sensor-de-ultrasonidos\/\",\"name\":\"SE-44 Sensor Ultrasonido materiales transparentes u opacos - industria-de-la-conversion.ttemsa\",\"isPartOf\":{\"@id\":\"https:\/\/ttemsa.com\/industria\/#website\"},\"primaryImageOfPage\":{\"@id\":\"https:\/\/ttemsa.com\/industria\/index.php\/fife-alineacion\/fife-sensores-de-alineacion\/se-44-sensor-de-ultrasonidos\/#primaryimage\"},\"image\":{\"@id\":\"https:\/\/ttemsa.com\/industria\/index.php\/fife-alineacion\/fife-sensores-de-alineacion\/se-44-sensor-de-ultrasonidos\/#primaryimage\"},\"thumbnailUrl\":\"https:\/\/ttemsa.com\/industria\/wp-content\/uploads\/2024\/03\/SE-44b.png\",\"datePublished\":\"2024-03-02T19:48:31+00:00\",\"dateModified\":\"2024-09-09T19:10:22+00:00\",\"description\":\"Sensor Ultrasonido materiales transparentes u opacos. En ttemsa ofrecemos Soluciones. Solicite + info Tel\u00e9fonos: + 52 (55) 5352-0191 5352-1301 5352-6070 5352-0593\",\"breadcrumb\":{\"@id\":\"https:\/\/ttemsa.com\/industria\/index.php\/fife-alineacion\/fife-sensores-de-alineacion\/se-44-sensor-de-ultrasonidos\/#breadcrumb\"},\"inLanguage\":\"es\",\"potentialAction\":[{\"@type\":\"ReadAction\",\"target\":[\"https:\/\/ttemsa.com\/industria\/index.php\/fife-alineacion\/fife-sensores-de-alineacion\/se-44-sensor-de-ultrasonidos\/\"]}]},{\"@type\":\"ImageObject\",\"inLanguage\":\"es\",\"@id\":\"https:\/\/ttemsa.com\/industria\/index.php\/fife-alineacion\/fife-sensores-de-alineacion\/se-44-sensor-de-ultrasonidos\/#primaryimage\",\"url\":\"https:\/\/ttemsa.com\/industria\/wp-content\/uploads\/2024\/03\/SE-44b.png\",\"contentUrl\":\"https:\/\/ttemsa.com\/industria\/wp-content\/uploads\/2024\/03\/SE-44b.png\",\"width\":284,\"height\":408},{\"@type\":\"BreadcrumbList\",\"@id\":\"https:\/\/ttemsa.com\/industria\/index.php\/fife-alineacion\/fife-sensores-de-alineacion\/se-44-sensor-de-ultrasonidos\/#breadcrumb\",\"itemListElement\":[{\"@type\":\"ListItem\",\"position\":1,\"name\":\"Inicio\",\"item\":\"https:\/\/ttemsa.com\/industria\/\"},{\"@type\":\"ListItem\",\"position\":2,\"name\":\"fife-alineacion FIFE Funciones\",\"item\":\"https:\/\/ttemsa.com\/industria\/index.php\/fife-alineacion\/\"},{\"@type\":\"ListItem\",\"position\":3,\"name\":\"Sensores de Alineaci\u00f3n FIFE\",\"item\":\"https:\/\/ttemsa.com\/industria\/index.php\/fife-alineacion\/fife-sensores-de-alineacion\/\"},{\"@type\":\"ListItem\",\"position\":4,\"name\":\"SE-44 Sensor Ultrasonido materiales transparentes u opacos\"}]},{\"@type\":\"WebSite\",\"@id\":\"https:\/\/ttemsa.com\/industria\/#website\",\"url\":\"https:\/\/ttemsa.com\/industria\/\",\"name\":\"industria-de-la-conversion.ttemsa\",\"description\":\"Designed Dianalacazadora.com\",\"alternateName\":\"ttemsa l\u00edderes en la industria de la conversi\u00f3n\",\"potentialAction\":[{\"@type\":\"SearchAction\",\"target\":{\"@type\":\"EntryPoint\",\"urlTemplate\":\"https:\/\/ttemsa.com\/industria\/?s={search_term_string}\"},\"query-input\":{\"@type\":\"PropertyValueSpecification\",\"valueRequired\":true,\"valueName\":\"search_term_string\"}}],\"inLanguage\":\"es\"}]}<\/script>\n<!-- \/ Yoast SEO plugin. -->","yoast_head_json":{"title":"SE-44 Sensor Ultrasonido materiales transparentes u opacos - industria-de-la-conversion.ttemsa","description":"Sensor Ultrasonido materiales transparentes u opacos. En ttemsa ofrecemos Soluciones. Solicite + info Tel\u00e9fonos: + 52 (55) 5352-0191 5352-1301 5352-6070 5352-0593","robots":{"index":"index","follow":"follow","max-snippet":"max-snippet:-1","max-image-preview":"max-image-preview:large","max-video-preview":"max-video-preview:-1"},"canonical":"https:\/\/ttemsa.com\/industria\/index.php\/fife-alineacion\/fife-sensores-de-alineacion\/se-44-sensor-de-ultrasonidos\/","og_locale":"es_MX","og_type":"article","og_title":"Sensor Ultrasonido materiales transparentes u opacos","og_description":"en ttemsa ofrecemos Soluciones. Solicite + info Tel\u00e9fonos: + 52 (55) 5352-0191 5352-1301 5352-6070 5352-0593","og_url":"https:\/\/ttemsa.com\/industria\/index.php\/fife-alineacion\/fife-sensores-de-alineacion\/se-44-sensor-de-ultrasonidos\/","og_site_name":"industria-de-la-conversion.ttemsa","article_modified_time":"2024-09-09T19:10:22+00:00","og_image":[{"width":284,"height":408,"url":"https:\/\/ttemsa.com\/industria\/wp-content\/uploads\/2024\/03\/SE-44b.png","type":"image\/png"}],"twitter_card":"summary_large_image","twitter_misc":{"Tiempo de lectura":"2 minutos"},"schema":{"@context":"https:\/\/schema.org","@graph":[{"@type":"WebPage","@id":"https:\/\/ttemsa.com\/industria\/index.php\/fife-alineacion\/fife-sensores-de-alineacion\/se-44-sensor-de-ultrasonidos\/","url":"https:\/\/ttemsa.com\/industria\/index.php\/fife-alineacion\/fife-sensores-de-alineacion\/se-44-sensor-de-ultrasonidos\/","name":"SE-44 Sensor Ultrasonido materiales transparentes u opacos - industria-de-la-conversion.ttemsa","isPartOf":{"@id":"https:\/\/ttemsa.com\/industria\/#website"},"primaryImageOfPage":{"@id":"https:\/\/ttemsa.com\/industria\/index.php\/fife-alineacion\/fife-sensores-de-alineacion\/se-44-sensor-de-ultrasonidos\/#primaryimage"},"image":{"@id":"https:\/\/ttemsa.com\/industria\/index.php\/fife-alineacion\/fife-sensores-de-alineacion\/se-44-sensor-de-ultrasonidos\/#primaryimage"},"thumbnailUrl":"https:\/\/ttemsa.com\/industria\/wp-content\/uploads\/2024\/03\/SE-44b.png","datePublished":"2024-03-02T19:48:31+00:00","dateModified":"2024-09-09T19:10:22+00:00","description":"Sensor Ultrasonido materiales transparentes u opacos. En ttemsa ofrecemos Soluciones. Solicite + info Tel\u00e9fonos: + 52 (55) 5352-0191 5352-1301 5352-6070 5352-0593","breadcrumb":{"@id":"https:\/\/ttemsa.com\/industria\/index.php\/fife-alineacion\/fife-sensores-de-alineacion\/se-44-sensor-de-ultrasonidos\/#breadcrumb"},"inLanguage":"es","potentialAction":[{"@type":"ReadAction","target":["https:\/\/ttemsa.com\/industria\/index.php\/fife-alineacion\/fife-sensores-de-alineacion\/se-44-sensor-de-ultrasonidos\/"]}]},{"@type":"ImageObject","inLanguage":"es","@id":"https:\/\/ttemsa.com\/industria\/index.php\/fife-alineacion\/fife-sensores-de-alineacion\/se-44-sensor-de-ultrasonidos\/#primaryimage","url":"https:\/\/ttemsa.com\/industria\/wp-content\/uploads\/2024\/03\/SE-44b.png","contentUrl":"https:\/\/ttemsa.com\/industria\/wp-content\/uploads\/2024\/03\/SE-44b.png","width":284,"height":408},{"@type":"BreadcrumbList","@id":"https:\/\/ttemsa.com\/industria\/index.php\/fife-alineacion\/fife-sensores-de-alineacion\/se-44-sensor-de-ultrasonidos\/#breadcrumb","itemListElement":[{"@type":"ListItem","position":1,"name":"Inicio","item":"https:\/\/ttemsa.com\/industria\/"},{"@type":"ListItem","position":2,"name":"fife-alineacion FIFE Funciones","item":"https:\/\/ttemsa.com\/industria\/index.php\/fife-alineacion\/"},{"@type":"ListItem","position":3,"name":"Sensores de Alineaci\u00f3n FIFE","item":"https:\/\/ttemsa.com\/industria\/index.php\/fife-alineacion\/fife-sensores-de-alineacion\/"},{"@type":"ListItem","position":4,"name":"SE-44 Sensor Ultrasonido materiales transparentes u opacos"}]},{"@type":"WebSite","@id":"https:\/\/ttemsa.com\/industria\/#website","url":"https:\/\/ttemsa.com\/industria\/","name":"industria-de-la-conversion.ttemsa","description":"Designed Dianalacazadora.com","alternateName":"ttemsa l\u00edderes en la industria de la conversi\u00f3n","potentialAction":[{"@type":"SearchAction","target":{"@type":"EntryPoint","urlTemplate":"https:\/\/ttemsa.com\/industria\/?s={search_term_string}"},"query-input":{"@type":"PropertyValueSpecification","valueRequired":true,"valueName":"search_term_string"}}],"inLanguage":"es"}]}},"_links":{"self":[{"href":"https:\/\/ttemsa.com\/industria\/index.php\/wp-json\/wp\/v2\/pages\/2061","targetHints":{"allow":["GET"]}}],"collection":[{"href":"https:\/\/ttemsa.com\/industria\/index.php\/wp-json\/wp\/v2\/pages"}],"about":[{"href":"https:\/\/ttemsa.com\/industria\/index.php\/wp-json\/wp\/v2\/types\/page"}],"author":[{"embeddable":true,"href":"https:\/\/ttemsa.com\/industria\/index.php\/wp-json\/wp\/v2\/users\/1"}],"replies":[{"embeddable":true,"href":"https:\/\/ttemsa.com\/industria\/index.php\/wp-json\/wp\/v2\/comments?post=2061"}],"version-history":[{"count":2,"href":"https:\/\/ttemsa.com\/industria\/index.php\/wp-json\/wp\/v2\/pages\/2061\/revisions"}],"predecessor-version":[{"id":3058,"href":"https:\/\/ttemsa.com\/industria\/index.php\/wp-json\/wp\/v2\/pages\/2061\/revisions\/3058"}],"up":[{"embeddable":true,"href":"https:\/\/ttemsa.com\/industria\/index.php\/wp-json\/wp\/v2\/pages\/1531"}],"wp:attachment":[{"href":"https:\/\/ttemsa.com\/industria\/index.php\/wp-json\/wp\/v2\/media?parent=2061"}],"wp:term":[{"taxonomy":"category","embeddable":true,"href":"https:\/\/ttemsa.com\/industria\/index.php\/wp-json\/wp\/v2\/categories?post=2061"},{"taxonomy":"post_tag","embeddable":true,"href":"https:\/\/ttemsa.com\/industria\/index.php\/wp-json\/wp\/v2\/tags?post=2061"}],"curies":[{"name":"wp","href":"https:\/\/api.w.org\/{rel}","templated":true}]}}