{"id":3384,"date":"2024-09-05T15:13:05","date_gmt":"2024-09-05T15:13:05","guid":{"rendered":"https:\/\/ttemsa.com\/industria\/index.php\/tidland\/sistema-de-corte-de-posicionamiento-electronico-copy\/"},"modified":"2025-10-21T17:44:36","modified_gmt":"2025-10-21T17:44:36","slug":"sistemas-de-corte-longitudinal-tidland","status":"publish","type":"page","link":"https:\/\/ttemsa.com\/industria\/index.php\/aplicaciones-para-la-industria\/sistemas-de-corte-longitudinal-tidland\/","title":{"rendered":"Sistemas de Corte Longitudinal Tidland"},"content":{"rendered":"<div class=\"wp-block-image\">\n<figure class=\"aligncenter size-full\"><img loading=\"lazy\" decoding=\"async\" width=\"600\" height=\"420\" src=\"https:\/\/ttemsa.com\/industria\/wp-content\/uploads\/2025\/10\/Sistemas_de_Corte_Longitudinal_Tidland.webp\" alt=\"\" class=\"wp-image-4129\" srcset=\"https:\/\/ttemsa.com\/industria\/wp-content\/uploads\/2025\/10\/Sistemas_de_Corte_Longitudinal_Tidland.webp 600w, https:\/\/ttemsa.com\/industria\/wp-content\/uploads\/2025\/10\/Sistemas_de_Corte_Longitudinal_Tidland-300x210.webp 300w\" sizes=\"auto, (max-width: 600px) 100vw, 600px\" \/><\/figure>\n<\/div>\n\n<p class=\"Cuerpo\" style=\"text-align: left;\"><span style=\"font-size: 14pt;\"><strong>Mejore<\/strong> la eficiencia, la velocidad y la <strong>productividad<\/strong> con los sistemas modulares de posicionamiento de corte longitudinal de Tidland, disponibles en tres niveles.\u00a0Obtenga bordes cortados de calidad, tiempos de configuraci\u00f3n m\u00e1s r\u00e1pidos y menos polvo para mejores rollos y alta productividad a un <strong>excelente precio.<\/strong>\u00a0<\/span><\/p>\n<hr \/>\n<div style=\"margin: 0px; padding: 0px; border: 0px; outline: 0px; font-size: 14px; color: #565451; font-family: Helvetica, Arial, sans-serif; line-height: 23.8px; background-image: initial; background-attachment: initial; background-size: initial; background-origin: initial; background-clip: initial; background-position: initial; background-repeat: initial;\">\n<p style=\"margin: 0px 0px 15px; padding: 0px; border: 0px; outline: 0px; background: transparent;\"><img loading=\"lazy\" decoding=\"async\" style=\"float: right;\" src=\"http:\/\/ttemsa.com\/images\/TIDLAND\/t1.png\" alt=\"\" width=\"282\" height=\"403\" \/><\/p>\n<p style=\"margin: 0px 0px 15px; padding: 0px; border: 0px; outline: 0px; background: transparent;\"><span style=\"margin: 0px; padding: 0px; border: 0px; outline: 0px; font-size: 16pt; color: #db0218; line-height: 22.8267px; background: transparent;\">Sistemas de Corte Longitudinal Tidland<\/span><\/p>\n<\/div>\n<ul>\n<li><span style=\"font-size: 12pt;\">Los sistemas modulares de posicionamiento y corte longitudinal de Tidland brindan bordes cortados de calidad, tiempos de preparaci\u00f3n m\u00e1s r\u00e1pidos y menos polvo, lo que resulta en mejores rollos y alta productividad a un precio rentable.<\/span><\/li>\n<li><span style=\"font-size: 12pt;\">El MSP ofrece una soluci\u00f3n avanzada y personalizada que utiliza componentes modulares predise\u00f1ados.\u00a0Si no necesita la funci\u00f3n, no paga por ella.<\/span><\/li>\n<li><span style=\"font-size: 12pt;\">Debido a que MSP es una soluci\u00f3n personalizada y escalable, resulta pr\u00e1ctica para pr\u00e1cticamente cualquier aplicaci\u00f3n de conversi\u00f3n.<\/span><\/li>\n<li><span style=\"font-size: 12pt;\">Ofrecemos tres niveles b\u00e1sicos de soluciones MSP: sistema base de cortadora MSP manual, cortadora MSP semiautom\u00e1tica actualizable y cortadora MSP completamente autom\u00e1tica.<\/span><\/li>\n<\/ul>\n<hr \/>\n<p>\u00a0<\/p>\n<p>\u00a0<\/p>\n<p>\u00a0<\/p>\n<p>\u00a0<\/p>\n<p style=\"text-align: center;\"><span style=\"font-size: 14pt;\">Mejore su producci\u00f3n a <\/span><\/p>\n<p style=\"text-align: center;\"><span style=\"font-size: 14pt;\"><strong>bajo costo\u2026 <\/strong><strong>\u00a0<\/strong><\/span><\/p>\n<p style=\"text-align: center;\"><span style=\"font-size: 14pt;\"><strong>mayor rendimiento <\/strong><\/span><\/p>\n<p style=\"text-align: center;\"><span style=\"font-size: 14pt;\"><strong>menor desperdicio <\/strong><\/span><\/p>\n<p style=\"text-align: center;\"><span style=\"font-size: 14pt;\"><strong>menor merma <\/strong><\/span><\/p>\n<p style=\"text-align: center;\"><span style=\"font-size: 14pt;\"><strong>mayor vida util<\/strong><\/span><\/p>\n<p style=\"text-align: center;\"><strong>Conzca mas<\/strong><\/p>\n<p style=\"text-align: center;\"><iframe loading=\"lazy\" title=\"YouTube video player\" src=\"https:\/\/www.youtube.com\/embed\/VIjUWTA6zEo?si=rzNk9vc5nMfCW3Ka\" width=\"560\" height=\"315\" frameborder=\"0\" allowfullscreen=\"allowfullscreen\"><\/iframe><\/p>\n<hr \/>\n<p style=\"text-align: center;\"><span style=\"font-size: 12pt;\"><strong>Sistemas de Corte Longitudinal<\/strong> Tidland <\/span><\/p>\n<p style=\"text-align: center;\"><span style=\"font-size: 12pt;\">ttemsa fabrica el M\u00f3dulo de Corte longitudinal Tidland a las necesidades del cliente, pudi\u00e9ndose instalar en su l\u00ednea de producci\u00f3n. <\/span><\/p>\n<p style=\"text-align: center;\"><span style=\"font-size: 12pt;\"><strong>Asistencia T\u00e9cnica.<\/strong> Contamos con amplia gama de productos de conversi\u00f3n.<\/span><\/p>\n<p style=\"text-align: center;\"><span style=\"font-size: 12pt;\"><strong>ttemsa<\/strong>\u00a0 <a href=\"mailto:ventas@ttemsa.com\">ventas@ttemsa.com<\/a><\/span><\/p>\n<p style=\"text-align: center;\"><a href=\"mailto:ventas@ttemsa.com\" target=\"_blank\" rel=\"noopener noreferrer\"><img decoding=\"async\" style=\"display: block; margin-left: auto; margin-right: auto;\" src=\"images\/TIDLAND\/contacte.png\" alt=\"\" \/><\/a><\/p>\n<p><span style=\"font-size: 18pt;\">\u00a0<\/span><\/p>","protected":false},"excerpt":{"rendered":"<p>Mejore la eficiencia, la velocidad y la productividad con los sistemas modulares de posicionamiento de corte longitudinal de Tidland, disponibles en tres niveles.\u00a0Obtenga bordes cortados de calidad, tiempos de configuraci\u00f3n m\u00e1s r\u00e1pidos y menos polvo para mejores rollos y alta productividad a un excelente precio.\u00a0 Sistemas de Corte Longitudinal Tidland Los sistemas modulares de posicionamiento [&hellip;]<\/p>\n","protected":false},"author":1,"featured_media":0,"parent":3381,"menu_order":0,"comment_status":"closed","ping_status":"closed","template":"","meta":{"content-type":"","footnotes":""},"categories":[30],"tags":[],"class_list":["post-3384","page","type-page","status-publish","hentry","category-aplicaciones-para-la-industria"],"yoast_head":"<!-- This site is optimized with the Yoast SEO plugin v26.6 - https:\/\/yoast.com\/wordpress\/plugins\/seo\/ -->\n<title>Sistemas de Corte Longitudinal Tidland - industria-de-la-conversion.ttemsa<\/title>\n<meta name=\"description\" content=\"Mejore la eficiencia, la velocidad y la productividad con los sistemas modulares de posicionamiento de corte longitudinal de Tidland, disponibles en tres niveles. Obtenga bordes cortados de calidad, tiempos de configuraci\u00f3n m\u00e1s r\u00e1pidos y menos polvo para mejores rollos y alta productividad a un excelente precio.\" \/>\n<meta name=\"robots\" content=\"index, follow, max-snippet:-1, max-image-preview:large, max-video-preview:-1\" \/>\n<link rel=\"canonical\" href=\"https:\/\/ttemsa.com\/industria\/index.php\/aplicaciones-para-la-industria\/sistemas-de-corte-longitudinal-tidland\/\" \/>\n<meta property=\"og:locale\" content=\"es_MX\" \/>\n<meta property=\"og:type\" content=\"article\" \/>\n<meta property=\"og:title\" content=\"Los sistemas modulares de posicionamiento y corte longitudinal de Tidland brindan bordes cortados de calidad, tiempos de preparaci\u00f3n m\u00e1s r\u00e1pidos y menos polvo, lo que resulta en mejores rollos y alta productividad a un precio rentable.\" \/>\n<meta property=\"og:description\" content=\"En ttemsa ofrecemos Soluciones. Solicite + info Tel\u00e9fonos: + 52 (55) 5352-0191 5352-1301 5352-6070 5352-0593\" \/>\n<meta property=\"og:url\" content=\"https:\/\/ttemsa.com\/industria\/index.php\/aplicaciones-para-la-industria\/sistemas-de-corte-longitudinal-tidland\/\" \/>\n<meta property=\"og:site_name\" content=\"industria-de-la-conversion.ttemsa\" \/>\n<meta property=\"article:modified_time\" content=\"2025-10-21T17:44:36+00:00\" \/>\n<meta property=\"og:image\" content=\"https:\/\/ttemsa.com\/industria\/wp-content\/uploads\/2023\/12\/knifeholders_web-1.jpg\" \/>\n\t<meta property=\"og:image:width\" content=\"591\" \/>\n\t<meta property=\"og:image:height\" content=\"358\" \/>\n\t<meta property=\"og:image:type\" content=\"image\/jpeg\" \/>\n<meta name=\"twitter:card\" content=\"summary_large_image\" \/>\n<meta name=\"twitter:label1\" content=\"Tiempo de lectura\" \/>\n\t<meta name=\"twitter:data1\" content=\"2 minutos\" \/>\n<script type=\"application\/ld+json\" class=\"yoast-schema-graph\">{\"@context\":\"https:\/\/schema.org\",\"@graph\":[{\"@type\":\"WebPage\",\"@id\":\"https:\/\/ttemsa.com\/industria\/index.php\/aplicaciones-para-la-industria\/sistemas-de-corte-longitudinal-tidland\/\",\"url\":\"https:\/\/ttemsa.com\/industria\/index.php\/aplicaciones-para-la-industria\/sistemas-de-corte-longitudinal-tidland\/\",\"name\":\"Sistemas de Corte Longitudinal Tidland - industria-de-la-conversion.ttemsa\",\"isPartOf\":{\"@id\":\"https:\/\/ttemsa.com\/industria\/#website\"},\"primaryImageOfPage\":{\"@id\":\"https:\/\/ttemsa.com\/industria\/index.php\/aplicaciones-para-la-industria\/sistemas-de-corte-longitudinal-tidland\/#primaryimage\"},\"image\":{\"@id\":\"https:\/\/ttemsa.com\/industria\/index.php\/aplicaciones-para-la-industria\/sistemas-de-corte-longitudinal-tidland\/#primaryimage\"},\"thumbnailUrl\":\"https:\/\/ttemsa.com\/industria\/wp-content\/uploads\/2025\/10\/Sistemas_de_Corte_Longitudinal_Tidland.webp\",\"datePublished\":\"2024-09-05T15:13:05+00:00\",\"dateModified\":\"2025-10-21T17:44:36+00:00\",\"description\":\"Mejore la eficiencia, la velocidad y la productividad con los sistemas modulares de posicionamiento de corte longitudinal de Tidland, disponibles en tres niveles. Obtenga bordes cortados de calidad, tiempos de configuraci\u00f3n m\u00e1s r\u00e1pidos y menos polvo para mejores rollos y alta productividad a un excelente precio.\",\"breadcrumb\":{\"@id\":\"https:\/\/ttemsa.com\/industria\/index.php\/aplicaciones-para-la-industria\/sistemas-de-corte-longitudinal-tidland\/#breadcrumb\"},\"inLanguage\":\"es\",\"potentialAction\":[{\"@type\":\"ReadAction\",\"target\":[\"https:\/\/ttemsa.com\/industria\/index.php\/aplicaciones-para-la-industria\/sistemas-de-corte-longitudinal-tidland\/\"]}]},{\"@type\":\"ImageObject\",\"inLanguage\":\"es\",\"@id\":\"https:\/\/ttemsa.com\/industria\/index.php\/aplicaciones-para-la-industria\/sistemas-de-corte-longitudinal-tidland\/#primaryimage\",\"url\":\"https:\/\/ttemsa.com\/industria\/wp-content\/uploads\/2025\/10\/Sistemas_de_Corte_Longitudinal_Tidland.webp\",\"contentUrl\":\"https:\/\/ttemsa.com\/industria\/wp-content\/uploads\/2025\/10\/Sistemas_de_Corte_Longitudinal_Tidland.webp\",\"width\":600,\"height\":420},{\"@type\":\"BreadcrumbList\",\"@id\":\"https:\/\/ttemsa.com\/industria\/index.php\/aplicaciones-para-la-industria\/sistemas-de-corte-longitudinal-tidland\/#breadcrumb\",\"itemListElement\":[{\"@type\":\"ListItem\",\"position\":1,\"name\":\"Inicio\",\"item\":\"https:\/\/ttemsa.com\/industria\/\"},{\"@type\":\"ListItem\",\"position\":2,\"name\":\"1 aplicaciones para la industria\",\"item\":\"https:\/\/ttemsa.com\/industria\/index.php\/aplicaciones-para-la-industria\/\"},{\"@type\":\"ListItem\",\"position\":3,\"name\":\"Sistemas de Corte Longitudinal Tidland\"}]},{\"@type\":\"WebSite\",\"@id\":\"https:\/\/ttemsa.com\/industria\/#website\",\"url\":\"https:\/\/ttemsa.com\/industria\/\",\"name\":\"industria-de-la-conversion.ttemsa\",\"description\":\"Designed Dianalacazadora.com\",\"alternateName\":\"ttemsa l\u00edderes en la industria de la conversi\u00f3n\",\"potentialAction\":[{\"@type\":\"SearchAction\",\"target\":{\"@type\":\"EntryPoint\",\"urlTemplate\":\"https:\/\/ttemsa.com\/industria\/?s={search_term_string}\"},\"query-input\":{\"@type\":\"PropertyValueSpecification\",\"valueRequired\":true,\"valueName\":\"search_term_string\"}}],\"inLanguage\":\"es\"}]}<\/script>\n<!-- \/ Yoast SEO plugin. -->","yoast_head_json":{"title":"Sistemas de Corte Longitudinal Tidland - industria-de-la-conversion.ttemsa","description":"Mejore la eficiencia, la velocidad y la productividad con los sistemas modulares de posicionamiento de corte longitudinal de Tidland, disponibles en tres niveles. Obtenga bordes cortados de calidad, tiempos de configuraci\u00f3n m\u00e1s r\u00e1pidos y menos polvo para mejores rollos y alta productividad a un excelente precio.","robots":{"index":"index","follow":"follow","max-snippet":"max-snippet:-1","max-image-preview":"max-image-preview:large","max-video-preview":"max-video-preview:-1"},"canonical":"https:\/\/ttemsa.com\/industria\/index.php\/aplicaciones-para-la-industria\/sistemas-de-corte-longitudinal-tidland\/","og_locale":"es_MX","og_type":"article","og_title":"Los sistemas modulares de posicionamiento y corte longitudinal de Tidland brindan bordes cortados de calidad, tiempos de preparaci\u00f3n m\u00e1s r\u00e1pidos y menos polvo, lo que resulta en mejores rollos y alta productividad a un precio rentable.","og_description":"En ttemsa ofrecemos Soluciones. Solicite + info Tel\u00e9fonos: + 52 (55) 5352-0191 5352-1301 5352-6070 5352-0593","og_url":"https:\/\/ttemsa.com\/industria\/index.php\/aplicaciones-para-la-industria\/sistemas-de-corte-longitudinal-tidland\/","og_site_name":"industria-de-la-conversion.ttemsa","article_modified_time":"2025-10-21T17:44:36+00:00","og_image":[{"width":591,"height":358,"url":"https:\/\/ttemsa.com\/industria\/wp-content\/uploads\/2023\/12\/knifeholders_web-1.jpg","type":"image\/jpeg"}],"twitter_card":"summary_large_image","twitter_misc":{"Tiempo de lectura":"2 minutos"},"schema":{"@context":"https:\/\/schema.org","@graph":[{"@type":"WebPage","@id":"https:\/\/ttemsa.com\/industria\/index.php\/aplicaciones-para-la-industria\/sistemas-de-corte-longitudinal-tidland\/","url":"https:\/\/ttemsa.com\/industria\/index.php\/aplicaciones-para-la-industria\/sistemas-de-corte-longitudinal-tidland\/","name":"Sistemas de Corte Longitudinal Tidland - industria-de-la-conversion.ttemsa","isPartOf":{"@id":"https:\/\/ttemsa.com\/industria\/#website"},"primaryImageOfPage":{"@id":"https:\/\/ttemsa.com\/industria\/index.php\/aplicaciones-para-la-industria\/sistemas-de-corte-longitudinal-tidland\/#primaryimage"},"image":{"@id":"https:\/\/ttemsa.com\/industria\/index.php\/aplicaciones-para-la-industria\/sistemas-de-corte-longitudinal-tidland\/#primaryimage"},"thumbnailUrl":"https:\/\/ttemsa.com\/industria\/wp-content\/uploads\/2025\/10\/Sistemas_de_Corte_Longitudinal_Tidland.webp","datePublished":"2024-09-05T15:13:05+00:00","dateModified":"2025-10-21T17:44:36+00:00","description":"Mejore la eficiencia, la velocidad y la productividad con los sistemas modulares de posicionamiento de corte longitudinal de Tidland, disponibles en tres niveles. Obtenga bordes cortados de calidad, tiempos de configuraci\u00f3n m\u00e1s r\u00e1pidos y menos polvo para mejores rollos y alta productividad a un excelente precio.","breadcrumb":{"@id":"https:\/\/ttemsa.com\/industria\/index.php\/aplicaciones-para-la-industria\/sistemas-de-corte-longitudinal-tidland\/#breadcrumb"},"inLanguage":"es","potentialAction":[{"@type":"ReadAction","target":["https:\/\/ttemsa.com\/industria\/index.php\/aplicaciones-para-la-industria\/sistemas-de-corte-longitudinal-tidland\/"]}]},{"@type":"ImageObject","inLanguage":"es","@id":"https:\/\/ttemsa.com\/industria\/index.php\/aplicaciones-para-la-industria\/sistemas-de-corte-longitudinal-tidland\/#primaryimage","url":"https:\/\/ttemsa.com\/industria\/wp-content\/uploads\/2025\/10\/Sistemas_de_Corte_Longitudinal_Tidland.webp","contentUrl":"https:\/\/ttemsa.com\/industria\/wp-content\/uploads\/2025\/10\/Sistemas_de_Corte_Longitudinal_Tidland.webp","width":600,"height":420},{"@type":"BreadcrumbList","@id":"https:\/\/ttemsa.com\/industria\/index.php\/aplicaciones-para-la-industria\/sistemas-de-corte-longitudinal-tidland\/#breadcrumb","itemListElement":[{"@type":"ListItem","position":1,"name":"Inicio","item":"https:\/\/ttemsa.com\/industria\/"},{"@type":"ListItem","position":2,"name":"1 aplicaciones para la industria","item":"https:\/\/ttemsa.com\/industria\/index.php\/aplicaciones-para-la-industria\/"},{"@type":"ListItem","position":3,"name":"Sistemas de Corte Longitudinal Tidland"}]},{"@type":"WebSite","@id":"https:\/\/ttemsa.com\/industria\/#website","url":"https:\/\/ttemsa.com\/industria\/","name":"industria-de-la-conversion.ttemsa","description":"Designed Dianalacazadora.com","alternateName":"ttemsa l\u00edderes en la industria de la conversi\u00f3n","potentialAction":[{"@type":"SearchAction","target":{"@type":"EntryPoint","urlTemplate":"https:\/\/ttemsa.com\/industria\/?s={search_term_string}"},"query-input":{"@type":"PropertyValueSpecification","valueRequired":true,"valueName":"search_term_string"}}],"inLanguage":"es"}]}},"_links":{"self":[{"href":"https:\/\/ttemsa.com\/industria\/index.php\/wp-json\/wp\/v2\/pages\/3384","targetHints":{"allow":["GET"]}}],"collection":[{"href":"https:\/\/ttemsa.com\/industria\/index.php\/wp-json\/wp\/v2\/pages"}],"about":[{"href":"https:\/\/ttemsa.com\/industria\/index.php\/wp-json\/wp\/v2\/types\/page"}],"author":[{"embeddable":true,"href":"https:\/\/ttemsa.com\/industria\/index.php\/wp-json\/wp\/v2\/users\/1"}],"replies":[{"embeddable":true,"href":"https:\/\/ttemsa.com\/industria\/index.php\/wp-json\/wp\/v2\/comments?post=3384"}],"version-history":[{"count":7,"href":"https:\/\/ttemsa.com\/industria\/index.php\/wp-json\/wp\/v2\/pages\/3384\/revisions"}],"predecessor-version":[{"id":4137,"href":"https:\/\/ttemsa.com\/industria\/index.php\/wp-json\/wp\/v2\/pages\/3384\/revisions\/4137"}],"up":[{"embeddable":true,"href":"https:\/\/ttemsa.com\/industria\/index.php\/wp-json\/wp\/v2\/pages\/3381"}],"wp:attachment":[{"href":"https:\/\/ttemsa.com\/industria\/index.php\/wp-json\/wp\/v2\/media?parent=3384"}],"wp:term":[{"taxonomy":"category","embeddable":true,"href":"https:\/\/ttemsa.com\/industria\/index.php\/wp-json\/wp\/v2\/categories?post=3384"},{"taxonomy":"post_tag","embeddable":true,"href":"https:\/\/ttemsa.com\/industria\/index.php\/wp-json\/wp\/v2\/tags?post=3384"}],"curies":[{"name":"wp","href":"https:\/\/api.w.org\/{rel}","templated":true}]}}