{"id":3581,"date":"2024-09-10T13:24:04","date_gmt":"2024-09-10T13:24:04","guid":{"rendered":"https:\/\/ttemsa.com\/industria\/index.php\/tidland\/flechas-neumaticas-tidland\/45-tidland-flechas\/226-leaf-type-air-shafts-copy\/"},"modified":"2024-09-10T13:27:44","modified_gmt":"2024-09-10T13:27:44","slug":"226-tidland-leaf-type-air-shafts","status":"publish","type":"page","link":"https:\/\/ttemsa.com\/industria\/index.php\/tidland\/flechas-neumaticas-tidland\/45-tidland-flechas\/226-tidland-leaf-type-air-shafts\/","title":{"rendered":"226 Leaf-Type Air Shafts"},"content":{"rendered":"<div class=\"wp-block-image\">\n<figure class=\"aligncenter size-full is-resized\"><img loading=\"lazy\" decoding=\"async\" width=\"198\" height=\"240\" src=\"https:\/\/ttemsa.com\/industria\/wp-content\/uploads\/2024\/05\/xleafimage004.png\" alt=\"\" class=\"wp-image-3126\" style=\"width:402px;height:auto\" \/><figcaption class=\"wp-element-caption\"><strong>&nbsp;<strong>APLICACIONES DE EMBOBINADO Y DESEMBOBINADO<\/strong><\/strong><\/figcaption><\/figure>\n<\/div>\n\n\n<figure class=\"wp-block-gallery has-nested-images columns-default is-cropped wp-block-gallery-1 is-layout-flex wp-block-gallery-is-layout-flex\">\n<figure class=\"wp-block-image size-large is-resized\"><img loading=\"lazy\" decoding=\"async\" width=\"280\" height=\"165\" data-id=\"519\" src=\"https:\/\/ttemsa.com\/industria\/wp-content\/uploads\/2023\/12\/TidlandRoll-Saver2.png\" alt=\"\" class=\"wp-image-519\" style=\"width:194px;height:auto\" \/><\/figure>\n<\/figure>\n\n\n<div class=\"wp-block-image\">\n<figure class=\"alignleft size-full is-resized\"><img loading=\"lazy\" decoding=\"async\" width=\"365\" height=\"30\" src=\"https:\/\/ttemsa.com\/industria\/wp-content\/uploads\/2024\/05\/leafimage002-1.png\" alt=\"\" class=\"wp-image-3128\" style=\"width:494px;height:auto\" srcset=\"https:\/\/ttemsa.com\/industria\/wp-content\/uploads\/2024\/05\/leafimage002-1.png 365w, https:\/\/ttemsa.com\/industria\/wp-content\/uploads\/2024\/05\/leafimage002-1-300x25.png 300w\" sizes=\"auto, (max-width: 365px) 100vw, 365px\" \/><\/figure>\n<\/div>\n\n\n<p><\/p>\n\n\n\n<p>A\u00f1os de \u00e9xito dentro del campo de control de rodillos, testimonio del excelente rendimiento de la Flecha Neum\u00e1tica Tipo Hoja de Tidland. Dise\u00f1ados para una amplia gama de aplicaciones de conversi\u00f3n, estas flechas son las mejores para la eliminaci\u00f3n de la deformaci\u00f3n de la pared delgada del core.<\/p>\n\n\n\n<p>El agarre de expansi\u00f3n radial de 360 grados a lo largo de toda la superficie de la hoja proporciona una mayor superficie de contacto en el embobinado y permite el bobinado de rollos simples o m\u00faltiples, con o sin cores.&nbsp;<\/p>\n\n\n\n<p>Con hojas exteriores lisas y pulidas, estas flechas son especialmente adecuadas para materiales delicados. Las flechas tipo hoja est\u00e1n construidas de forma resistente, con cuerpos construidos de acero est\u00e1ndar, acero de aleaci\u00f3n o aluminio y tubos internos hechos de caucho duradero y resistente.<\/p>\n\n\n\n<p>La construcci\u00f3n sencilla y componentes estandarizados se traduce en piezas de repuesto r\u00e1pidas y disponibles, as\u00ed como un f\u00e1cil mantenimiento dentro de la planta cuando sea necesario. Flecha Neum\u00e1tica Tipo Hoja de Tidland.<\/p>\n\n\n\n<hr class=\"wp-block-separator has-alpha-channel-opacity\" \/>\n\n\n\n<p class=\"has-large-font-size\"><strong>COMPARACI\u00d3N DEL PESO DE LA FLECHA<\/strong><\/p>\n\n\n\n<figure class=\"wp-block-image size-full is-resized\"><img loading=\"lazy\" decoding=\"async\" width=\"436\" height=\"263\" src=\"https:\/\/ttemsa.com\/industria\/wp-content\/uploads\/2024\/05\/leaf-image009.png\" alt=\"\" class=\"wp-image-3130\" style=\"width:491px;height:auto\" srcset=\"https:\/\/ttemsa.com\/industria\/wp-content\/uploads\/2024\/05\/leaf-image009.png 436w, https:\/\/ttemsa.com\/industria\/wp-content\/uploads\/2024\/05\/leaf-image009-300x181.png 300w\" sizes=\"auto, (max-width: 436px) 100vw, 436px\" \/><\/figure>\n\n\n\n<hr class=\"wp-block-separator has-alpha-channel-opacity\" \/>\n\n\n\n<p><strong><strong>Flecha Tipo Hoja de la Serie 650\u00a0De Trabajo Ligero a Pesado<\/strong><\/strong><\/p>\n\n\n\n<figure class=\"wp-block-image size-full\"><img loading=\"lazy\" decoding=\"async\" width=\"188\" height=\"200\" src=\"https:\/\/ttemsa.com\/industria\/wp-content\/uploads\/2024\/05\/lee.png\" alt=\"\" class=\"wp-image-3131\" \/><\/figure>\n\n\n\n<p>Caracter\u00edsticas de dise\u00f1o<\/p>\n\n\n\n<p>Las Flechas Tipo hoja de la serie 650 est\u00e1n dise\u00f1adas para cores con di\u00e1metros de 38.1 mm a 171.5 mm (1.5 pulg a 6.75 pulg), as\u00ed como para operaciones sin core.<\/p>\n\n\n\n<p>La versatilidad de esta flecha la ha convertido en la m\u00e1s popular y es ampliamente usada en el mercado actual.\u00a0<\/p>\n\n\n\n<figure class=\"wp-block-table\"><table><tbody><tr><td colspan=\"2\"><strong>Tama\u00f1os nominales<\/strong><\/td><td><strong>Core de fibra<\/strong><\/td><td><strong>Core de Acero<\/strong><\/td><\/tr><tr><td><strong>Pulgadas<\/strong><\/td><td><strong>MM<\/strong><\/td><td><strong>lb-pulg<\/strong><\/td><td><strong>lb-pulg<\/strong><\/td><\/tr><tr><td>2<\/td><td>50.8<\/td><td>46<\/td><td>30<\/td><\/tr><tr><td>2.75<\/td><td>69.85<\/td><td>88<\/td><td>58<\/td><\/tr><tr><td>3<\/td><td>76.2<\/td><td>106<\/td><td>70<\/td><\/tr><tr><td>4<\/td><td>101.6<\/td><td>212<\/td><td>140<\/td><\/tr><tr><td>5<\/td><td>127<\/td><td>368<\/td><td>243<\/td><\/tr><tr><td>6<\/td><td>152.4<\/td><td>616<\/td><td>407<\/td><\/tr><\/tbody><\/table><figcaption class=\"wp-element-caption\">Capacidades de Torque Aproximados* (por pulgada de la banda)<br>*Capacidades de Torque a 80 psi<br><\/figcaption><\/figure>\n\n\n\n<figure class=\"wp-block-image size-full\"><img loading=\"lazy\" decoding=\"async\" width=\"651\" height=\"413\" src=\"https:\/\/ttemsa.com\/industria\/wp-content\/uploads\/2024\/05\/leaf2.png\" alt=\"\" class=\"wp-image-3132\" srcset=\"https:\/\/ttemsa.com\/industria\/wp-content\/uploads\/2024\/05\/leaf2.png 651w, https:\/\/ttemsa.com\/industria\/wp-content\/uploads\/2024\/05\/leaf2-300x190.png 300w\" sizes=\"auto, (max-width: 651px) 100vw, 651px\" \/><\/figure>\n\n\n\n<figure class=\"wp-block-image size-full\"><img loading=\"lazy\" decoding=\"async\" width=\"182\" height=\"194\" src=\"https:\/\/ttemsa.com\/industria\/wp-content\/uploads\/2024\/05\/leaf3.png\" alt=\"\" class=\"wp-image-3133\" \/><\/figure>\n\n\n\n<p><strong>Para Trabajo Pesado.<\/strong><\/p>\n\n\n\n<p>La Flecha Tipo hoja de la serie 750 est\u00e1 dise\u00f1ada para cores con di\u00e1metros de 177.8 mm a 609.6 mm (7 pulg a 24 pulg), as\u00ed como para operaciones sin core.<\/p>\n\n\n\n<p>La flecha tipo hoja con el di\u00e1metro m\u00e1s grande disponible, este dise\u00f1o es excelente para trabajos m\u00e1s robustos como embobinado de metal y tiras de aluminio.<\/p>\n\n\n\n<p>Tambi\u00e9n puede utilizarse como carrete para bobinas de papel y para grandes m\u00e1quinas de papel.<\/p>\n\n\n\n<p><strong>Capacidades de Torque Aproximados* (por pulgada de la banda)<\/strong><\/p>\n\n\n\n<figure class=\"wp-block-table\"><table><tbody><tr><td colspan=\"2\"><strong>Tama\u00f1os nominales<\/strong><\/td><td><strong>Core de fibra<\/strong><\/td><td><strong>Core de Acero<\/strong><\/td><\/tr><tr><td><strong>Pulgadas<\/strong><\/td><td><strong>MM<\/strong><\/td><td><strong>lb-pulg<\/strong><\/td><td><strong>lb-pulg<\/strong><\/td><\/tr><tr><td>8<\/td><td>203.2<\/td><td>461<\/td><td>304<\/td><\/tr><tr><td>10<\/td><td>254<\/td><td>671<\/td><td>443<\/td><\/tr><tr><td>12<\/td><td>304.8<\/td><td>1107<\/td><td>731<\/td><\/tr><tr><td>16<\/td><td>406.4<\/td><td>1476<\/td><td>974<\/td><\/tr><tr><td>24<\/td><td>609.6<\/td><td>2952<\/td><td>1948<\/td><\/tr><\/tbody><\/table><\/figure>\n\n\n\n<figure class=\"wp-block-table\"><table><tbody><tr><td>*Capacidades de Torque a 80 psi<\/td><\/tr><\/tbody><\/table><\/figure>\n\n\n\n<p>COMPONENTES INTERNOS DE EXPANSI\u00d3N<\/p>\n\n\n\n<figure class=\"wp-block-image size-full\"><img loading=\"lazy\" decoding=\"async\" width=\"588\" height=\"570\" src=\"https:\/\/ttemsa.com\/industria\/wp-content\/uploads\/2024\/05\/componentes.png\" alt=\"\" class=\"wp-image-3134\" srcset=\"https:\/\/ttemsa.com\/industria\/wp-content\/uploads\/2024\/05\/componentes.png 588w, https:\/\/ttemsa.com\/industria\/wp-content\/uploads\/2024\/05\/componentes-300x291.png 300w\" sizes=\"auto, (max-width: 588px) 100vw, 588px\" \/><\/figure>\n","protected":false},"excerpt":{"rendered":"<p>A\u00f1os de \u00e9xito dentro del campo de control de rodillos, testimonio del excelente rendimiento de la Flecha Neum\u00e1tica Tipo Hoja de Tidland. Dise\u00f1ados para una amplia gama de aplicaciones de conversi\u00f3n, estas flechas son las mejores para la eliminaci\u00f3n de la deformaci\u00f3n de la pared delgada del core. El agarre de expansi\u00f3n radial de 360 [&hellip;]<\/p>\n","protected":false},"author":1,"featured_media":0,"parent":3571,"menu_order":0,"comment_status":"closed","ping_status":"closed","template":"","meta":{"content-type":"","footnotes":""},"categories":[16],"tags":[],"class_list":["post-3581","page","type-page","status-publish","hentry","category-tidland"],"yoast_head":"<!-- This site is optimized with the Yoast SEO plugin v26.6 - https:\/\/yoast.com\/wordpress\/plugins\/seo\/ -->\n<title>226 Leaf-Type Air Shafts - industria-de-la-conversion.ttemsa<\/title>\n<meta name=\"description\" content=\"Flechas Tidland tipo Cu\u00f1a APLICACIONES DE EMBOBINADO Y DESEMBOBINADO Las Flechas de Expansi\u00f3n Neum\u00e1tica Tipo Cu\u00f1a de la Serie 500\" \/>\n<meta name=\"robots\" content=\"index, follow, max-snippet:-1, max-image-preview:large, max-video-preview:-1\" \/>\n<link rel=\"canonical\" href=\"https:\/\/ttemsa.com\/industria\/index.php\/tidland\/flechas-neumaticas-tidland\/45-tidland-flechas\/226-tidland-leaf-type-air-shafts\/\" \/>\n<meta property=\"og:locale\" content=\"es_MX\" \/>\n<meta property=\"og:type\" content=\"article\" \/>\n<meta property=\"og:title\" content=\"Flechas Tidland tipo Cu\u00f1a. APLICACIONES DE EMBOBINADO Y DESEMBOBINADO Las Flechas de Expansi\u00f3n Neum\u00e1tica Tipo Cu\u00f1a de la Serie 500\" \/>\n<meta property=\"og:description\" content=\"En ttemsa ofrecemos Soluciones. Solicite + info Tel\u00e9fonos: + 52 (55) 5352-0191 5352-1301 5352-6070 5352-0593\" \/>\n<meta property=\"og:url\" content=\"https:\/\/ttemsa.com\/industria\/index.php\/tidland\/flechas-neumaticas-tidland\/45-tidland-flechas\/226-tidland-leaf-type-air-shafts\/\" \/>\n<meta property=\"og:site_name\" content=\"industria-de-la-conversion.ttemsa\" \/>\n<meta property=\"article:modified_time\" content=\"2024-09-10T13:27:44+00:00\" \/>\n<meta property=\"og:image\" content=\"https:\/\/ttemsa.com\/industria\/wp-content\/uploads\/2024\/05\/xleafimage004.png\" \/>\n<meta name=\"twitter:card\" content=\"summary_large_image\" \/>\n<meta name=\"twitter:label1\" content=\"Tiempo de lectura\" \/>\n\t<meta name=\"twitter:data1\" content=\"4 minutos\" \/>\n<script type=\"application\/ld+json\" class=\"yoast-schema-graph\">{\"@context\":\"https:\/\/schema.org\",\"@graph\":[{\"@type\":\"WebPage\",\"@id\":\"https:\/\/ttemsa.com\/industria\/index.php\/tidland\/flechas-neumaticas-tidland\/45-tidland-flechas\/226-tidland-leaf-type-air-shafts\/\",\"url\":\"https:\/\/ttemsa.com\/industria\/index.php\/tidland\/flechas-neumaticas-tidland\/45-tidland-flechas\/226-tidland-leaf-type-air-shafts\/\",\"name\":\"226 Leaf-Type Air Shafts - industria-de-la-conversion.ttemsa\",\"isPartOf\":{\"@id\":\"https:\/\/ttemsa.com\/industria\/#website\"},\"primaryImageOfPage\":{\"@id\":\"https:\/\/ttemsa.com\/industria\/index.php\/tidland\/flechas-neumaticas-tidland\/45-tidland-flechas\/226-tidland-leaf-type-air-shafts\/#primaryimage\"},\"image\":{\"@id\":\"https:\/\/ttemsa.com\/industria\/index.php\/tidland\/flechas-neumaticas-tidland\/45-tidland-flechas\/226-tidland-leaf-type-air-shafts\/#primaryimage\"},\"thumbnailUrl\":\"https:\/\/ttemsa.com\/industria\/wp-content\/uploads\/2024\/05\/xleafimage004.png\",\"datePublished\":\"2024-09-10T13:24:04+00:00\",\"dateModified\":\"2024-09-10T13:27:44+00:00\",\"description\":\"Flechas Tidland tipo Cu\u00f1a APLICACIONES DE EMBOBINADO Y DESEMBOBINADO Las Flechas de Expansi\u00f3n Neum\u00e1tica Tipo Cu\u00f1a de la Serie 500\",\"breadcrumb\":{\"@id\":\"https:\/\/ttemsa.com\/industria\/index.php\/tidland\/flechas-neumaticas-tidland\/45-tidland-flechas\/226-tidland-leaf-type-air-shafts\/#breadcrumb\"},\"inLanguage\":\"es\",\"potentialAction\":[{\"@type\":\"ReadAction\",\"target\":[\"https:\/\/ttemsa.com\/industria\/index.php\/tidland\/flechas-neumaticas-tidland\/45-tidland-flechas\/226-tidland-leaf-type-air-shafts\/\"]}]},{\"@type\":\"ImageObject\",\"inLanguage\":\"es\",\"@id\":\"https:\/\/ttemsa.com\/industria\/index.php\/tidland\/flechas-neumaticas-tidland\/45-tidland-flechas\/226-tidland-leaf-type-air-shafts\/#primaryimage\",\"url\":\"https:\/\/ttemsa.com\/industria\/wp-content\/uploads\/2024\/05\/xleafimage004.png\",\"contentUrl\":\"https:\/\/ttemsa.com\/industria\/wp-content\/uploads\/2024\/05\/xleafimage004.png\",\"width\":198,\"height\":240},{\"@type\":\"BreadcrumbList\",\"@id\":\"https:\/\/ttemsa.com\/industria\/index.php\/tidland\/flechas-neumaticas-tidland\/45-tidland-flechas\/226-tidland-leaf-type-air-shafts\/#breadcrumb\",\"itemListElement\":[{\"@type\":\"ListItem\",\"position\":1,\"name\":\"Inicio\",\"item\":\"https:\/\/ttemsa.com\/industria\/\"},{\"@type\":\"ListItem\",\"position\":2,\"name\":\"TIDLAND\",\"item\":\"https:\/\/ttemsa.com\/industria\/index.php\/tidland\/\"},{\"@type\":\"ListItem\",\"position\":3,\"name\":\"Flechas Neum\u00e1ticas Cat\u00e1logo General\",\"item\":\"https:\/\/ttemsa.com\/industria\/index.php\/tidland\/flechas-neumaticas-tidland\/\"},{\"@type\":\"ListItem\",\"position\":4,\"name\":\"45 Flechas Neum\u00e1ticas\",\"item\":\"https:\/\/ttemsa.com\/industria\/index.php\/tidland\/flechas-neumaticas-tidland\/45-tidland-flechas\/\"},{\"@type\":\"ListItem\",\"position\":5,\"name\":\"226 Leaf-Type Air Shafts\"}]},{\"@type\":\"WebSite\",\"@id\":\"https:\/\/ttemsa.com\/industria\/#website\",\"url\":\"https:\/\/ttemsa.com\/industria\/\",\"name\":\"industria-de-la-conversion.ttemsa\",\"description\":\"Designed Dianalacazadora.com\",\"alternateName\":\"ttemsa l\u00edderes en la industria de la conversi\u00f3n\",\"potentialAction\":[{\"@type\":\"SearchAction\",\"target\":{\"@type\":\"EntryPoint\",\"urlTemplate\":\"https:\/\/ttemsa.com\/industria\/?s={search_term_string}\"},\"query-input\":{\"@type\":\"PropertyValueSpecification\",\"valueRequired\":true,\"valueName\":\"search_term_string\"}}],\"inLanguage\":\"es\"}]}<\/script>\n<!-- \/ Yoast SEO plugin. -->","yoast_head_json":{"title":"226 Leaf-Type Air Shafts - industria-de-la-conversion.ttemsa","description":"Flechas Tidland tipo Cu\u00f1a APLICACIONES DE EMBOBINADO Y DESEMBOBINADO Las Flechas de Expansi\u00f3n Neum\u00e1tica Tipo Cu\u00f1a de la Serie 500","robots":{"index":"index","follow":"follow","max-snippet":"max-snippet:-1","max-image-preview":"max-image-preview:large","max-video-preview":"max-video-preview:-1"},"canonical":"https:\/\/ttemsa.com\/industria\/index.php\/tidland\/flechas-neumaticas-tidland\/45-tidland-flechas\/226-tidland-leaf-type-air-shafts\/","og_locale":"es_MX","og_type":"article","og_title":"Flechas Tidland tipo Cu\u00f1a. APLICACIONES DE EMBOBINADO Y DESEMBOBINADO Las Flechas de Expansi\u00f3n Neum\u00e1tica Tipo Cu\u00f1a de la Serie 500","og_description":"En ttemsa ofrecemos Soluciones. Solicite + info Tel\u00e9fonos: + 52 (55) 5352-0191 5352-1301 5352-6070 5352-0593","og_url":"https:\/\/ttemsa.com\/industria\/index.php\/tidland\/flechas-neumaticas-tidland\/45-tidland-flechas\/226-tidland-leaf-type-air-shafts\/","og_site_name":"industria-de-la-conversion.ttemsa","article_modified_time":"2024-09-10T13:27:44+00:00","og_image":[{"url":"https:\/\/ttemsa.com\/industria\/wp-content\/uploads\/2024\/05\/xleafimage004.png","type":"","width":"","height":""}],"twitter_card":"summary_large_image","twitter_misc":{"Tiempo de lectura":"4 minutos"},"schema":{"@context":"https:\/\/schema.org","@graph":[{"@type":"WebPage","@id":"https:\/\/ttemsa.com\/industria\/index.php\/tidland\/flechas-neumaticas-tidland\/45-tidland-flechas\/226-tidland-leaf-type-air-shafts\/","url":"https:\/\/ttemsa.com\/industria\/index.php\/tidland\/flechas-neumaticas-tidland\/45-tidland-flechas\/226-tidland-leaf-type-air-shafts\/","name":"226 Leaf-Type Air Shafts - industria-de-la-conversion.ttemsa","isPartOf":{"@id":"https:\/\/ttemsa.com\/industria\/#website"},"primaryImageOfPage":{"@id":"https:\/\/ttemsa.com\/industria\/index.php\/tidland\/flechas-neumaticas-tidland\/45-tidland-flechas\/226-tidland-leaf-type-air-shafts\/#primaryimage"},"image":{"@id":"https:\/\/ttemsa.com\/industria\/index.php\/tidland\/flechas-neumaticas-tidland\/45-tidland-flechas\/226-tidland-leaf-type-air-shafts\/#primaryimage"},"thumbnailUrl":"https:\/\/ttemsa.com\/industria\/wp-content\/uploads\/2024\/05\/xleafimage004.png","datePublished":"2024-09-10T13:24:04+00:00","dateModified":"2024-09-10T13:27:44+00:00","description":"Flechas Tidland tipo Cu\u00f1a APLICACIONES DE EMBOBINADO Y DESEMBOBINADO Las Flechas de Expansi\u00f3n Neum\u00e1tica Tipo Cu\u00f1a de la Serie 500","breadcrumb":{"@id":"https:\/\/ttemsa.com\/industria\/index.php\/tidland\/flechas-neumaticas-tidland\/45-tidland-flechas\/226-tidland-leaf-type-air-shafts\/#breadcrumb"},"inLanguage":"es","potentialAction":[{"@type":"ReadAction","target":["https:\/\/ttemsa.com\/industria\/index.php\/tidland\/flechas-neumaticas-tidland\/45-tidland-flechas\/226-tidland-leaf-type-air-shafts\/"]}]},{"@type":"ImageObject","inLanguage":"es","@id":"https:\/\/ttemsa.com\/industria\/index.php\/tidland\/flechas-neumaticas-tidland\/45-tidland-flechas\/226-tidland-leaf-type-air-shafts\/#primaryimage","url":"https:\/\/ttemsa.com\/industria\/wp-content\/uploads\/2024\/05\/xleafimage004.png","contentUrl":"https:\/\/ttemsa.com\/industria\/wp-content\/uploads\/2024\/05\/xleafimage004.png","width":198,"height":240},{"@type":"BreadcrumbList","@id":"https:\/\/ttemsa.com\/industria\/index.php\/tidland\/flechas-neumaticas-tidland\/45-tidland-flechas\/226-tidland-leaf-type-air-shafts\/#breadcrumb","itemListElement":[{"@type":"ListItem","position":1,"name":"Inicio","item":"https:\/\/ttemsa.com\/industria\/"},{"@type":"ListItem","position":2,"name":"TIDLAND","item":"https:\/\/ttemsa.com\/industria\/index.php\/tidland\/"},{"@type":"ListItem","position":3,"name":"Flechas Neum\u00e1ticas Cat\u00e1logo General","item":"https:\/\/ttemsa.com\/industria\/index.php\/tidland\/flechas-neumaticas-tidland\/"},{"@type":"ListItem","position":4,"name":"45 Flechas Neum\u00e1ticas","item":"https:\/\/ttemsa.com\/industria\/index.php\/tidland\/flechas-neumaticas-tidland\/45-tidland-flechas\/"},{"@type":"ListItem","position":5,"name":"226 Leaf-Type Air Shafts"}]},{"@type":"WebSite","@id":"https:\/\/ttemsa.com\/industria\/#website","url":"https:\/\/ttemsa.com\/industria\/","name":"industria-de-la-conversion.ttemsa","description":"Designed Dianalacazadora.com","alternateName":"ttemsa l\u00edderes en la industria de la conversi\u00f3n","potentialAction":[{"@type":"SearchAction","target":{"@type":"EntryPoint","urlTemplate":"https:\/\/ttemsa.com\/industria\/?s={search_term_string}"},"query-input":{"@type":"PropertyValueSpecification","valueRequired":true,"valueName":"search_term_string"}}],"inLanguage":"es"}]}},"_links":{"self":[{"href":"https:\/\/ttemsa.com\/industria\/index.php\/wp-json\/wp\/v2\/pages\/3581","targetHints":{"allow":["GET"]}}],"collection":[{"href":"https:\/\/ttemsa.com\/industria\/index.php\/wp-json\/wp\/v2\/pages"}],"about":[{"href":"https:\/\/ttemsa.com\/industria\/index.php\/wp-json\/wp\/v2\/types\/page"}],"author":[{"embeddable":true,"href":"https:\/\/ttemsa.com\/industria\/index.php\/wp-json\/wp\/v2\/users\/1"}],"replies":[{"embeddable":true,"href":"https:\/\/ttemsa.com\/industria\/index.php\/wp-json\/wp\/v2\/comments?post=3581"}],"version-history":[{"count":2,"href":"https:\/\/ttemsa.com\/industria\/index.php\/wp-json\/wp\/v2\/pages\/3581\/revisions"}],"predecessor-version":[{"id":3583,"href":"https:\/\/ttemsa.com\/industria\/index.php\/wp-json\/wp\/v2\/pages\/3581\/revisions\/3583"}],"up":[{"embeddable":true,"href":"https:\/\/ttemsa.com\/industria\/index.php\/wp-json\/wp\/v2\/pages\/3571"}],"wp:attachment":[{"href":"https:\/\/ttemsa.com\/industria\/index.php\/wp-json\/wp\/v2\/media?parent=3581"}],"wp:term":[{"taxonomy":"category","embeddable":true,"href":"https:\/\/ttemsa.com\/industria\/index.php\/wp-json\/wp\/v2\/categories?post=3581"},{"taxonomy":"post_tag","embeddable":true,"href":"https:\/\/ttemsa.com\/industria\/index.php\/wp-json\/wp\/v2\/tags?post=3581"}],"curies":[{"name":"wp","href":"https:\/\/api.w.org\/{rel}","templated":true}]}}