{"id":3686,"date":"2024-09-11T15:02:44","date_gmt":"2024-09-11T15:02:44","guid":{"rendered":"https:\/\/ttemsa.com\/industria\/index.php\/paxton-2018\/cuchillas-de-aire-y-cuchillas-ionizantes-copy\/"},"modified":"2024-09-11T15:03:38","modified_gmt":"2024-09-11T15:03:38","slug":"160-colectores-de-boquilla-e-ionizantes-2","status":"publish","type":"page","link":"https:\/\/ttemsa.com\/industria\/index.php\/paxton-2018\/34-paxton-dispositivos-de-entrega-de-aire\/160-colectores-de-boquilla-e-ionizantes-2\/","title":{"rendered":"CUCHILLAS DE AIRE Y CUCHILLAS IONIZANTES"},"content":{"rendered":"\n<figure class=\"wp-block-image size-large is-resized\"><img loading=\"lazy\" decoding=\"async\" width=\"1024\" height=\"453\" src=\"https:\/\/ttemsa.com\/industria\/wp-content\/uploads\/2024\/03\/cuchillas-de-aire-y-cuchillas-ionizantes-1024x453.jpg\" alt=\"\" class=\"wp-image-2365\" style=\"width:840px;height:auto\" srcset=\"https:\/\/ttemsa.com\/industria\/wp-content\/uploads\/2024\/03\/cuchillas-de-aire-y-cuchillas-ionizantes-1024x453.jpg 1024w, https:\/\/ttemsa.com\/industria\/wp-content\/uploads\/2024\/03\/cuchillas-de-aire-y-cuchillas-ionizantes-300x133.jpg 300w, https:\/\/ttemsa.com\/industria\/wp-content\/uploads\/2024\/03\/cuchillas-de-aire-y-cuchillas-ionizantes-768x340.jpg 768w, https:\/\/ttemsa.com\/industria\/wp-content\/uploads\/2024\/03\/cuchillas-de-aire-y-cuchillas-ionizantes.jpg 1280w\" sizes=\"auto, (max-width: 1024px) 100vw, 1024px\" \/><\/figure>\n\n\n<div class=\"wp-block-image\">\n<figure class=\"aligncenter size-full is-resized\"><img loading=\"lazy\" decoding=\"async\" width=\"410\" height=\"123\" src=\"https:\/\/ttemsa.com\/industria\/wp-content\/uploads\/2024\/03\/paxtonlogo.jpg\" alt=\"\" class=\"wp-image-2334\" style=\"width:232px;height:auto\" srcset=\"https:\/\/ttemsa.com\/industria\/wp-content\/uploads\/2024\/03\/paxtonlogo.jpg 410w, https:\/\/ttemsa.com\/industria\/wp-content\/uploads\/2024\/03\/paxtonlogo-300x90.jpg 300w\" sizes=\"auto, (max-width: 410px) 100vw, 410px\" \/><\/figure>\n<\/div>\n\n<div class=\"wp-block-image\">\n<figure class=\"aligncenter size-full\"><img loading=\"lazy\" decoding=\"async\" width=\"634\" height=\"475\" src=\"https:\/\/ttemsa.com\/industria\/wp-content\/uploads\/2024\/03\/cuchillas-de-aire-y-cuchillas-ionizantes-aluminio-paxton.jpg\" alt=\"\" class=\"wp-image-2366\" srcset=\"https:\/\/ttemsa.com\/industria\/wp-content\/uploads\/2024\/03\/cuchillas-de-aire-y-cuchillas-ionizantes-aluminio-paxton.jpg 634w, https:\/\/ttemsa.com\/industria\/wp-content\/uploads\/2024\/03\/cuchillas-de-aire-y-cuchillas-ionizantes-aluminio-paxton-300x225.jpg 300w\" sizes=\"auto, (max-width: 634px) 100vw, 634px\" \/><\/figure>\n<\/div>\n\n\n<p>Disponible en aluminio y acero inoxidable * 304, las cuchillas de aire Paxton est\u00e1n dise\u00f1ados para un rendimiento \u00f3ptimo para el secado a alta velocidad, el soplado y aplicaciones de limpieza.<\/p>\n\n\n<div class=\"wp-block-image\">\n<figure class=\"aligncenter size-full\"><img loading=\"lazy\" decoding=\"async\" width=\"420\" height=\"342\" src=\"https:\/\/ttemsa.com\/industria\/wp-content\/uploads\/2024\/03\/cuchillas-de-aire-y-cuchillas-ionizantes-acero-inoxidable-paxton-angulo.jpg\" alt=\"\" class=\"wp-image-2367\" srcset=\"https:\/\/ttemsa.com\/industria\/wp-content\/uploads\/2024\/03\/cuchillas-de-aire-y-cuchillas-ionizantes-acero-inoxidable-paxton-angulo.jpg 420w, https:\/\/ttemsa.com\/industria\/wp-content\/uploads\/2024\/03\/cuchillas-de-aire-y-cuchillas-ionizantes-acero-inoxidable-paxton-angulo-300x244.jpg 300w\" sizes=\"auto, (max-width: 420px) 100vw, 420px\" \/><\/figure>\n<\/div>\n\n\n<p>Las cuchillas de aire presentan un dise\u00f1o de ranura de aire continuo, ininterrumpido que ofrece una cobertura uniforme sobre el \u00e1rea objetivo, con un ajuste de la abertura est\u00e1ndar de 0,055 pulgadas (1,4 mm).<\/p>\n\n\n<div class=\"wp-block-image\">\n<figure class=\"aligncenter size-full\"><img loading=\"lazy\" decoding=\"async\" width=\"529\" height=\"209\" src=\"https:\/\/ttemsa.com\/industria\/wp-content\/uploads\/2024\/03\/cuchillas-de-aire-y-cuchillas-ionizantes-acero-inoxidable-paxton.jpg\" alt=\"\" class=\"wp-image-2368\" srcset=\"https:\/\/ttemsa.com\/industria\/wp-content\/uploads\/2024\/03\/cuchillas-de-aire-y-cuchillas-ionizantes-acero-inoxidable-paxton.jpg 529w, https:\/\/ttemsa.com\/industria\/wp-content\/uploads\/2024\/03\/cuchillas-de-aire-y-cuchillas-ionizantes-acero-inoxidable-paxton-300x119.jpg 300w\" sizes=\"auto, (max-width: 529px) 100vw, 529px\" \/><\/figure>\n<\/div>\n\n\n<p>La robusta construcci\u00f3n de acero inoxidable 304 de las cuchillas de aire resiste a los detergentes agresivos utilizados en las instalaciones de lavado.<\/p>\n\n\n\n<p>*Opciones Ionizantes no disponibles en aluminio.<\/p>\n\n\n<div class=\"wp-block-image\">\n<figure class=\"aligncenter size-full\"><img loading=\"lazy\" decoding=\"async\" width=\"422\" height=\"409\" src=\"https:\/\/ttemsa.com\/industria\/wp-content\/uploads\/2024\/03\/cuchillas.jpg\" alt=\"\" class=\"wp-image-2369\" srcset=\"https:\/\/ttemsa.com\/industria\/wp-content\/uploads\/2024\/03\/cuchillas.jpg 422w, https:\/\/ttemsa.com\/industria\/wp-content\/uploads\/2024\/03\/cuchillas-300x291.jpg 300w\" sizes=\"auto, (max-width: 422px) 100vw, 422px\" \/><\/figure>\n<\/div>","protected":false},"excerpt":{"rendered":"<p>Disponible en aluminio y acero inoxidable * 304, las cuchillas de aire Paxton est\u00e1n dise\u00f1ados para un rendimiento \u00f3ptimo para el secado a alta velocidad, el soplado y aplicaciones de limpieza. Las cuchillas de aire presentan un dise\u00f1o de ranura de aire continuo, ininterrumpido que ofrece una cobertura uniforme sobre el \u00e1rea objetivo, con un [&hellip;]<\/p>\n","protected":false},"author":1,"featured_media":0,"parent":1733,"menu_order":0,"comment_status":"closed","ping_status":"closed","template":"","meta":{"content-type":"","footnotes":""},"categories":[19],"tags":[],"class_list":["post-3686","page","type-page","status-publish","hentry","category-paxton-2018"],"yoast_head":"<!-- This site is optimized with the Yoast SEO plugin v26.6 - https:\/\/yoast.com\/wordpress\/plugins\/seo\/ -->\n<title>CUCHILLAS DE AIRE Y CUCHILLAS IONIZANTES - industria-de-la-conversion.ttemsa<\/title>\n<meta name=\"description\" content=\"Cuchillas de Aire y Cuchillas Ionizantes Disponible en aluminio y acero inoxidable * 304, las cuchillas de aire Paxton est\u00e1n dise\u00f1ados para un rendimiento \u00f3ptimo.\" \/>\n<meta name=\"robots\" content=\"index, follow, max-snippet:-1, max-image-preview:large, max-video-preview:-1\" \/>\n<link rel=\"canonical\" href=\"https:\/\/ttemsa.com\/industria\/index.php\/paxton-2018\/34-paxton-dispositivos-de-entrega-de-aire\/160-colectores-de-boquilla-e-ionizantes-2\/\" \/>\n<meta property=\"og:locale\" content=\"es_MX\" \/>\n<meta property=\"og:type\" content=\"article\" \/>\n<meta property=\"og:title\" content=\"Cuchillas de Aire y Cuchillas Ionizantes Disponible en aluminio y acero inoxidable 304, las cuchillas de aire Paxton est\u00e1n dise\u00f1ados para un rendimiento \u00f3ptimo.\" \/>\n<meta property=\"og:description\" content=\"En ttemsa ofrecemos Soluciones. Solicite + info Tel\u00e9fonos: + 52 (55) 5352-0191 5352-1301 5352-6070 5352-0593\" \/>\n<meta property=\"og:url\" content=\"https:\/\/ttemsa.com\/industria\/index.php\/paxton-2018\/34-paxton-dispositivos-de-entrega-de-aire\/160-colectores-de-boquilla-e-ionizantes-2\/\" \/>\n<meta property=\"og:site_name\" content=\"industria-de-la-conversion.ttemsa\" \/>\n<meta property=\"article:modified_time\" content=\"2024-09-11T15:03:38+00:00\" \/>\n<meta property=\"og:image\" content=\"https:\/\/ttemsa.com\/industria\/wp-content\/uploads\/2024\/03\/cuchillas-de-aire-y-cuchillas-ionizantes-aluminio-paxton.jpg\" \/>\n\t<meta property=\"og:image:width\" content=\"634\" \/>\n\t<meta property=\"og:image:height\" content=\"475\" \/>\n\t<meta property=\"og:image:type\" content=\"image\/jpeg\" \/>\n<meta name=\"twitter:card\" content=\"summary_large_image\" \/>\n<meta name=\"twitter:label1\" content=\"Tiempo de lectura\" \/>\n\t<meta name=\"twitter:data1\" content=\"2 minutos\" \/>\n<script type=\"application\/ld+json\" class=\"yoast-schema-graph\">{\"@context\":\"https:\/\/schema.org\",\"@graph\":[{\"@type\":\"WebPage\",\"@id\":\"https:\/\/ttemsa.com\/industria\/index.php\/paxton-2018\/34-paxton-dispositivos-de-entrega-de-aire\/160-colectores-de-boquilla-e-ionizantes-2\/\",\"url\":\"https:\/\/ttemsa.com\/industria\/index.php\/paxton-2018\/34-paxton-dispositivos-de-entrega-de-aire\/160-colectores-de-boquilla-e-ionizantes-2\/\",\"name\":\"CUCHILLAS DE AIRE Y CUCHILLAS IONIZANTES - industria-de-la-conversion.ttemsa\",\"isPartOf\":{\"@id\":\"https:\/\/ttemsa.com\/industria\/#website\"},\"primaryImageOfPage\":{\"@id\":\"https:\/\/ttemsa.com\/industria\/index.php\/paxton-2018\/34-paxton-dispositivos-de-entrega-de-aire\/160-colectores-de-boquilla-e-ionizantes-2\/#primaryimage\"},\"image\":{\"@id\":\"https:\/\/ttemsa.com\/industria\/index.php\/paxton-2018\/34-paxton-dispositivos-de-entrega-de-aire\/160-colectores-de-boquilla-e-ionizantes-2\/#primaryimage\"},\"thumbnailUrl\":\"https:\/\/ttemsa.com\/industria\/wp-content\/uploads\/2024\/03\/cuchillas-de-aire-y-cuchillas-ionizantes-1024x453.jpg\",\"datePublished\":\"2024-09-11T15:02:44+00:00\",\"dateModified\":\"2024-09-11T15:03:38+00:00\",\"description\":\"Cuchillas de Aire y Cuchillas Ionizantes Disponible en aluminio y acero inoxidable * 304, las cuchillas de aire Paxton est\u00e1n dise\u00f1ados para un rendimiento \u00f3ptimo.\",\"breadcrumb\":{\"@id\":\"https:\/\/ttemsa.com\/industria\/index.php\/paxton-2018\/34-paxton-dispositivos-de-entrega-de-aire\/160-colectores-de-boquilla-e-ionizantes-2\/#breadcrumb\"},\"inLanguage\":\"es\",\"potentialAction\":[{\"@type\":\"ReadAction\",\"target\":[\"https:\/\/ttemsa.com\/industria\/index.php\/paxton-2018\/34-paxton-dispositivos-de-entrega-de-aire\/160-colectores-de-boquilla-e-ionizantes-2\/\"]}]},{\"@type\":\"ImageObject\",\"inLanguage\":\"es\",\"@id\":\"https:\/\/ttemsa.com\/industria\/index.php\/paxton-2018\/34-paxton-dispositivos-de-entrega-de-aire\/160-colectores-de-boquilla-e-ionizantes-2\/#primaryimage\",\"url\":\"https:\/\/ttemsa.com\/industria\/wp-content\/uploads\/2024\/03\/cuchillas-de-aire-y-cuchillas-ionizantes.jpg\",\"contentUrl\":\"https:\/\/ttemsa.com\/industria\/wp-content\/uploads\/2024\/03\/cuchillas-de-aire-y-cuchillas-ionizantes.jpg\",\"width\":1280,\"height\":566},{\"@type\":\"BreadcrumbList\",\"@id\":\"https:\/\/ttemsa.com\/industria\/index.php\/paxton-2018\/34-paxton-dispositivos-de-entrega-de-aire\/160-colectores-de-boquilla-e-ionizantes-2\/#breadcrumb\",\"itemListElement\":[{\"@type\":\"ListItem\",\"position\":1,\"name\":\"Inicio\",\"item\":\"https:\/\/ttemsa.com\/industria\/\"},{\"@type\":\"ListItem\",\"position\":2,\"name\":\"PAXTON\",\"item\":\"https:\/\/ttemsa.com\/industria\/index.php\/paxton-2018\/\"},{\"@type\":\"ListItem\",\"position\":3,\"name\":\"34 Boquilla uno\",\"item\":\"https:\/\/ttemsa.com\/industria\/index.php\/paxton-2018\/34-paxton-dispositivos-de-entrega-de-aire\/\"},{\"@type\":\"ListItem\",\"position\":4,\"name\":\"CUCHILLAS DE AIRE Y CUCHILLAS IONIZANTES\"}]},{\"@type\":\"WebSite\",\"@id\":\"https:\/\/ttemsa.com\/industria\/#website\",\"url\":\"https:\/\/ttemsa.com\/industria\/\",\"name\":\"industria-de-la-conversion.ttemsa\",\"description\":\"Designed Dianalacazadora.com\",\"alternateName\":\"ttemsa l\u00edderes en la industria de la conversi\u00f3n\",\"potentialAction\":[{\"@type\":\"SearchAction\",\"target\":{\"@type\":\"EntryPoint\",\"urlTemplate\":\"https:\/\/ttemsa.com\/industria\/?s={search_term_string}\"},\"query-input\":{\"@type\":\"PropertyValueSpecification\",\"valueRequired\":true,\"valueName\":\"search_term_string\"}}],\"inLanguage\":\"es\"}]}<\/script>\n<!-- \/ Yoast SEO plugin. -->","yoast_head_json":{"title":"CUCHILLAS DE AIRE Y CUCHILLAS IONIZANTES - industria-de-la-conversion.ttemsa","description":"Cuchillas de Aire y Cuchillas Ionizantes Disponible en aluminio y acero inoxidable * 304, las cuchillas de aire Paxton est\u00e1n dise\u00f1ados para un rendimiento \u00f3ptimo.","robots":{"index":"index","follow":"follow","max-snippet":"max-snippet:-1","max-image-preview":"max-image-preview:large","max-video-preview":"max-video-preview:-1"},"canonical":"https:\/\/ttemsa.com\/industria\/index.php\/paxton-2018\/34-paxton-dispositivos-de-entrega-de-aire\/160-colectores-de-boquilla-e-ionizantes-2\/","og_locale":"es_MX","og_type":"article","og_title":"Cuchillas de Aire y Cuchillas Ionizantes Disponible en aluminio y acero inoxidable 304, las cuchillas de aire Paxton est\u00e1n dise\u00f1ados para un rendimiento \u00f3ptimo.","og_description":"En ttemsa ofrecemos Soluciones. Solicite + info Tel\u00e9fonos: + 52 (55) 5352-0191 5352-1301 5352-6070 5352-0593","og_url":"https:\/\/ttemsa.com\/industria\/index.php\/paxton-2018\/34-paxton-dispositivos-de-entrega-de-aire\/160-colectores-de-boquilla-e-ionizantes-2\/","og_site_name":"industria-de-la-conversion.ttemsa","article_modified_time":"2024-09-11T15:03:38+00:00","og_image":[{"width":634,"height":475,"url":"https:\/\/ttemsa.com\/industria\/wp-content\/uploads\/2024\/03\/cuchillas-de-aire-y-cuchillas-ionizantes-aluminio-paxton.jpg","type":"image\/jpeg"}],"twitter_card":"summary_large_image","twitter_misc":{"Tiempo de lectura":"2 minutos"},"schema":{"@context":"https:\/\/schema.org","@graph":[{"@type":"WebPage","@id":"https:\/\/ttemsa.com\/industria\/index.php\/paxton-2018\/34-paxton-dispositivos-de-entrega-de-aire\/160-colectores-de-boquilla-e-ionizantes-2\/","url":"https:\/\/ttemsa.com\/industria\/index.php\/paxton-2018\/34-paxton-dispositivos-de-entrega-de-aire\/160-colectores-de-boquilla-e-ionizantes-2\/","name":"CUCHILLAS DE AIRE Y CUCHILLAS IONIZANTES - industria-de-la-conversion.ttemsa","isPartOf":{"@id":"https:\/\/ttemsa.com\/industria\/#website"},"primaryImageOfPage":{"@id":"https:\/\/ttemsa.com\/industria\/index.php\/paxton-2018\/34-paxton-dispositivos-de-entrega-de-aire\/160-colectores-de-boquilla-e-ionizantes-2\/#primaryimage"},"image":{"@id":"https:\/\/ttemsa.com\/industria\/index.php\/paxton-2018\/34-paxton-dispositivos-de-entrega-de-aire\/160-colectores-de-boquilla-e-ionizantes-2\/#primaryimage"},"thumbnailUrl":"https:\/\/ttemsa.com\/industria\/wp-content\/uploads\/2024\/03\/cuchillas-de-aire-y-cuchillas-ionizantes-1024x453.jpg","datePublished":"2024-09-11T15:02:44+00:00","dateModified":"2024-09-11T15:03:38+00:00","description":"Cuchillas de Aire y Cuchillas Ionizantes Disponible en aluminio y acero inoxidable * 304, las cuchillas de aire Paxton est\u00e1n dise\u00f1ados para un rendimiento \u00f3ptimo.","breadcrumb":{"@id":"https:\/\/ttemsa.com\/industria\/index.php\/paxton-2018\/34-paxton-dispositivos-de-entrega-de-aire\/160-colectores-de-boquilla-e-ionizantes-2\/#breadcrumb"},"inLanguage":"es","potentialAction":[{"@type":"ReadAction","target":["https:\/\/ttemsa.com\/industria\/index.php\/paxton-2018\/34-paxton-dispositivos-de-entrega-de-aire\/160-colectores-de-boquilla-e-ionizantes-2\/"]}]},{"@type":"ImageObject","inLanguage":"es","@id":"https:\/\/ttemsa.com\/industria\/index.php\/paxton-2018\/34-paxton-dispositivos-de-entrega-de-aire\/160-colectores-de-boquilla-e-ionizantes-2\/#primaryimage","url":"https:\/\/ttemsa.com\/industria\/wp-content\/uploads\/2024\/03\/cuchillas-de-aire-y-cuchillas-ionizantes.jpg","contentUrl":"https:\/\/ttemsa.com\/industria\/wp-content\/uploads\/2024\/03\/cuchillas-de-aire-y-cuchillas-ionizantes.jpg","width":1280,"height":566},{"@type":"BreadcrumbList","@id":"https:\/\/ttemsa.com\/industria\/index.php\/paxton-2018\/34-paxton-dispositivos-de-entrega-de-aire\/160-colectores-de-boquilla-e-ionizantes-2\/#breadcrumb","itemListElement":[{"@type":"ListItem","position":1,"name":"Inicio","item":"https:\/\/ttemsa.com\/industria\/"},{"@type":"ListItem","position":2,"name":"PAXTON","item":"https:\/\/ttemsa.com\/industria\/index.php\/paxton-2018\/"},{"@type":"ListItem","position":3,"name":"34 Boquilla uno","item":"https:\/\/ttemsa.com\/industria\/index.php\/paxton-2018\/34-paxton-dispositivos-de-entrega-de-aire\/"},{"@type":"ListItem","position":4,"name":"CUCHILLAS DE AIRE Y CUCHILLAS IONIZANTES"}]},{"@type":"WebSite","@id":"https:\/\/ttemsa.com\/industria\/#website","url":"https:\/\/ttemsa.com\/industria\/","name":"industria-de-la-conversion.ttemsa","description":"Designed Dianalacazadora.com","alternateName":"ttemsa l\u00edderes en la industria de la conversi\u00f3n","potentialAction":[{"@type":"SearchAction","target":{"@type":"EntryPoint","urlTemplate":"https:\/\/ttemsa.com\/industria\/?s={search_term_string}"},"query-input":{"@type":"PropertyValueSpecification","valueRequired":true,"valueName":"search_term_string"}}],"inLanguage":"es"}]}},"_links":{"self":[{"href":"https:\/\/ttemsa.com\/industria\/index.php\/wp-json\/wp\/v2\/pages\/3686","targetHints":{"allow":["GET"]}}],"collection":[{"href":"https:\/\/ttemsa.com\/industria\/index.php\/wp-json\/wp\/v2\/pages"}],"about":[{"href":"https:\/\/ttemsa.com\/industria\/index.php\/wp-json\/wp\/v2\/types\/page"}],"author":[{"embeddable":true,"href":"https:\/\/ttemsa.com\/industria\/index.php\/wp-json\/wp\/v2\/users\/1"}],"replies":[{"embeddable":true,"href":"https:\/\/ttemsa.com\/industria\/index.php\/wp-json\/wp\/v2\/comments?post=3686"}],"version-history":[{"count":1,"href":"https:\/\/ttemsa.com\/industria\/index.php\/wp-json\/wp\/v2\/pages\/3686\/revisions"}],"predecessor-version":[{"id":3687,"href":"https:\/\/ttemsa.com\/industria\/index.php\/wp-json\/wp\/v2\/pages\/3686\/revisions\/3687"}],"up":[{"embeddable":true,"href":"https:\/\/ttemsa.com\/industria\/index.php\/wp-json\/wp\/v2\/pages\/1733"}],"wp:attachment":[{"href":"https:\/\/ttemsa.com\/industria\/index.php\/wp-json\/wp\/v2\/media?parent=3686"}],"wp:term":[{"taxonomy":"category","embeddable":true,"href":"https:\/\/ttemsa.com\/industria\/index.php\/wp-json\/wp\/v2\/categories?post=3686"},{"taxonomy":"post_tag","embeddable":true,"href":"https:\/\/ttemsa.com\/industria\/index.php\/wp-json\/wp\/v2\/tags?post=3686"}],"curies":[{"name":"wp","href":"https:\/\/api.w.org\/{rel}","templated":true}]}}