{"id":3723,"date":"2024-09-12T16:00:34","date_gmt":"2024-09-12T16:00:34","guid":{"rendered":"https:\/\/ttemsa.com\/industria\/index.php\/simco-ion\/cargador-con-barra-mcm-30-copy\/"},"modified":"2024-09-13T14:15:51","modified_gmt":"2024-09-13T14:15:51","slug":"mcm-30","status":"publish","type":"page","link":"https:\/\/ttemsa.com\/industria\/index.php\/simco-ion\/cargadores-de-estatica-chargemaster\/mcm-30\/","title":{"rendered":"esteCARGADOR CON BARRA MCM 30"},"content":{"rendered":"<div class=\"wp-block-image\">\n<figure class=\"aligncenter size-full is-resized\"><img loading=\"lazy\" decoding=\"async\" width=\"150\" height=\"317\" src=\"https:\/\/ttemsa.com\/industria\/wp-content\/uploads\/2024\/03\/1mcm30.jpg\" alt=\"\" class=\"wp-image-2303\" style=\"width:260px;height:auto\" srcset=\"https:\/\/ttemsa.com\/industria\/wp-content\/uploads\/2024\/03\/1mcm30.jpg 150w, https:\/\/ttemsa.com\/industria\/wp-content\/uploads\/2024\/03\/1mcm30-142x300.jpg 142w\" sizes=\"auto, (max-width: 150px) 100vw, 150px\" \/><\/figure>\n<\/div>\n\n<div class=\"wp-block-image\">\n<figure class=\"alignleft is-resized\"><img decoding=\"async\" src=\"https:\/\/ttemsa.com\/images\/simco\/2mcm.png\" alt=\"\" style=\"width:443px;height:auto\" \/><\/figure>\n<\/div>\n\n<div class=\"wp-block-image\">\n<figure class=\"aligncenter size-full is-resized\"><img loading=\"lazy\" decoding=\"async\" width=\"640\" height=\"169\" src=\"https:\/\/ttemsa.com\/industria\/wp-content\/uploads\/2023\/12\/logo-simco.png\" alt=\"\" class=\"wp-image-940\" style=\"width:200px;height:auto\" srcset=\"https:\/\/ttemsa.com\/industria\/wp-content\/uploads\/2023\/12\/logo-simco.png 640w, https:\/\/ttemsa.com\/industria\/wp-content\/uploads\/2023\/12\/logo-simco-300x79.png 300w\" sizes=\"auto, (max-width: 640px) 100vw, 640px\" \/><\/figure>\n<\/div>\n\n\n<p><\/p>\n","protected":false},"excerpt":{"rendered":"","protected":false},"author":1,"featured_media":0,"parent":1687,"menu_order":0,"comment_status":"closed","ping_status":"closed","template":"","meta":{"content-type":"","footnotes":""},"categories":[18],"tags":[],"class_list":["post-3723","page","type-page","status-publish","hentry","category-simco-ion"],"yoast_head":"<!-- This site is optimized with the Yoast SEO plugin v26.6 - https:\/\/yoast.com\/wordpress\/plugins\/seo\/ -->\n<title>esteCARGADOR CON BARRA MCM 30 - industria-de-la-conversion.ttemsa<\/title>\n<meta name=\"description\" content=\"La MCM 30 es una eficiente\/potente generador de carga, suministrando alto voltaje a las barras cargadoras y varios aplicadores de carga.La MCM 30 proporciona una soluci\u00f3n simple y econ\u00f3mica para un rango de producci\u00f3n\" \/>\n<meta name=\"robots\" content=\"index, follow, max-snippet:-1, max-image-preview:large, max-video-preview:-1\" \/>\n<link rel=\"canonical\" href=\"https:\/\/ttemsa.com\/industria\/index.php\/simco-ion\/cargadores-de-estatica-chargemaster\/mcm-30\/\" \/>\n<meta property=\"og:locale\" content=\"es_MX\" \/>\n<meta property=\"og:type\" content=\"article\" \/>\n<meta property=\"og:title\" content=\"La MCM 30 es una eficiente\/potente generador de carga, suministrando alto voltaje a las barras cargadoras\" \/>\n<meta property=\"og:description\" content=\"En ttemsa ofrecemos Soluciones. Solicite + info Tel\u00e9fonos: + 52 (55) 5352-0191 5352-1301 5352-6070 5352-0593\" \/>\n<meta property=\"og:url\" content=\"https:\/\/ttemsa.com\/industria\/index.php\/simco-ion\/cargadores-de-estatica-chargemaster\/mcm-30\/\" \/>\n<meta property=\"og:site_name\" content=\"industria-de-la-conversion.ttemsa\" \/>\n<meta property=\"article:modified_time\" content=\"2024-09-13T14:15:51+00:00\" \/>\n<meta property=\"og:image\" content=\"https:\/\/ttemsa.com\/industria\/wp-content\/uploads\/2024\/03\/mcm.png\" \/>\n\t<meta property=\"og:image:width\" content=\"691\" \/>\n\t<meta property=\"og:image:height\" content=\"471\" \/>\n\t<meta property=\"og:image:type\" content=\"image\/png\" \/>\n<meta name=\"twitter:card\" content=\"summary_large_image\" \/>\n<meta name=\"twitter:label1\" content=\"Tiempo de lectura\" \/>\n\t<meta name=\"twitter:data1\" content=\"1 minuto\" \/>\n<script type=\"application\/ld+json\" class=\"yoast-schema-graph\">{\"@context\":\"https:\/\/schema.org\",\"@graph\":[{\"@type\":\"WebPage\",\"@id\":\"https:\/\/ttemsa.com\/industria\/index.php\/simco-ion\/cargadores-de-estatica-chargemaster\/mcm-30\/\",\"url\":\"https:\/\/ttemsa.com\/industria\/index.php\/simco-ion\/cargadores-de-estatica-chargemaster\/mcm-30\/\",\"name\":\"esteCARGADOR CON BARRA MCM 30 - industria-de-la-conversion.ttemsa\",\"isPartOf\":{\"@id\":\"https:\/\/ttemsa.com\/industria\/#website\"},\"primaryImageOfPage\":{\"@id\":\"https:\/\/ttemsa.com\/industria\/index.php\/simco-ion\/cargadores-de-estatica-chargemaster\/mcm-30\/#primaryimage\"},\"image\":{\"@id\":\"https:\/\/ttemsa.com\/industria\/index.php\/simco-ion\/cargadores-de-estatica-chargemaster\/mcm-30\/#primaryimage\"},\"thumbnailUrl\":\"https:\/\/ttemsa.com\/industria\/wp-content\/uploads\/2024\/03\/1mcm30.jpg\",\"datePublished\":\"2024-09-12T16:00:34+00:00\",\"dateModified\":\"2024-09-13T14:15:51+00:00\",\"description\":\"La MCM 30 es una eficiente\/potente generador de carga, suministrando alto voltaje a las barras cargadoras y varios aplicadores de carga.La MCM 30 proporciona una soluci\u00f3n simple y econ\u00f3mica para un rango de producci\u00f3n\",\"breadcrumb\":{\"@id\":\"https:\/\/ttemsa.com\/industria\/index.php\/simco-ion\/cargadores-de-estatica-chargemaster\/mcm-30\/#breadcrumb\"},\"inLanguage\":\"es\",\"potentialAction\":[{\"@type\":\"ReadAction\",\"target\":[\"https:\/\/ttemsa.com\/industria\/index.php\/simco-ion\/cargadores-de-estatica-chargemaster\/mcm-30\/\"]}]},{\"@type\":\"ImageObject\",\"inLanguage\":\"es\",\"@id\":\"https:\/\/ttemsa.com\/industria\/index.php\/simco-ion\/cargadores-de-estatica-chargemaster\/mcm-30\/#primaryimage\",\"url\":\"https:\/\/ttemsa.com\/industria\/wp-content\/uploads\/2024\/03\/1mcm30.jpg\",\"contentUrl\":\"https:\/\/ttemsa.com\/industria\/wp-content\/uploads\/2024\/03\/1mcm30.jpg\",\"width\":150,\"height\":317},{\"@type\":\"BreadcrumbList\",\"@id\":\"https:\/\/ttemsa.com\/industria\/index.php\/simco-ion\/cargadores-de-estatica-chargemaster\/mcm-30\/#breadcrumb\",\"itemListElement\":[{\"@type\":\"ListItem\",\"position\":1,\"name\":\"Inicio\",\"item\":\"https:\/\/ttemsa.com\/industria\/\"},{\"@type\":\"ListItem\",\"position\":2,\"name\":\"SIMCO-ION\",\"item\":\"https:\/\/ttemsa.com\/industria\/index.php\/simco-ion\/\"},{\"@type\":\"ListItem\",\"position\":3,\"name\":\"Cargadores de Est\u00e1tica Chargemaster CARGADORES DE CARGA EST\u00c1TICA\",\"item\":\"https:\/\/ttemsa.com\/industria\/index.php\/simco-ion\/cargadores-de-estatica-chargemaster\/\"},{\"@type\":\"ListItem\",\"position\":4,\"name\":\"esteCARGADOR CON BARRA MCM 30\"}]},{\"@type\":\"WebSite\",\"@id\":\"https:\/\/ttemsa.com\/industria\/#website\",\"url\":\"https:\/\/ttemsa.com\/industria\/\",\"name\":\"industria-de-la-conversion.ttemsa\",\"description\":\"Designed Dianalacazadora.com\",\"alternateName\":\"ttemsa l\u00edderes en la industria de la conversi\u00f3n\",\"potentialAction\":[{\"@type\":\"SearchAction\",\"target\":{\"@type\":\"EntryPoint\",\"urlTemplate\":\"https:\/\/ttemsa.com\/industria\/?s={search_term_string}\"},\"query-input\":{\"@type\":\"PropertyValueSpecification\",\"valueRequired\":true,\"valueName\":\"search_term_string\"}}],\"inLanguage\":\"es\"}]}<\/script>\n<!-- \/ Yoast SEO plugin. -->","yoast_head_json":{"title":"esteCARGADOR CON BARRA MCM 30 - industria-de-la-conversion.ttemsa","description":"La MCM 30 es una eficiente\/potente generador de carga, suministrando alto voltaje a las barras cargadoras y varios aplicadores de carga.La MCM 30 proporciona una soluci\u00f3n simple y econ\u00f3mica para un rango de producci\u00f3n","robots":{"index":"index","follow":"follow","max-snippet":"max-snippet:-1","max-image-preview":"max-image-preview:large","max-video-preview":"max-video-preview:-1"},"canonical":"https:\/\/ttemsa.com\/industria\/index.php\/simco-ion\/cargadores-de-estatica-chargemaster\/mcm-30\/","og_locale":"es_MX","og_type":"article","og_title":"La MCM 30 es una eficiente\/potente generador de carga, suministrando alto voltaje a las barras cargadoras","og_description":"En ttemsa ofrecemos Soluciones. Solicite + info Tel\u00e9fonos: + 52 (55) 5352-0191 5352-1301 5352-6070 5352-0593","og_url":"https:\/\/ttemsa.com\/industria\/index.php\/simco-ion\/cargadores-de-estatica-chargemaster\/mcm-30\/","og_site_name":"industria-de-la-conversion.ttemsa","article_modified_time":"2024-09-13T14:15:51+00:00","og_image":[{"width":691,"height":471,"url":"https:\/\/ttemsa.com\/industria\/wp-content\/uploads\/2024\/03\/mcm.png","type":"image\/png"}],"twitter_card":"summary_large_image","twitter_misc":{"Tiempo de lectura":"1 minuto"},"schema":{"@context":"https:\/\/schema.org","@graph":[{"@type":"WebPage","@id":"https:\/\/ttemsa.com\/industria\/index.php\/simco-ion\/cargadores-de-estatica-chargemaster\/mcm-30\/","url":"https:\/\/ttemsa.com\/industria\/index.php\/simco-ion\/cargadores-de-estatica-chargemaster\/mcm-30\/","name":"esteCARGADOR CON BARRA MCM 30 - industria-de-la-conversion.ttemsa","isPartOf":{"@id":"https:\/\/ttemsa.com\/industria\/#website"},"primaryImageOfPage":{"@id":"https:\/\/ttemsa.com\/industria\/index.php\/simco-ion\/cargadores-de-estatica-chargemaster\/mcm-30\/#primaryimage"},"image":{"@id":"https:\/\/ttemsa.com\/industria\/index.php\/simco-ion\/cargadores-de-estatica-chargemaster\/mcm-30\/#primaryimage"},"thumbnailUrl":"https:\/\/ttemsa.com\/industria\/wp-content\/uploads\/2024\/03\/1mcm30.jpg","datePublished":"2024-09-12T16:00:34+00:00","dateModified":"2024-09-13T14:15:51+00:00","description":"La MCM 30 es una eficiente\/potente generador de carga, suministrando alto voltaje a las barras cargadoras y varios aplicadores de carga.La MCM 30 proporciona una soluci\u00f3n simple y econ\u00f3mica para un rango de producci\u00f3n","breadcrumb":{"@id":"https:\/\/ttemsa.com\/industria\/index.php\/simco-ion\/cargadores-de-estatica-chargemaster\/mcm-30\/#breadcrumb"},"inLanguage":"es","potentialAction":[{"@type":"ReadAction","target":["https:\/\/ttemsa.com\/industria\/index.php\/simco-ion\/cargadores-de-estatica-chargemaster\/mcm-30\/"]}]},{"@type":"ImageObject","inLanguage":"es","@id":"https:\/\/ttemsa.com\/industria\/index.php\/simco-ion\/cargadores-de-estatica-chargemaster\/mcm-30\/#primaryimage","url":"https:\/\/ttemsa.com\/industria\/wp-content\/uploads\/2024\/03\/1mcm30.jpg","contentUrl":"https:\/\/ttemsa.com\/industria\/wp-content\/uploads\/2024\/03\/1mcm30.jpg","width":150,"height":317},{"@type":"BreadcrumbList","@id":"https:\/\/ttemsa.com\/industria\/index.php\/simco-ion\/cargadores-de-estatica-chargemaster\/mcm-30\/#breadcrumb","itemListElement":[{"@type":"ListItem","position":1,"name":"Inicio","item":"https:\/\/ttemsa.com\/industria\/"},{"@type":"ListItem","position":2,"name":"SIMCO-ION","item":"https:\/\/ttemsa.com\/industria\/index.php\/simco-ion\/"},{"@type":"ListItem","position":3,"name":"Cargadores de Est\u00e1tica Chargemaster CARGADORES DE CARGA EST\u00c1TICA","item":"https:\/\/ttemsa.com\/industria\/index.php\/simco-ion\/cargadores-de-estatica-chargemaster\/"},{"@type":"ListItem","position":4,"name":"esteCARGADOR CON BARRA MCM 30"}]},{"@type":"WebSite","@id":"https:\/\/ttemsa.com\/industria\/#website","url":"https:\/\/ttemsa.com\/industria\/","name":"industria-de-la-conversion.ttemsa","description":"Designed Dianalacazadora.com","alternateName":"ttemsa l\u00edderes en la industria de la conversi\u00f3n","potentialAction":[{"@type":"SearchAction","target":{"@type":"EntryPoint","urlTemplate":"https:\/\/ttemsa.com\/industria\/?s={search_term_string}"},"query-input":{"@type":"PropertyValueSpecification","valueRequired":true,"valueName":"search_term_string"}}],"inLanguage":"es"}]}},"_links":{"self":[{"href":"https:\/\/ttemsa.com\/industria\/index.php\/wp-json\/wp\/v2\/pages\/3723","targetHints":{"allow":["GET"]}}],"collection":[{"href":"https:\/\/ttemsa.com\/industria\/index.php\/wp-json\/wp\/v2\/pages"}],"about":[{"href":"https:\/\/ttemsa.com\/industria\/index.php\/wp-json\/wp\/v2\/types\/page"}],"author":[{"embeddable":true,"href":"https:\/\/ttemsa.com\/industria\/index.php\/wp-json\/wp\/v2\/users\/1"}],"replies":[{"embeddable":true,"href":"https:\/\/ttemsa.com\/industria\/index.php\/wp-json\/wp\/v2\/comments?post=3723"}],"version-history":[{"count":4,"href":"https:\/\/ttemsa.com\/industria\/index.php\/wp-json\/wp\/v2\/pages\/3723\/revisions"}],"predecessor-version":[{"id":3772,"href":"https:\/\/ttemsa.com\/industria\/index.php\/wp-json\/wp\/v2\/pages\/3723\/revisions\/3772"}],"up":[{"embeddable":true,"href":"https:\/\/ttemsa.com\/industria\/index.php\/wp-json\/wp\/v2\/pages\/1687"}],"wp:attachment":[{"href":"https:\/\/ttemsa.com\/industria\/index.php\/wp-json\/wp\/v2\/media?parent=3723"}],"wp:term":[{"taxonomy":"category","embeddable":true,"href":"https:\/\/ttemsa.com\/industria\/index.php\/wp-json\/wp\/v2\/categories?post=3723"},{"taxonomy":"post_tag","embeddable":true,"href":"https:\/\/ttemsa.com\/industria\/index.php\/wp-json\/wp\/v2\/tags?post=3723"}],"curies":[{"name":"wp","href":"https:\/\/api.w.org\/{rel}","templated":true}]}}