{"id":3856,"date":"2024-11-21T21:49:30","date_gmt":"2024-11-21T21:49:30","guid":{"rendered":"https:\/\/ttemsa.com\/industria\/index.php\/19-magpowr-copy\/"},"modified":"2024-11-21T21:59:46","modified_gmt":"2024-11-21T21:59:46","slug":"145-catalogo-2016-tension-solutions-brochure","status":"publish","type":"page","link":"https:\/\/ttemsa.com\/industria\/index.php\/magpowr-2\/19-magpowr\/145-catalogo-2016-tension-solutions-brochure\/","title":{"rendered":"SOLUCIONES DE CONTROL DE TENSI\u00d3N 145"},"content":{"rendered":"<div class=\"wp-block-image\">\n<figure class=\"aligncenter size-full is-resized\"><img loading=\"lazy\" decoding=\"async\" width=\"2560\" height=\"1516\" src=\"https:\/\/ttemsa.com\/industria\/wp-content\/uploads\/2023\/12\/35-scaled.jpg\" alt=\"\" class=\"wp-image-904\" style=\"width:646px;height:auto\" srcset=\"https:\/\/ttemsa.com\/industria\/wp-content\/uploads\/2023\/12\/35-scaled.jpg 2560w, https:\/\/ttemsa.com\/industria\/wp-content\/uploads\/2023\/12\/35-300x178.jpg 300w, https:\/\/ttemsa.com\/industria\/wp-content\/uploads\/2023\/12\/35-1024x606.jpg 1024w, https:\/\/ttemsa.com\/industria\/wp-content\/uploads\/2023\/12\/35-768x455.jpg 768w, https:\/\/ttemsa.com\/industria\/wp-content\/uploads\/2023\/12\/35-1536x910.jpg 1536w, https:\/\/ttemsa.com\/industria\/wp-content\/uploads\/2023\/12\/35-2048x1213.jpg 2048w\" sizes=\"auto, (max-width: 2560px) 100vw, 2560px\" \/><figcaption class=\"wp-element-caption\"><strong>Frenos de Part\u00edculas Magn\u00e9ticas de la serie Global.<\/strong><\/figcaption><\/figure>\n<\/div>\n\n<div class=\"wp-block-image\">\n<figure class=\"aligncenter size-full is-resized\"><img loading=\"lazy\" decoding=\"async\" width=\"781\" height=\"220\" src=\"https:\/\/ttemsa.com\/industria\/wp-content\/uploads\/2023\/12\/magpowr.jpg\" alt=\"\" class=\"wp-image-806\" style=\"width:221px;height:auto\" srcset=\"https:\/\/ttemsa.com\/industria\/wp-content\/uploads\/2023\/12\/magpowr.jpg 781w, https:\/\/ttemsa.com\/industria\/wp-content\/uploads\/2023\/12\/magpowr-300x85.jpg 300w, https:\/\/ttemsa.com\/industria\/wp-content\/uploads\/2023\/12\/magpowr-768x216.jpg 768w\" sizes=\"auto, (max-width: 781px) 100vw, 781px\" \/><\/figure>\n<\/div>\n\n\n<figure class=\"wp-block-image size-full is-resized\"><img loading=\"lazy\" decoding=\"async\" width=\"90\" height=\"67\" src=\"https:\/\/ttemsa.com\/industria\/wp-content\/uploads\/2023\/12\/1ce.png\" alt=\"\" class=\"wp-image-906\" style=\"width:37px;height:auto\"\/><\/figure>\n\n\n\n<figure class=\"wp-block-image size-full is-resized\"><img loading=\"lazy\" decoding=\"async\" width=\"516\" height=\"271\" src=\"https:\/\/ttemsa.com\/industria\/wp-content\/uploads\/2023\/12\/Captura-de-pantalla-2023-12-25-a-las-12.21.24-p.m.png\" alt=\"\" class=\"wp-image-907\" style=\"width:780px;height:auto\" srcset=\"https:\/\/ttemsa.com\/industria\/wp-content\/uploads\/2023\/12\/Captura-de-pantalla-2023-12-25-a-las-12.21.24-p.m.png 516w, https:\/\/ttemsa.com\/industria\/wp-content\/uploads\/2023\/12\/Captura-de-pantalla-2023-12-25-a-las-12.21.24-p.m-300x158.png 300w\" sizes=\"auto, (max-width: 516px) 100vw, 516px\" \/><\/figure>\n\n\n\n<hr class=\"wp-block-separator has-alpha-channel-opacity\"\/>\n\n\n\n<p>&nbsp;<strong>Frenos de Part\u00edculas Magn\u00e9ticas Tipo B.<\/strong><\/p>\n\n\n\n<p>&#8211;&nbsp;Utilizados normalmente para montarse en flechas de desembobinado. En capacidades de 5.0 a 50 lb-pie (6.8 a 67.8 Nm). Puede ser enfriamiento por ventilaci\u00f3n forzada.<\/p>\n\n\n\n<figure class=\"wp-block-image size-full\"><img loading=\"lazy\" decoding=\"async\" width=\"535\" height=\"367\" src=\"https:\/\/ttemsa.com\/industria\/wp-content\/uploads\/2023\/12\/Captura-de-pantalla-2023-12-25-a-las-12.22.19-p.m.png\" alt=\"\" class=\"wp-image-908\" srcset=\"https:\/\/ttemsa.com\/industria\/wp-content\/uploads\/2023\/12\/Captura-de-pantalla-2023-12-25-a-las-12.22.19-p.m.png 535w, https:\/\/ttemsa.com\/industria\/wp-content\/uploads\/2023\/12\/Captura-de-pantalla-2023-12-25-a-las-12.22.19-p.m-300x206.png 300w\" sizes=\"auto, (max-width: 535px) 100vw, 535px\" \/><\/figure>\n\n\n\n<hr class=\"wp-block-separator has-alpha-channel-opacity\"\/>\n\n\n\n<h2 class=\"wp-block-heading\"><strong>Embragues de Part\u00edculas Magn\u00e9ticas Tipo C (tambi\u00e9n puede trabajar como Freno fijando la flecha del Rotor)<\/strong><\/h2>\n\n\n\n<p>Montaje de piso. Para aplicaciones de embobinado. En capacidades de 1 a 100 lb-pie (1.36 a 135.6Nm).<\/p>\n\n\n\n<p>Se pueden suministrar con enfriamiento por radiaci\u00f3n, enfriamento por ventilaci\u00f3n forzada,&nbsp;enfriamiento por agua y enfriamiento por agua y&nbsp;ventilaci\u00f3n forzada.<\/p>\n\n\n\n<figure class=\"wp-block-image size-full is-resized\"><img loading=\"lazy\" decoding=\"async\" width=\"440\" height=\"393\" src=\"https:\/\/ttemsa.com\/industria\/wp-content\/uploads\/2023\/12\/Captura-de-pantalla-2023-12-25-a-las-12.23.29-p.m.png\" alt=\"\" class=\"wp-image-909\" style=\"width:529px;height:auto\" srcset=\"https:\/\/ttemsa.com\/industria\/wp-content\/uploads\/2023\/12\/Captura-de-pantalla-2023-12-25-a-las-12.23.29-p.m.png 440w, https:\/\/ttemsa.com\/industria\/wp-content\/uploads\/2023\/12\/Captura-de-pantalla-2023-12-25-a-las-12.23.29-p.m-300x268.png 300w\" sizes=\"auto, (max-width: 440px) 100vw, 440px\" \/><\/figure>\n\n\n\n<hr class=\"wp-block-separator has-alpha-channel-opacity\"\/>\n\n\n\n<h2 class=\"wp-block-heading\"><strong><strong>Embrague Serie Global.&nbsp;Para Transmisi\u00f3n indirecta.<\/strong><\/strong><\/h2>\n\n\n<div class=\"wp-block-image\">\n<figure class=\"aligncenter size-full is-resized\"><img loading=\"lazy\" decoding=\"async\" width=\"2296\" height=\"1272\" src=\"https:\/\/ttemsa.com\/industria\/wp-content\/uploads\/2023\/12\/b41-2.jpg\" alt=\"\" class=\"wp-image-910\" style=\"width:669px;height:auto\" srcset=\"https:\/\/ttemsa.com\/industria\/wp-content\/uploads\/2023\/12\/b41-2.jpg 2296w, https:\/\/ttemsa.com\/industria\/wp-content\/uploads\/2023\/12\/b41-2-300x166.jpg 300w, https:\/\/ttemsa.com\/industria\/wp-content\/uploads\/2023\/12\/b41-2-1024x567.jpg 1024w, https:\/\/ttemsa.com\/industria\/wp-content\/uploads\/2023\/12\/b41-2-768x425.jpg 768w, https:\/\/ttemsa.com\/industria\/wp-content\/uploads\/2023\/12\/b41-2-1536x851.jpg 1536w, https:\/\/ttemsa.com\/industria\/wp-content\/uploads\/2023\/12\/b41-2-2048x1135.jpg 2048w\" sizes=\"auto, (max-width: 2296px) 100vw, 2296px\" \/><figcaption class=\"wp-element-caption\">Para transmisi\u00f3n indirecta, utilizando juego de poleas de entrada y banda o juego de catarinas y cadenas. Se utiliza un porta carbones ( con carbones) para energizar el embrague. Encapacidades de&nbsp;5.5 a 56 lb-pie (7.5 a 75.9 Nm)&nbsp;<\/figcaption><\/figure>\n<\/div>\n\n\n<hr class=\"wp-block-separator has-alpha-channel-opacity\"\/>\n\n\n<div class=\"wp-block-image\">\n<figure class=\"aligncenter size-large is-resized\"><img loading=\"lazy\" decoding=\"async\" width=\"1024\" height=\"460\" src=\"https:\/\/ttemsa.com\/industria\/wp-content\/uploads\/2023\/12\/r20170104_131036-1024x460.jpg\" alt=\"\" class=\"wp-image-911\" style=\"width:608px;height:auto\" srcset=\"https:\/\/ttemsa.com\/industria\/wp-content\/uploads\/2023\/12\/r20170104_131036-1024x460.jpg 1024w, https:\/\/ttemsa.com\/industria\/wp-content\/uploads\/2023\/12\/r20170104_131036-300x135.jpg 300w, https:\/\/ttemsa.com\/industria\/wp-content\/uploads\/2023\/12\/r20170104_131036-768x345.jpg 768w, https:\/\/ttemsa.com\/industria\/wp-content\/uploads\/2023\/12\/r20170104_131036-1536x690.jpg 1536w, https:\/\/ttemsa.com\/industria\/wp-content\/uploads\/2023\/12\/r20170104_131036.jpg 1648w\" sizes=\"auto, (max-width: 1024px) 100vw, 1024px\" \/><\/figure>\n<\/div>","protected":false},"excerpt":{"rendered":"<p>&nbsp;Frenos de Part\u00edculas Magn\u00e9ticas Tipo B. &#8211;&nbsp;Utilizados normalmente para montarse en flechas de desembobinado. En capacidades de 5.0 a 50 lb-pie (6.8 a 67.8 Nm). Puede ser enfriamiento por ventilaci\u00f3n forzada. Embragues de Part\u00edculas Magn\u00e9ticas Tipo C (tambi\u00e9n puede trabajar como Freno fijando la flecha del Rotor) Montaje de piso. Para aplicaciones de embobinado. En [&hellip;]<\/p>\n","protected":false},"author":1,"featured_media":0,"parent":3858,"menu_order":0,"comment_status":"closed","ping_status":"closed","template":"","meta":{"content-type":"","footnotes":""},"categories":[31],"tags":[],"class_list":["post-3856","page","type-page","status-publish","hentry","category-magpowrcat"],"yoast_head":"<!-- This site is optimized with the Yoast SEO plugin v26.6 - https:\/\/yoast.com\/wordpress\/plugins\/seo\/ -->\n<title>SOLUCIONES DE CONTROL DE TENSI\u00d3N 145 - industria-de-la-conversion.ttemsa<\/title>\n<meta name=\"description\" content=\"Cat\u00e1logo de Soluciones Control de tensi\u00f3n para su industria, Contamos con una amplia variedad de Rodillos de transferencia de calor, Rodillos de vac\u00edo, Rodillos\" \/>\n<meta name=\"robots\" content=\"index, follow, max-snippet:-1, max-image-preview:large, max-video-preview:-1\" \/>\n<link rel=\"canonical\" href=\"https:\/\/ttemsa.com\/industria\/index.php\/magpowr-2\/19-magpowr\/145-catalogo-2016-tension-solutions-brochure\/\" \/>\n<meta property=\"og:locale\" content=\"es_MX\" \/>\n<meta property=\"og:type\" content=\"article\" \/>\n<meta property=\"og:title\" content=\"Cat\u00e1logo de Soluciones Control de tensi\u00f3n para su industria Contamos con una amplia variedad de Rodillos de transferencia de calor, Rodillos de vac\u00edo, Rodillos\" \/>\n<meta property=\"og:description\" content=\"en ttemsa ofrecemos Soluciones solicite + info Tel\u00e9fonos: + 52 (55) 5352-0191 5352-1301 5352-6070 5352-0593\" \/>\n<meta property=\"og:url\" content=\"https:\/\/ttemsa.com\/industria\/index.php\/magpowr-2\/19-magpowr\/145-catalogo-2016-tension-solutions-brochure\/\" \/>\n<meta property=\"og:site_name\" content=\"industria-de-la-conversion.ttemsa\" \/>\n<meta property=\"article:modified_time\" content=\"2024-11-21T21:59:46+00:00\" \/>\n<meta property=\"og:image\" content=\"https:\/\/ttemsa.com\/industria\/wp-content\/uploads\/2023\/12\/1mg.png\" \/>\n\t<meta property=\"og:image:width\" content=\"706\" \/>\n\t<meta property=\"og:image:height\" content=\"469\" \/>\n\t<meta property=\"og:image:type\" content=\"image\/png\" \/>\n<meta name=\"twitter:card\" content=\"summary_large_image\" \/>\n<meta name=\"twitter:label1\" content=\"Tiempo de lectura\" \/>\n\t<meta name=\"twitter:data1\" content=\"3 minutos\" \/>\n<script type=\"application\/ld+json\" class=\"yoast-schema-graph\">{\"@context\":\"https:\/\/schema.org\",\"@graph\":[{\"@type\":\"WebPage\",\"@id\":\"https:\/\/ttemsa.com\/industria\/index.php\/magpowr-2\/19-magpowr\/145-catalogo-2016-tension-solutions-brochure\/\",\"url\":\"https:\/\/ttemsa.com\/industria\/index.php\/magpowr-2\/19-magpowr\/145-catalogo-2016-tension-solutions-brochure\/\",\"name\":\"SOLUCIONES DE CONTROL DE TENSI\u00d3N 145 - industria-de-la-conversion.ttemsa\",\"isPartOf\":{\"@id\":\"https:\/\/ttemsa.com\/industria\/#website\"},\"primaryImageOfPage\":{\"@id\":\"https:\/\/ttemsa.com\/industria\/index.php\/magpowr-2\/19-magpowr\/145-catalogo-2016-tension-solutions-brochure\/#primaryimage\"},\"image\":{\"@id\":\"https:\/\/ttemsa.com\/industria\/index.php\/magpowr-2\/19-magpowr\/145-catalogo-2016-tension-solutions-brochure\/#primaryimage\"},\"thumbnailUrl\":\"https:\/\/ttemsa.com\/industria\/wp-content\/uploads\/2023\/12\/35-scaled.jpg\",\"datePublished\":\"2024-11-21T21:49:30+00:00\",\"dateModified\":\"2024-11-21T21:59:46+00:00\",\"description\":\"Cat\u00e1logo de Soluciones Control de tensi\u00f3n para su industria, Contamos con una amplia variedad de Rodillos de transferencia de calor, Rodillos de vac\u00edo, Rodillos\",\"breadcrumb\":{\"@id\":\"https:\/\/ttemsa.com\/industria\/index.php\/magpowr-2\/19-magpowr\/145-catalogo-2016-tension-solutions-brochure\/#breadcrumb\"},\"inLanguage\":\"es\",\"potentialAction\":[{\"@type\":\"ReadAction\",\"target\":[\"https:\/\/ttemsa.com\/industria\/index.php\/magpowr-2\/19-magpowr\/145-catalogo-2016-tension-solutions-brochure\/\"]}]},{\"@type\":\"ImageObject\",\"inLanguage\":\"es\",\"@id\":\"https:\/\/ttemsa.com\/industria\/index.php\/magpowr-2\/19-magpowr\/145-catalogo-2016-tension-solutions-brochure\/#primaryimage\",\"url\":\"https:\/\/ttemsa.com\/industria\/wp-content\/uploads\/2023\/12\/35-scaled.jpg\",\"contentUrl\":\"https:\/\/ttemsa.com\/industria\/wp-content\/uploads\/2023\/12\/35-scaled.jpg\",\"width\":2560,\"height\":1516},{\"@type\":\"BreadcrumbList\",\"@id\":\"https:\/\/ttemsa.com\/industria\/index.php\/magpowr-2\/19-magpowr\/145-catalogo-2016-tension-solutions-brochure\/#breadcrumb\",\"itemListElement\":[{\"@type\":\"ListItem\",\"position\":1,\"name\":\"Inicio\",\"item\":\"https:\/\/ttemsa.com\/industria\/\"},{\"@type\":\"ListItem\",\"position\":2,\"name\":\"MAGPOWR.\",\"item\":\"https:\/\/ttemsa.com\/industria\/index.php\/magpowr-2\/\"},{\"@type\":\"ListItem\",\"position\":3,\"name\":\"19 MAGPOWR\",\"item\":\"https:\/\/ttemsa.com\/industria\/index.php\/magpowr-2\/19-magpowr\/\"},{\"@type\":\"ListItem\",\"position\":4,\"name\":\"SOLUCIONES DE CONTROL DE TENSI\u00d3N 145\"}]},{\"@type\":\"WebSite\",\"@id\":\"https:\/\/ttemsa.com\/industria\/#website\",\"url\":\"https:\/\/ttemsa.com\/industria\/\",\"name\":\"industria-de-la-conversion.ttemsa\",\"description\":\"Designed Dianalacazadora.com\",\"alternateName\":\"ttemsa l\u00edderes en la industria de la conversi\u00f3n\",\"potentialAction\":[{\"@type\":\"SearchAction\",\"target\":{\"@type\":\"EntryPoint\",\"urlTemplate\":\"https:\/\/ttemsa.com\/industria\/?s={search_term_string}\"},\"query-input\":{\"@type\":\"PropertyValueSpecification\",\"valueRequired\":true,\"valueName\":\"search_term_string\"}}],\"inLanguage\":\"es\"}]}<\/script>\n<!-- \/ Yoast SEO plugin. -->","yoast_head_json":{"title":"SOLUCIONES DE CONTROL DE TENSI\u00d3N 145 - industria-de-la-conversion.ttemsa","description":"Cat\u00e1logo de Soluciones Control de tensi\u00f3n para su industria, Contamos con una amplia variedad de Rodillos de transferencia de calor, Rodillos de vac\u00edo, Rodillos","robots":{"index":"index","follow":"follow","max-snippet":"max-snippet:-1","max-image-preview":"max-image-preview:large","max-video-preview":"max-video-preview:-1"},"canonical":"https:\/\/ttemsa.com\/industria\/index.php\/magpowr-2\/19-magpowr\/145-catalogo-2016-tension-solutions-brochure\/","og_locale":"es_MX","og_type":"article","og_title":"Cat\u00e1logo de Soluciones Control de tensi\u00f3n para su industria Contamos con una amplia variedad de Rodillos de transferencia de calor, Rodillos de vac\u00edo, Rodillos","og_description":"en ttemsa ofrecemos Soluciones solicite + info Tel\u00e9fonos: + 52 (55) 5352-0191 5352-1301 5352-6070 5352-0593","og_url":"https:\/\/ttemsa.com\/industria\/index.php\/magpowr-2\/19-magpowr\/145-catalogo-2016-tension-solutions-brochure\/","og_site_name":"industria-de-la-conversion.ttemsa","article_modified_time":"2024-11-21T21:59:46+00:00","og_image":[{"width":706,"height":469,"url":"https:\/\/ttemsa.com\/industria\/wp-content\/uploads\/2023\/12\/1mg.png","type":"image\/png"}],"twitter_card":"summary_large_image","twitter_misc":{"Tiempo de lectura":"3 minutos"},"schema":{"@context":"https:\/\/schema.org","@graph":[{"@type":"WebPage","@id":"https:\/\/ttemsa.com\/industria\/index.php\/magpowr-2\/19-magpowr\/145-catalogo-2016-tension-solutions-brochure\/","url":"https:\/\/ttemsa.com\/industria\/index.php\/magpowr-2\/19-magpowr\/145-catalogo-2016-tension-solutions-brochure\/","name":"SOLUCIONES DE CONTROL DE TENSI\u00d3N 145 - industria-de-la-conversion.ttemsa","isPartOf":{"@id":"https:\/\/ttemsa.com\/industria\/#website"},"primaryImageOfPage":{"@id":"https:\/\/ttemsa.com\/industria\/index.php\/magpowr-2\/19-magpowr\/145-catalogo-2016-tension-solutions-brochure\/#primaryimage"},"image":{"@id":"https:\/\/ttemsa.com\/industria\/index.php\/magpowr-2\/19-magpowr\/145-catalogo-2016-tension-solutions-brochure\/#primaryimage"},"thumbnailUrl":"https:\/\/ttemsa.com\/industria\/wp-content\/uploads\/2023\/12\/35-scaled.jpg","datePublished":"2024-11-21T21:49:30+00:00","dateModified":"2024-11-21T21:59:46+00:00","description":"Cat\u00e1logo de Soluciones Control de tensi\u00f3n para su industria, Contamos con una amplia variedad de Rodillos de transferencia de calor, Rodillos de vac\u00edo, Rodillos","breadcrumb":{"@id":"https:\/\/ttemsa.com\/industria\/index.php\/magpowr-2\/19-magpowr\/145-catalogo-2016-tension-solutions-brochure\/#breadcrumb"},"inLanguage":"es","potentialAction":[{"@type":"ReadAction","target":["https:\/\/ttemsa.com\/industria\/index.php\/magpowr-2\/19-magpowr\/145-catalogo-2016-tension-solutions-brochure\/"]}]},{"@type":"ImageObject","inLanguage":"es","@id":"https:\/\/ttemsa.com\/industria\/index.php\/magpowr-2\/19-magpowr\/145-catalogo-2016-tension-solutions-brochure\/#primaryimage","url":"https:\/\/ttemsa.com\/industria\/wp-content\/uploads\/2023\/12\/35-scaled.jpg","contentUrl":"https:\/\/ttemsa.com\/industria\/wp-content\/uploads\/2023\/12\/35-scaled.jpg","width":2560,"height":1516},{"@type":"BreadcrumbList","@id":"https:\/\/ttemsa.com\/industria\/index.php\/magpowr-2\/19-magpowr\/145-catalogo-2016-tension-solutions-brochure\/#breadcrumb","itemListElement":[{"@type":"ListItem","position":1,"name":"Inicio","item":"https:\/\/ttemsa.com\/industria\/"},{"@type":"ListItem","position":2,"name":"MAGPOWR.","item":"https:\/\/ttemsa.com\/industria\/index.php\/magpowr-2\/"},{"@type":"ListItem","position":3,"name":"19 MAGPOWR","item":"https:\/\/ttemsa.com\/industria\/index.php\/magpowr-2\/19-magpowr\/"},{"@type":"ListItem","position":4,"name":"SOLUCIONES DE CONTROL DE TENSI\u00d3N 145"}]},{"@type":"WebSite","@id":"https:\/\/ttemsa.com\/industria\/#website","url":"https:\/\/ttemsa.com\/industria\/","name":"industria-de-la-conversion.ttemsa","description":"Designed Dianalacazadora.com","alternateName":"ttemsa l\u00edderes en la industria de la conversi\u00f3n","potentialAction":[{"@type":"SearchAction","target":{"@type":"EntryPoint","urlTemplate":"https:\/\/ttemsa.com\/industria\/?s={search_term_string}"},"query-input":{"@type":"PropertyValueSpecification","valueRequired":true,"valueName":"search_term_string"}}],"inLanguage":"es"}]}},"_links":{"self":[{"href":"https:\/\/ttemsa.com\/industria\/index.php\/wp-json\/wp\/v2\/pages\/3856","targetHints":{"allow":["GET"]}}],"collection":[{"href":"https:\/\/ttemsa.com\/industria\/index.php\/wp-json\/wp\/v2\/pages"}],"about":[{"href":"https:\/\/ttemsa.com\/industria\/index.php\/wp-json\/wp\/v2\/types\/page"}],"author":[{"embeddable":true,"href":"https:\/\/ttemsa.com\/industria\/index.php\/wp-json\/wp\/v2\/users\/1"}],"replies":[{"embeddable":true,"href":"https:\/\/ttemsa.com\/industria\/index.php\/wp-json\/wp\/v2\/comments?post=3856"}],"version-history":[{"count":2,"href":"https:\/\/ttemsa.com\/industria\/index.php\/wp-json\/wp\/v2\/pages\/3856\/revisions"}],"predecessor-version":[{"id":3862,"href":"https:\/\/ttemsa.com\/industria\/index.php\/wp-json\/wp\/v2\/pages\/3856\/revisions\/3862"}],"up":[{"embeddable":true,"href":"https:\/\/ttemsa.com\/industria\/index.php\/wp-json\/wp\/v2\/pages\/3858"}],"wp:attachment":[{"href":"https:\/\/ttemsa.com\/industria\/index.php\/wp-json\/wp\/v2\/media?parent=3856"}],"wp:term":[{"taxonomy":"category","embeddable":true,"href":"https:\/\/ttemsa.com\/industria\/index.php\/wp-json\/wp\/v2\/categories?post=3856"},{"taxonomy":"post_tag","embeddable":true,"href":"https:\/\/ttemsa.com\/industria\/index.php\/wp-json\/wp\/v2\/tags?post=3856"}],"curies":[{"name":"wp","href":"https:\/\/api.w.org\/{rel}","templated":true}]}}