{"id":4029,"date":"2025-02-19T18:41:56","date_gmt":"2025-02-19T18:41:56","guid":{"rendered":"https:\/\/ttemsa.com\/industria\/index.php\/maquinas-para-fabricar-bolsas-con-sellado-lateral-copy\/"},"modified":"2025-03-03T16:53:56","modified_gmt":"2025-03-03T16:53:56","slug":"maquinas-de-extrusion-de-lineas-de-barrera","status":"publish","type":"page","link":"https:\/\/ttemsa.com\/industria\/index.php\/maquinas-de-extrusion-de-lineas-de-barrera\/","title":{"rendered":"M\u00e1quinas de Extrusi\u00f3n de L\u00edneas de barrera"},"content":{"rendered":"\n<figure class=\"wp-block-image size-full\"><img loading=\"lazy\" decoding=\"async\" width=\"2404\" height=\"954\" src=\"https:\/\/ttemsa.com\/industria\/wp-content\/uploads\/2025\/02\/maquinas-de-Lineas-de-barrera.png\" alt=\"\" class=\"wp-image-4031\" srcset=\"https:\/\/ttemsa.com\/industria\/wp-content\/uploads\/2025\/02\/maquinas-de-Lineas-de-barrera.png 2404w, https:\/\/ttemsa.com\/industria\/wp-content\/uploads\/2025\/02\/maquinas-de-Lineas-de-barrera-300x119.png 300w, https:\/\/ttemsa.com\/industria\/wp-content\/uploads\/2025\/02\/maquinas-de-Lineas-de-barrera-1024x406.png 1024w, https:\/\/ttemsa.com\/industria\/wp-content\/uploads\/2025\/02\/maquinas-de-Lineas-de-barrera-768x305.png 768w, https:\/\/ttemsa.com\/industria\/wp-content\/uploads\/2025\/02\/maquinas-de-Lineas-de-barrera-1536x610.png 1536w, https:\/\/ttemsa.com\/industria\/wp-content\/uploads\/2025\/02\/maquinas-de-Lineas-de-barrera-2048x813.png 2048w\" sizes=\"auto, (max-width: 2404px) 100vw, 2404px\" \/><\/figure>\n\n\n<div class=\"wp-block-image\">\n<figure class=\"aligncenter size-full is-resized\"><img loading=\"lazy\" decoding=\"async\" width=\"550\" height=\"125\" src=\"https:\/\/ttemsa.com\/industria\/wp-content\/uploads\/2025\/01\/mamata-conversion-de-bolsas.png\" alt=\"\" class=\"wp-image-3921\" style=\"width:304px;height:auto\" srcset=\"https:\/\/ttemsa.com\/industria\/wp-content\/uploads\/2025\/01\/mamata-conversion-de-bolsas.png 550w, https:\/\/ttemsa.com\/industria\/wp-content\/uploads\/2025\/01\/mamata-conversion-de-bolsas-300x68.png 300w\" sizes=\"auto, (max-width: 550px) 100vw, 550px\" \/><\/figure>\n<\/div>\n\n\n<p><\/p>\n\n\n\n<p class=\"has-text-align-center\"><strong>Beneficios<\/strong><\/p>\n\n\n\n<ul class=\"wp-block-list\">\n<li>Obtenga su&nbsp;<strong>gama completa<\/strong>&nbsp;en pel\u00edculas de una sola l\u00ednea, es decir, Mono, de 2, 3 y 5 capas, todas posibles en 7 capas.<\/li>\n\n\n\n<li>Produzca pel\u00edculas\u00a0<strong>de forma rentable<\/strong>\u00a0reduciendo el costo de las<strong> F\u00f3rmulas<\/strong>.<\/li>\n\n\n\n<li>Ahorre en pol\u00edmeros costosos gracias a la precisi\u00f3n en el espesor de cada capa.<\/li>\n\n\n\n<li>Menor tiempo de purga para garantizar menores desperdicios.<\/li>\n\n\n\n<li>Garantizar un futuro sostenible ya que&nbsp;son posibles estructuras&nbsp;<strong>ecol\u00f3gicas y reciclables<\/strong><\/li>\n\n\n\n<li>Obtenga la mejor&nbsp;<strong>relaci\u00f3n calidad-precio<\/strong>&nbsp;gracias a la tecnolog\u00eda de clase mundial a un precio asequible.<\/li>\n<\/ul>\n\n\n\n<p>Todos para uno y uno para todos &#8211;&nbsp;<strong>L\u00ednea de pel\u00edcula soplada de 7 capas<\/strong><\/p>\n\n\n\n<p class=\"has-text-align-center\">Pel\u00edculas sin barrera para FFS o bolsas para envasar harina, leche y detergentes.<\/p>\n\n\n\n<p>Es posible realizar casi todo tipo de pel\u00edculas.<\/p>\n\n\n\n<p>Pel\u00edculas de barrera de ox\u00edgeno\/gas\/aroma para aceite comestible, leche UHT y anacardos.<\/p>\n\n\n\n<p>Bolsas de vac\u00edo para envasar carnes, frutos secos, dulces y d\u00e1tiles.<\/p>\n","protected":false},"excerpt":{"rendered":"<p>Beneficios Todos para uno y uno para todos &#8211;&nbsp;L\u00ednea de pel\u00edcula soplada de 7 capas Pel\u00edculas sin barrera para FFS o bolsas para envasar harina, leche y detergentes. Es posible realizar casi todo tipo de pel\u00edculas. Pel\u00edculas de barrera de ox\u00edgeno\/gas\/aroma para aceite comestible, leche UHT y anacardos. Bolsas de vac\u00edo para envasar carnes, frutos [&hellip;]<\/p>\n","protected":false},"author":1,"featured_media":0,"parent":0,"menu_order":0,"comment_status":"closed","ping_status":"closed","template":"","meta":{"content-type":"","footnotes":""},"categories":[36],"tags":[],"class_list":["post-4029","page","type-page","status-publish","hentry","category-mamata"],"yoast_head":"<!-- This site is optimized with the Yoast SEO plugin v26.6 - https:\/\/yoast.com\/wordpress\/plugins\/seo\/ -->\n<title>M\u00e1quinas de Extrusi\u00f3n de L\u00edneas de barrera - industria-de-la-conversion.ttemsa<\/title>\n<meta name=\"description\" content=\"Obtenga su\u00a0gama completa\u00a0en pel\u00edculas de una sola l\u00ednea,\" \/>\n<meta name=\"robots\" content=\"index, follow, max-snippet:-1, max-image-preview:large, max-video-preview:-1\" \/>\n<link rel=\"canonical\" href=\"https:\/\/ttemsa.com\/industria\/index.php\/maquinas-de-extrusion-de-lineas-de-barrera\/\" \/>\n<meta property=\"og:locale\" content=\"es_MX\" \/>\n<meta property=\"og:type\" content=\"article\" \/>\n<meta property=\"og:title\" content=\"M\u00e1quinas de Extrisi\u00f3n de L\u00edneas de barrera\" \/>\n<meta property=\"og:description\" content=\"Obtenga su\u00a0gama completa\u00a0en pel\u00edculas de una sola l\u00ednea,\" \/>\n<meta property=\"og:url\" content=\"https:\/\/ttemsa.com\/industria\/index.php\/maquinas-de-extrusion-de-lineas-de-barrera\/\" \/>\n<meta property=\"og:site_name\" content=\"industria-de-la-conversion.ttemsa\" \/>\n<meta property=\"article:modified_time\" content=\"2025-03-03T16:53:56+00:00\" \/>\n<meta property=\"og:image\" content=\"https:\/\/ttemsa.com\/industria\/wp-content\/uploads\/2025\/02\/1Barrier-film-line.jpg\" \/>\n\t<meta property=\"og:image:width\" content=\"750\" \/>\n\t<meta property=\"og:image:height\" content=\"500\" \/>\n\t<meta property=\"og:image:type\" content=\"image\/jpeg\" \/>\n<meta name=\"twitter:card\" content=\"summary_large_image\" \/>\n<meta name=\"twitter:label1\" content=\"Tiempo de lectura\" \/>\n\t<meta name=\"twitter:data1\" content=\"2 minutos\" \/>\n<script type=\"application\/ld+json\" class=\"yoast-schema-graph\">{\"@context\":\"https:\/\/schema.org\",\"@graph\":[{\"@type\":\"WebPage\",\"@id\":\"https:\/\/ttemsa.com\/industria\/index.php\/maquinas-de-extrusion-de-lineas-de-barrera\/\",\"url\":\"https:\/\/ttemsa.com\/industria\/index.php\/maquinas-de-extrusion-de-lineas-de-barrera\/\",\"name\":\"M\u00e1quinas de Extrusi\u00f3n de L\u00edneas de barrera - industria-de-la-conversion.ttemsa\",\"isPartOf\":{\"@id\":\"https:\/\/ttemsa.com\/industria\/#website\"},\"primaryImageOfPage\":{\"@id\":\"https:\/\/ttemsa.com\/industria\/index.php\/maquinas-de-extrusion-de-lineas-de-barrera\/#primaryimage\"},\"image\":{\"@id\":\"https:\/\/ttemsa.com\/industria\/index.php\/maquinas-de-extrusion-de-lineas-de-barrera\/#primaryimage\"},\"thumbnailUrl\":\"https:\/\/ttemsa.com\/industria\/wp-content\/uploads\/2025\/02\/maquinas-de-Lineas-de-barrera.png\",\"datePublished\":\"2025-02-19T18:41:56+00:00\",\"dateModified\":\"2025-03-03T16:53:56+00:00\",\"description\":\"Obtenga su\u00a0gama completa\u00a0en pel\u00edculas de una sola l\u00ednea,\",\"breadcrumb\":{\"@id\":\"https:\/\/ttemsa.com\/industria\/index.php\/maquinas-de-extrusion-de-lineas-de-barrera\/#breadcrumb\"},\"inLanguage\":\"es\",\"potentialAction\":[{\"@type\":\"ReadAction\",\"target\":[\"https:\/\/ttemsa.com\/industria\/index.php\/maquinas-de-extrusion-de-lineas-de-barrera\/\"]}]},{\"@type\":\"ImageObject\",\"inLanguage\":\"es\",\"@id\":\"https:\/\/ttemsa.com\/industria\/index.php\/maquinas-de-extrusion-de-lineas-de-barrera\/#primaryimage\",\"url\":\"https:\/\/ttemsa.com\/industria\/wp-content\/uploads\/2025\/02\/maquinas-de-Lineas-de-barrera.png\",\"contentUrl\":\"https:\/\/ttemsa.com\/industria\/wp-content\/uploads\/2025\/02\/maquinas-de-Lineas-de-barrera.png\",\"width\":2404,\"height\":954},{\"@type\":\"BreadcrumbList\",\"@id\":\"https:\/\/ttemsa.com\/industria\/index.php\/maquinas-de-extrusion-de-lineas-de-barrera\/#breadcrumb\",\"itemListElement\":[{\"@type\":\"ListItem\",\"position\":1,\"name\":\"Inicio\",\"item\":\"https:\/\/ttemsa.com\/industria\/\"},{\"@type\":\"ListItem\",\"position\":2,\"name\":\"M\u00e1quinas de Extrusi\u00f3n de L\u00edneas de barrera\"}]},{\"@type\":\"WebSite\",\"@id\":\"https:\/\/ttemsa.com\/industria\/#website\",\"url\":\"https:\/\/ttemsa.com\/industria\/\",\"name\":\"industria-de-la-conversion.ttemsa\",\"description\":\"Designed Dianalacazadora.com\",\"alternateName\":\"ttemsa l\u00edderes en la industria de la conversi\u00f3n\",\"potentialAction\":[{\"@type\":\"SearchAction\",\"target\":{\"@type\":\"EntryPoint\",\"urlTemplate\":\"https:\/\/ttemsa.com\/industria\/?s={search_term_string}\"},\"query-input\":{\"@type\":\"PropertyValueSpecification\",\"valueRequired\":true,\"valueName\":\"search_term_string\"}}],\"inLanguage\":\"es\"}]}<\/script>\n<!-- \/ Yoast SEO plugin. -->","yoast_head_json":{"title":"M\u00e1quinas de Extrusi\u00f3n de L\u00edneas de barrera - industria-de-la-conversion.ttemsa","description":"Obtenga su\u00a0gama completa\u00a0en pel\u00edculas de una sola l\u00ednea,","robots":{"index":"index","follow":"follow","max-snippet":"max-snippet:-1","max-image-preview":"max-image-preview:large","max-video-preview":"max-video-preview:-1"},"canonical":"https:\/\/ttemsa.com\/industria\/index.php\/maquinas-de-extrusion-de-lineas-de-barrera\/","og_locale":"es_MX","og_type":"article","og_title":"M\u00e1quinas de Extrisi\u00f3n de L\u00edneas de barrera","og_description":"Obtenga su\u00a0gama completa\u00a0en pel\u00edculas de una sola l\u00ednea,","og_url":"https:\/\/ttemsa.com\/industria\/index.php\/maquinas-de-extrusion-de-lineas-de-barrera\/","og_site_name":"industria-de-la-conversion.ttemsa","article_modified_time":"2025-03-03T16:53:56+00:00","og_image":[{"width":750,"height":500,"url":"https:\/\/ttemsa.com\/industria\/wp-content\/uploads\/2025\/02\/1Barrier-film-line.jpg","type":"image\/jpeg"}],"twitter_card":"summary_large_image","twitter_misc":{"Tiempo de lectura":"2 minutos"},"schema":{"@context":"https:\/\/schema.org","@graph":[{"@type":"WebPage","@id":"https:\/\/ttemsa.com\/industria\/index.php\/maquinas-de-extrusion-de-lineas-de-barrera\/","url":"https:\/\/ttemsa.com\/industria\/index.php\/maquinas-de-extrusion-de-lineas-de-barrera\/","name":"M\u00e1quinas de Extrusi\u00f3n de L\u00edneas de barrera - industria-de-la-conversion.ttemsa","isPartOf":{"@id":"https:\/\/ttemsa.com\/industria\/#website"},"primaryImageOfPage":{"@id":"https:\/\/ttemsa.com\/industria\/index.php\/maquinas-de-extrusion-de-lineas-de-barrera\/#primaryimage"},"image":{"@id":"https:\/\/ttemsa.com\/industria\/index.php\/maquinas-de-extrusion-de-lineas-de-barrera\/#primaryimage"},"thumbnailUrl":"https:\/\/ttemsa.com\/industria\/wp-content\/uploads\/2025\/02\/maquinas-de-Lineas-de-barrera.png","datePublished":"2025-02-19T18:41:56+00:00","dateModified":"2025-03-03T16:53:56+00:00","description":"Obtenga su\u00a0gama completa\u00a0en pel\u00edculas de una sola l\u00ednea,","breadcrumb":{"@id":"https:\/\/ttemsa.com\/industria\/index.php\/maquinas-de-extrusion-de-lineas-de-barrera\/#breadcrumb"},"inLanguage":"es","potentialAction":[{"@type":"ReadAction","target":["https:\/\/ttemsa.com\/industria\/index.php\/maquinas-de-extrusion-de-lineas-de-barrera\/"]}]},{"@type":"ImageObject","inLanguage":"es","@id":"https:\/\/ttemsa.com\/industria\/index.php\/maquinas-de-extrusion-de-lineas-de-barrera\/#primaryimage","url":"https:\/\/ttemsa.com\/industria\/wp-content\/uploads\/2025\/02\/maquinas-de-Lineas-de-barrera.png","contentUrl":"https:\/\/ttemsa.com\/industria\/wp-content\/uploads\/2025\/02\/maquinas-de-Lineas-de-barrera.png","width":2404,"height":954},{"@type":"BreadcrumbList","@id":"https:\/\/ttemsa.com\/industria\/index.php\/maquinas-de-extrusion-de-lineas-de-barrera\/#breadcrumb","itemListElement":[{"@type":"ListItem","position":1,"name":"Inicio","item":"https:\/\/ttemsa.com\/industria\/"},{"@type":"ListItem","position":2,"name":"M\u00e1quinas de Extrusi\u00f3n de L\u00edneas de barrera"}]},{"@type":"WebSite","@id":"https:\/\/ttemsa.com\/industria\/#website","url":"https:\/\/ttemsa.com\/industria\/","name":"industria-de-la-conversion.ttemsa","description":"Designed Dianalacazadora.com","alternateName":"ttemsa l\u00edderes en la industria de la conversi\u00f3n","potentialAction":[{"@type":"SearchAction","target":{"@type":"EntryPoint","urlTemplate":"https:\/\/ttemsa.com\/industria\/?s={search_term_string}"},"query-input":{"@type":"PropertyValueSpecification","valueRequired":true,"valueName":"search_term_string"}}],"inLanguage":"es"}]}},"_links":{"self":[{"href":"https:\/\/ttemsa.com\/industria\/index.php\/wp-json\/wp\/v2\/pages\/4029","targetHints":{"allow":["GET"]}}],"collection":[{"href":"https:\/\/ttemsa.com\/industria\/index.php\/wp-json\/wp\/v2\/pages"}],"about":[{"href":"https:\/\/ttemsa.com\/industria\/index.php\/wp-json\/wp\/v2\/types\/page"}],"author":[{"embeddable":true,"href":"https:\/\/ttemsa.com\/industria\/index.php\/wp-json\/wp\/v2\/users\/1"}],"replies":[{"embeddable":true,"href":"https:\/\/ttemsa.com\/industria\/index.php\/wp-json\/wp\/v2\/comments?post=4029"}],"version-history":[{"count":7,"href":"https:\/\/ttemsa.com\/industria\/index.php\/wp-json\/wp\/v2\/pages\/4029\/revisions"}],"predecessor-version":[{"id":4089,"href":"https:\/\/ttemsa.com\/industria\/index.php\/wp-json\/wp\/v2\/pages\/4029\/revisions\/4089"}],"wp:attachment":[{"href":"https:\/\/ttemsa.com\/industria\/index.php\/wp-json\/wp\/v2\/media?parent=4029"}],"wp:term":[{"taxonomy":"category","embeddable":true,"href":"https:\/\/ttemsa.com\/industria\/index.php\/wp-json\/wp\/v2\/categories?post=4029"},{"taxonomy":"post_tag","embeddable":true,"href":"https:\/\/ttemsa.com\/industria\/index.php\/wp-json\/wp\/v2\/tags?post=4029"}],"curies":[{"name":"wp","href":"https:\/\/api.w.org\/{rel}","templated":true}]}}